{"id":107,"date":"2026-02-04T16:51:02","date_gmt":"2026-02-04T15:51:02","guid":{"rendered":"https:\/\/web.umons.ac.be\/afon\/?page_id=107"},"modified":"2026-02-05T09:14:51","modified_gmt":"2026-02-05T08:14:51","slug":"autres-activites","status":"publish","type":"page","link":"https:\/\/web.umons.ac.be\/afon\/autres-activites\/","title":{"rendered":"Autres activit\u00e9s"},"content":{"rendered":"<p>Le Service d&rsquo;Analyse Fonctionnelle m\u00e8ne diff\u00e9rents types d&rsquo;activit\u00e9s \u00e0 destination du grand public \u00e0 travers plusieurs associations et manifestations mises en avant ci-dessous:<\/p>\n<ul>\n<li>La <a href=\"https:\/\/bms.ulb.ac.be\/\" target=\"_blank\" rel=\"noopener\">Soci\u00e9t\u00e9 math\u00e9matique de Belgique<\/a> (BMS) \u00a0a pour but de r\u00e9unir l&rsquo;ensemble des math\u00e9maticiens belges \u00e0 travers diff\u00e9rentes manifestations tels que\n<ul>\n<li>le \u00ab\u00a0Young Scholar Day\u00a0\u00bb dont le but est de donner l&rsquo;opportunit\u00e9 aux jeunes chercheurs en math\u00e9matique de Belgique de se rencontrer et de pr\u00e9senter leurs r\u00e9sultats.<\/li>\n<li>le symposium \u00ab\u00a0\u00a0\u00bbRecent breakthroughs in Mathematics\u00a0\u00bb mettant en avant les travaux des laur\u00e9ats du \u00ab\u00a0BMS Young Scholar Award\u00a0\u00bb et des laur\u00e9ats de la M\u00e9daille Fields et du Prix Abel.<\/li>\n<\/ul>\n<\/li>\n<li>L&rsquo;<a href=\"https:\/\/www.mathenjeans.be\/\" target=\"_blank\" rel=\"noopener\">Association MATh.en.JEANS Belgique<\/a> a pour but de faire d\u00e9couvrir aux \u00e9l\u00e8ves de l&rsquo;enseignement secondaire une facette d\u00e9complex\u00e9e et ludique du monde de la recherche en les faisant travailler durant une ann\u00e9e enti\u00e8re sur un probl\u00e8me math\u00e9matique cr\u00e9\u00e9 pour eux.<\/li>\n<li>Les <a href=\"https:\/\/mumons.be\/museum\/activites\/journees-math-sciences-edition-2026\/\" target=\"_blank\" rel=\"noopener\">Journ\u00e9es Maths-Sciences<\/a> qui se d\u00e9roulent chaque ann\u00e9e \u00e0 Mons dans le cadre du Printemps des Sciences offrent un cadre stimulant et propice aux d\u00e9couvertes scientifiques et math\u00e9matiques pour les \u00e9l\u00e8ves de 4\u00e8me, 5\u00e8me et 6\u00e8me secondaire \u00e0 travers des ateliers et des expos\u00e9s.<\/li>\n<li>Le <a href=\"https:\/\/mumons.be\/museum\/activites\/catalogue-des-exposes-scientifiques-intemporel\/\" target=\"_blank\" rel=\"noopener\">Catalogue des expos\u00e9s scientifiques<\/a> contient de nombreux choix d&rsquo;expos\u00e9s \u00e0 destination des \u00e9l\u00e8ves du secondaire dont plus d&rsquo;une vingtaine autour des math\u00e9matiques. N&rsquo;h\u00e9sitez donc pas \u00e0 demander qu&rsquo;un chercheur vienne rendre visite \u00e0 votre classe pour leur parler d&rsquo;un de ses sujets favoris. Le service d&rsquo;Analyse fonctionnelle vous propose notamment les deux expos\u00e9s suivants : <a style=\"font-size: 14px;\" href=\"https:\/\/mumons.be\/museum\/activites\/expose-n074-les-systemes-dynamiques-ou-lart-diterer\/\" target=\"_blank\" rel=\"noopener\">Les syst\u00e8mes dynamiques ou l&rsquo;art d&rsquo;it\u00e9rer<\/a><span style=\"font-size: 14px;\">\u00a0 et\u00a0 \u00a0 <\/span><a style=\"font-size: 14px;\" href=\"https:\/\/mumons.be\/museum\/activites\/expose-n065-les-fractales-un-monde-de-surprises\/\" target=\"_blank\" rel=\"noopener\">Les fractales, un monde de surprises<\/a>.<\/li>\n<li><span style=\"font-size: 14px;\"><span style=\"font-size: 14px;\">L&rsquo;<a href=\"https:\/\/mumons.be\/museum\/activites\/universite-des-enfants-mons\/\" target=\"_blank\" rel=\"noopener\">Universit\u00e9 des enfants.\u00e0 Mons<\/a> propose des ateliers scientifques pour les 6-12 ans et vous y trouverez notamment \u00e0 un moment donn\u00e9 dans l&rsquo;ann\u00e9e un atelier intitul\u00e9 \u00ab\u00a0Y a-t-il\u00a0<span class=\"markv4yi4rtiw\" data-markjs=\"true\" data-ogac=\"\" data-ogab=\"\" data-ogsc=\"\" data-ogsb=\"\">un<\/span>\u00a0<span class=\"markhl7skrpmd\" data-markjs=\"true\" data-ogac=\"\" data-ogab=\"\" data-ogsc=\"\" data-ogsb=\"\">nombre<\/span>\u00a0<span class=\"mark1mekhbi2w\" data-markjs=\"true\" data-ogac=\"\" data-ogab=\"\" data-ogsc=\"\" data-ogsb=\"\">meilleur<\/span>\u00a0<span class=\"markz91sw1vjx\" data-markjs=\"true\" data-ogac=\"\" data-ogab=\"\" data-ogsc=\"\" data-ogsb=\"\">que<\/span>\u00a0<span class=\"markfos4jbazf\" data-markjs=\"true\" data-ogac=\"\" data-ogab=\"\" data-ogsc=\"\" data-ogsb=\"\">les<\/span>\u00a0<span class=\"markonlv7nf5v\" data-markjs=\"true\" data-ogac=\"\" data-ogab=\"\" data-ogsc=\"\" data-ogsb=\"\">autres<\/span> ?\u00a0\u00bb (anim\u00e9 avec Gwendolyn Lacroix, adjointe p\u00e9dagogique du Service de la Cellule de p\u00e9dagogie Facultaire des Sciences).<\/span><\/span><\/li>\n<\/ul>\n","protected":false},"excerpt":{"rendered":"<p>Le Service d&rsquo;Analyse Fonctionnelle m\u00e8ne diff\u00e9rents types d&rsquo;activit\u00e9s \u00e0 destination du grand public \u00e0 travers plusieurs associations et manifestations mises en avant ci-dessous: La Soci\u00e9t\u00e9 math\u00e9matique de Belgique (BMS) \u00a0a pour but de r\u00e9unir l&rsquo;ensemble des math\u00e9maticiens belges \u00e0 travers diff\u00e9rentes manifestations tels que le \u00ab\u00a0Young Scholar Day\u00a0\u00bb dont le but est de donner l&rsquo;opportunit\u00e9 [&hellip;]<\/p>\n","protected":false},"author":318,"featured_media":0,"parent":0,"menu_order":0,"comment_status":"closed","ping_status":"closed","template":"","meta":{"footnotes":""},"class_list":["post-107","page","type-page","status-publish","hentry"],"yoast_head":"<!-- This site is optimized with the Yoast SEO plugin v27.2 - https:\/\/yoast.com\/product\/yoast-seo-wordpress\/ -->\n<title>Autres activit\u00e9s - Service \/ FS - Analyse fonctionnelle<\/title>\n<meta name=\"robots\" content=\"index, follow, max-snippet:-1, max-image-preview:large, max-video-preview:-1\" \/>\n<link rel=\"canonical\" href=\"https:\/\/web.umons.ac.be\/afon\/autres-activites\/\" \/>\n<meta property=\"og:locale\" content=\"fr_FR\" \/>\n<meta property=\"og:type\" content=\"article\" \/>\n<meta property=\"og:title\" content=\"Autres activit\u00e9s - Service \/ FS - Analyse fonctionnelle\" \/>\n<meta property=\"og:description\" content=\"Le Service d&rsquo;Analyse Fonctionnelle m\u00e8ne diff\u00e9rents types d&rsquo;activit\u00e9s \u00e0 destination du grand public \u00e0 travers plusieurs associations et manifestations mises en avant ci-dessous: La Soci\u00e9t\u00e9 math\u00e9matique de Belgique (BMS) \u00a0a pour but de r\u00e9unir l&rsquo;ensemble des math\u00e9maticiens belges \u00e0 travers diff\u00e9rentes manifestations tels que le \u00ab\u00a0Young Scholar Day\u00a0\u00bb dont le but est de donner l&rsquo;opportunit\u00e9 [&hellip;]\" \/>\n<meta property=\"og:url\" content=\"https:\/\/web.umons.ac.be\/afon\/autres-activites\/\" \/>\n<meta property=\"og:site_name\" content=\"Service \/ FS - Analyse fonctionnelle\" \/>\n<meta property=\"article:modified_time\" content=\"2026-02-05T08:14:51+00:00\" \/>\n<meta name=\"twitter:card\" content=\"summary_large_image\" \/>\n<meta name=\"twitter:label1\" content=\"Dur\u00e9e de lecture estim\u00e9e\" \/>\n\t<meta name=\"twitter:data1\" content=\"2 minutes\" \/>\n<script type=\"application\/ld+json\" class=\"yoast-schema-graph\">{\"@context\":\"https:\/\/schema.org\",\"@graph\":[{\"@type\":\"WebPage\",\"@id\":\"https:\/\/web.umons.ac.be\/afon\/autres-activites\/\",\"url\":\"https:\/\/web.umons.ac.be\/afon\/autres-activites\/\",\"name\":\"Autres activit\u00e9s - Service \/ FS - Analyse fonctionnelle\",\"isPartOf\":{\"@id\":\"https:\/\/web.umons.ac.be\/afon\/#website\"},\"datePublished\":\"2026-02-04T15:51:02+00:00\",\"dateModified\":\"2026-02-05T08:14:51+00:00\",\"breadcrumb\":{\"@id\":\"https:\/\/web.umons.ac.be\/afon\/autres-activites\/#breadcrumb\"},\"inLanguage\":\"fr-FR\",\"potentialAction\":[{\"@type\":\"ReadAction\",\"target\":[\"https:\/\/web.umons.ac.be\/afon\/autres-activites\/\"]}]},{\"@type\":\"BreadcrumbList\",\"@id\":\"https:\/\/web.umons.ac.be\/afon\/autres-activites\/#breadcrumb\",\"itemListElement\":[{\"@type\":\"ListItem\",\"position\":1,\"name\":\"Home\",\"item\":\"https:\/\/web.umons.ac.be\/afon\/\"},{\"@type\":\"ListItem\",\"position\":2,\"name\":\"Autres activit\u00e9s\"}]},{\"@type\":\"WebSite\",\"@id\":\"https:\/\/web.umons.ac.be\/afon\/#website\",\"url\":\"https:\/\/web.umons.ac.be\/afon\/\",\"name\":\"Service \/ FS - Analyse fonctionnelle\",\"description\":\"\",\"potentialAction\":[{\"@type\":\"SearchAction\",\"target\":{\"@type\":\"EntryPoint\",\"urlTemplate\":\"https:\/\/web.umons.ac.be\/afon\/?s={search_term_string}\"},\"query-input\":{\"@type\":\"PropertyValueSpecification\",\"valueRequired\":true,\"valueName\":\"search_term_string\"}}],\"inLanguage\":\"fr-FR\"}]}<\/script>\n<!-- \/ Yoast SEO plugin. -->","yoast_head_json":{"title":"Autres activit\u00e9s - Service \/ FS - Analyse fonctionnelle","robots":{"index":"index","follow":"follow","max-snippet":"max-snippet:-1","max-image-preview":"max-image-preview:large","max-video-preview":"max-video-preview:-1"},"canonical":"https:\/\/web.umons.ac.be\/afon\/autres-activites\/","og_locale":"fr_FR","og_type":"article","og_title":"Autres activit\u00e9s - Service \/ FS - Analyse fonctionnelle","og_description":"Le Service d&rsquo;Analyse Fonctionnelle m\u00e8ne diff\u00e9rents types d&rsquo;activit\u00e9s \u00e0 destination du grand public \u00e0 travers plusieurs associations et manifestations mises en avant ci-dessous: La Soci\u00e9t\u00e9 math\u00e9matique de Belgique (BMS) \u00a0a pour but de r\u00e9unir l&rsquo;ensemble des math\u00e9maticiens belges \u00e0 travers diff\u00e9rentes manifestations tels que le \u00ab\u00a0Young Scholar Day\u00a0\u00bb dont le but est de donner l&rsquo;opportunit\u00e9 [&hellip;]","og_url":"https:\/\/web.umons.ac.be\/afon\/autres-activites\/","og_site_name":"Service \/ FS - Analyse fonctionnelle","article_modified_time":"2026-02-05T08:14:51+00:00","twitter_card":"summary_large_image","twitter_misc":{"Dur\u00e9e de lecture estim\u00e9e":"2 minutes"},"schema":{"@context":"https:\/\/schema.org","@graph":[{"@type":"WebPage","@id":"https:\/\/web.umons.ac.be\/afon\/autres-activites\/","url":"https:\/\/web.umons.ac.be\/afon\/autres-activites\/","name":"Autres activit\u00e9s - Service \/ FS - Analyse fonctionnelle","isPartOf":{"@id":"https:\/\/web.umons.ac.be\/afon\/#website"},"datePublished":"2026-02-04T15:51:02+00:00","dateModified":"2026-02-05T08:14:51+00:00","breadcrumb":{"@id":"https:\/\/web.umons.ac.be\/afon\/autres-activites\/#breadcrumb"},"inLanguage":"fr-FR","potentialAction":[{"@type":"ReadAction","target":["https:\/\/web.umons.ac.be\/afon\/autres-activites\/"]}]},{"@type":"BreadcrumbList","@id":"https:\/\/web.umons.ac.be\/afon\/autres-activites\/#breadcrumb","itemListElement":[{"@type":"ListItem","position":1,"name":"Home","item":"https:\/\/web.umons.ac.be\/afon\/"},{"@type":"ListItem","position":2,"name":"Autres activit\u00e9s"}]},{"@type":"WebSite","@id":"https:\/\/web.umons.ac.be\/afon\/#website","url":"https:\/\/web.umons.ac.be\/afon\/","name":"Service \/ FS - Analyse fonctionnelle","description":"","potentialAction":[{"@type":"SearchAction","target":{"@type":"EntryPoint","urlTemplate":"https:\/\/web.umons.ac.be\/afon\/?s={search_term_string}"},"query-input":{"@type":"PropertyValueSpecification","valueRequired":true,"valueName":"search_term_string"}}],"inLanguage":"fr-FR"}]}},"lang":"fr","translations":{"fr":107},"pll_sync_post":[],"_links":{"self":[{"href":"https:\/\/web.umons.ac.be\/afon\/wp-json\/wp\/v2\/pages\/107","targetHints":{"allow":["GET"]}}],"collection":[{"href":"https:\/\/web.umons.ac.be\/afon\/wp-json\/wp\/v2\/pages"}],"about":[{"href":"https:\/\/web.umons.ac.be\/afon\/wp-json\/wp\/v2\/types\/page"}],"author":[{"embeddable":true,"href":"https:\/\/web.umons.ac.be\/afon\/wp-json\/wp\/v2\/users\/318"}],"replies":[{"embeddable":true,"href":"https:\/\/web.umons.ac.be\/afon\/wp-json\/wp\/v2\/comments?post=107"}],"version-history":[{"count":3,"href":"https:\/\/web.umons.ac.be\/afon\/wp-json\/wp\/v2\/pages\/107\/revisions"}],"predecessor-version":[{"id":120,"href":"https:\/\/web.umons.ac.be\/afon\/wp-json\/wp\/v2\/pages\/107\/revisions\/120"}],"wp:attachment":[{"href":"https:\/\/web.umons.ac.be\/afon\/wp-json\/wp\/v2\/media?parent=107"}],"curies":[{"name":"wp","href":"https:\/\/api.w.org\/{rel}","templated":true}]}}