{"id":48,"date":"2020-06-04T16:01:59","date_gmt":"2020-06-04T14:01:59","guid":{"rendered":"https:\/\/web.umons.ac.be\/bibliotheques\/?page_id=48"},"modified":"2023-05-25T10:47:04","modified_gmt":"2023-05-25T08:47:04","slug":"photocopies-impression-scan","status":"publish","type":"page","link":"https:\/\/web.umons.ac.be\/bibliotheques\/photocopies-impression-scan\/","title":{"rendered":"Photocopies \/ Impressions \/ Scans"},"content":{"rendered":"<h2>Disponible dans chaque biblioth\u00e8que<\/h2>\n<ul>\n<li>Biblioth\u00e8que du Parc : salle de photocopie au 1er \u00e9tage<\/li>\n<li>Biblioth\u00e8que de la Polytech : salle de collections<\/li>\n<li>Biblioth\u00e8que de la FA+U : face \u00e0 la porte d&rsquo;entr\u00e9e<\/li>\n<li>Biblioth\u00e8que Centrale : salle de lecture<\/li>\n<\/ul>\n<h2>Tarifs<\/h2>\n<h6>Photocopies &amp; impressions<\/h6>\n<table style=\"border-collapse: collapse; width: 49.1655%;\">\n<tbody>\n<tr>\n<td style=\"width: 23.0729%;\"><\/td>\n<td style=\"width: 37.7809%; text-align: center;\">A4<\/td>\n<td style=\"width: 41.276%; text-align: center;\">A3<\/td>\n<\/tr>\n<tr>\n<td style=\"width: 23.0729%;\">N\/B<\/td>\n<td style=\"width: 37.7809%; text-align: center;\">0.05\u20ac<\/td>\n<td style=\"width: 41.276%; text-align: center;\">0.10\u20ac<\/td>\n<\/tr>\n<tr>\n<td style=\"width: 23.0729%;\">couleur<\/td>\n<td style=\"width: 37.7809%; text-align: center;\">0.15\u20ac<\/td>\n<td style=\"width: 41.276%; text-align: center;\">0.30\u20ac<\/td>\n<\/tr>\n<\/tbody>\n<\/table>\n<h6>Scans<\/h6>\n<p>Gratuit, envoi sur une adresse e-mail<\/p>\n<h2>Moyen de paiement<\/h2>\n<h6>Etudiants UMONS<\/h6>\n<p>Uniquement via Payconiq<\/p>\n<ul>\n<li>Recharge de <strong>minimum 5\u20ac<\/strong><\/li>\n<li><strong>Aucun remboursement du solde<\/strong> de votre compte n&rsquo;est possible<\/li>\n<li>Chargement du compte via PC connect\u00e9 au <strong>r\u00e9seau UMONS<\/strong><\/li>\n<li>\u200b\u200b\u200b\u200b\u200b\u200b\u200bVos identifiants : <strong>matricule &amp; mot de passe UMONS<\/strong><\/li>\n<\/ul>\n<p style=\"padding-left: 40px;\"><a href=\"https:\/\/alumniumonsac.sharepoint.com\/sites\/intranetv2_student\/SitePages\/Copieurs-pour-les-\u00e9tudiants.aspx\">Plus d&rsquo;informations sur l&rsquo;intranet pour recharger votre compte<\/a><\/p>\n<h6>Autres utilisateurs<\/h6>\n<p>Veuillez vous adresser au comptoir d\u2019accueil de la Biblioth\u00e8que<\/p>\n","protected":false},"excerpt":{"rendered":"<p>Disponible dans chaque biblioth\u00e8que Biblioth\u00e8que du Parc : salle de photocopie au 1er \u00e9tage Biblioth\u00e8que de la Polytech : salle de collections Biblioth\u00e8que de la FA+U : face \u00e0 la porte d&rsquo;entr\u00e9e Biblioth\u00e8que Centrale : salle de lecture Tarifs Photocopies &amp; impressions A4 A3 N\/B 0.05\u20ac 0.10\u20ac couleur 0.15\u20ac 0.30\u20ac Scans Gratuit, envoi sur une [&hellip;]<\/p>\n","protected":false},"author":2,"featured_media":0,"parent":0,"menu_order":0,"comment_status":"closed","ping_status":"closed","template":"","meta":{"footnotes":""},"class_list":["post-48","page","type-page","status-publish","hentry"],"yoast_head":"<!-- This site is optimized with the Yoast SEO plugin v27.2 - https:\/\/yoast.com\/product\/yoast-seo-wordpress\/ -->\n<title>Photocopies \/ Impressions \/ Scans - Biblioth\u00e8ques de l&#039;UMONS<\/title>\n<meta name=\"robots\" content=\"index, follow, max-snippet:-1, max-image-preview:large, max-video-preview:-1\" \/>\n<link rel=\"canonical\" href=\"https:\/\/web.umons.ac.be\/bibliotheques\/photocopies-impression-scan\/\" \/>\n<meta property=\"og:locale\" content=\"fr_FR\" \/>\n<meta property=\"og:type\" content=\"article\" \/>\n<meta property=\"og:title\" content=\"Photocopies \/ Impressions \/ Scans - Biblioth\u00e8ques de l&#039;UMONS\" \/>\n<meta property=\"og:description\" content=\"Disponible dans chaque biblioth\u00e8que Biblioth\u00e8que du Parc : salle de photocopie au 1er \u00e9tage Biblioth\u00e8que de la Polytech : salle de collections Biblioth\u00e8que de la FA+U : face \u00e0 la porte d&rsquo;entr\u00e9e Biblioth\u00e8que Centrale : salle de lecture Tarifs Photocopies &amp; impressions A4 A3 N\/B 0.05\u20ac 0.10\u20ac couleur 0.15\u20ac 0.30\u20ac Scans Gratuit, envoi sur une [&hellip;]\" \/>\n<meta property=\"og:url\" content=\"https:\/\/web.umons.ac.be\/bibliotheques\/photocopies-impression-scan\/\" \/>\n<meta property=\"og:site_name\" content=\"Biblioth\u00e8ques de l&#039;UMONS\" \/>\n<meta property=\"article:modified_time\" content=\"2023-05-25T08:47:04+00:00\" \/>\n<meta name=\"twitter:card\" content=\"summary_large_image\" \/>\n<meta name=\"twitter:label1\" content=\"Dur\u00e9e de lecture estim\u00e9e\" \/>\n\t<meta name=\"twitter:data1\" content=\"1 minute\" \/>\n<script type=\"application\/ld+json\" class=\"yoast-schema-graph\">{\"@context\":\"https:\/\/schema.org\",\"@graph\":[{\"@type\":\"WebPage\",\"@id\":\"https:\/\/web.umons.ac.be\/bibliotheques\/photocopies-impression-scan\/\",\"url\":\"https:\/\/web.umons.ac.be\/bibliotheques\/photocopies-impression-scan\/\",\"name\":\"Photocopies \/ Impressions \/ Scans - Biblioth\u00e8ques de l&#039;UMONS\",\"isPartOf\":{\"@id\":\"https:\/\/web.umons.ac.be\/bibliotheques\/#website\"},\"datePublished\":\"2020-06-04T14:01:59+00:00\",\"dateModified\":\"2023-05-25T08:47:04+00:00\",\"breadcrumb\":{\"@id\":\"https:\/\/web.umons.ac.be\/bibliotheques\/photocopies-impression-scan\/#breadcrumb\"},\"inLanguage\":\"fr-FR\",\"potentialAction\":[{\"@type\":\"ReadAction\",\"target\":[\"https:\/\/web.umons.ac.be\/bibliotheques\/photocopies-impression-scan\/\"]}]},{\"@type\":\"BreadcrumbList\",\"@id\":\"https:\/\/web.umons.ac.be\/bibliotheques\/photocopies-impression-scan\/#breadcrumb\",\"itemListElement\":[{\"@type\":\"ListItem\",\"position\":1,\"name\":\"Home\",\"item\":\"https:\/\/web.umons.ac.be\/bibliotheques\/\"},{\"@type\":\"ListItem\",\"position\":2,\"name\":\"Photocopies \/ Impressions \/ Scans\"}]},{\"@type\":\"WebSite\",\"@id\":\"https:\/\/web.umons.ac.be\/bibliotheques\/#website\",\"url\":\"https:\/\/web.umons.ac.be\/bibliotheques\/\",\"name\":\"Biblioth\u00e8ques de l&#039;UMONS\",\"description\":\"Un site utilisant Universit\u00e9 de Mons \u2013 UMONS\",\"potentialAction\":[{\"@type\":\"SearchAction\",\"target\":{\"@type\":\"EntryPoint\",\"urlTemplate\":\"https:\/\/web.umons.ac.be\/bibliotheques\/?s={search_term_string}\"},\"query-input\":{\"@type\":\"PropertyValueSpecification\",\"valueRequired\":true,\"valueName\":\"search_term_string\"}}],\"inLanguage\":\"fr-FR\"}]}<\/script>\n<!-- \/ Yoast SEO plugin. -->","yoast_head_json":{"title":"Photocopies \/ Impressions \/ Scans - Biblioth\u00e8ques de l&#039;UMONS","robots":{"index":"index","follow":"follow","max-snippet":"max-snippet:-1","max-image-preview":"max-image-preview:large","max-video-preview":"max-video-preview:-1"},"canonical":"https:\/\/web.umons.ac.be\/bibliotheques\/photocopies-impression-scan\/","og_locale":"fr_FR","og_type":"article","og_title":"Photocopies \/ Impressions \/ Scans - Biblioth\u00e8ques de l&#039;UMONS","og_description":"Disponible dans chaque biblioth\u00e8que Biblioth\u00e8que du Parc : salle de photocopie au 1er \u00e9tage Biblioth\u00e8que de la Polytech : salle de collections Biblioth\u00e8que de la FA+U : face \u00e0 la porte d&rsquo;entr\u00e9e Biblioth\u00e8que Centrale : salle de lecture Tarifs Photocopies &amp; impressions A4 A3 N\/B 0.05\u20ac 0.10\u20ac couleur 0.15\u20ac 0.30\u20ac Scans Gratuit, envoi sur une [&hellip;]","og_url":"https:\/\/web.umons.ac.be\/bibliotheques\/photocopies-impression-scan\/","og_site_name":"Biblioth\u00e8ques de l&#039;UMONS","article_modified_time":"2023-05-25T08:47:04+00:00","twitter_card":"summary_large_image","twitter_misc":{"Dur\u00e9e de lecture estim\u00e9e":"1 minute"},"schema":{"@context":"https:\/\/schema.org","@graph":[{"@type":"WebPage","@id":"https:\/\/web.umons.ac.be\/bibliotheques\/photocopies-impression-scan\/","url":"https:\/\/web.umons.ac.be\/bibliotheques\/photocopies-impression-scan\/","name":"Photocopies \/ Impressions \/ Scans - Biblioth\u00e8ques de l&#039;UMONS","isPartOf":{"@id":"https:\/\/web.umons.ac.be\/bibliotheques\/#website"},"datePublished":"2020-06-04T14:01:59+00:00","dateModified":"2023-05-25T08:47:04+00:00","breadcrumb":{"@id":"https:\/\/web.umons.ac.be\/bibliotheques\/photocopies-impression-scan\/#breadcrumb"},"inLanguage":"fr-FR","potentialAction":[{"@type":"ReadAction","target":["https:\/\/web.umons.ac.be\/bibliotheques\/photocopies-impression-scan\/"]}]},{"@type":"BreadcrumbList","@id":"https:\/\/web.umons.ac.be\/bibliotheques\/photocopies-impression-scan\/#breadcrumb","itemListElement":[{"@type":"ListItem","position":1,"name":"Home","item":"https:\/\/web.umons.ac.be\/bibliotheques\/"},{"@type":"ListItem","position":2,"name":"Photocopies \/ Impressions \/ Scans"}]},{"@type":"WebSite","@id":"https:\/\/web.umons.ac.be\/bibliotheques\/#website","url":"https:\/\/web.umons.ac.be\/bibliotheques\/","name":"Biblioth\u00e8ques de l&#039;UMONS","description":"Un site utilisant Universit\u00e9 de Mons \u2013 UMONS","potentialAction":[{"@type":"SearchAction","target":{"@type":"EntryPoint","urlTemplate":"https:\/\/web.umons.ac.be\/bibliotheques\/?s={search_term_string}"},"query-input":{"@type":"PropertyValueSpecification","valueRequired":true,"valueName":"search_term_string"}}],"inLanguage":"fr-FR"}]}},"lang":"fr","translations":{"fr":48},"pll_sync_post":[],"_links":{"self":[{"href":"https:\/\/web.umons.ac.be\/bibliotheques\/wp-json\/wp\/v2\/pages\/48","targetHints":{"allow":["GET"]}}],"collection":[{"href":"https:\/\/web.umons.ac.be\/bibliotheques\/wp-json\/wp\/v2\/pages"}],"about":[{"href":"https:\/\/web.umons.ac.be\/bibliotheques\/wp-json\/wp\/v2\/types\/page"}],"author":[{"embeddable":true,"href":"https:\/\/web.umons.ac.be\/bibliotheques\/wp-json\/wp\/v2\/users\/2"}],"replies":[{"embeddable":true,"href":"https:\/\/web.umons.ac.be\/bibliotheques\/wp-json\/wp\/v2\/comments?post=48"}],"version-history":[{"count":3,"href":"https:\/\/web.umons.ac.be\/bibliotheques\/wp-json\/wp\/v2\/pages\/48\/revisions"}],"predecessor-version":[{"id":604,"href":"https:\/\/web.umons.ac.be\/bibliotheques\/wp-json\/wp\/v2\/pages\/48\/revisions\/604"}],"wp:attachment":[{"href":"https:\/\/web.umons.ac.be\/bibliotheques\/wp-json\/wp\/v2\/media?parent=48"}],"curies":[{"name":"wp","href":"https:\/\/api.w.org\/{rel}","templated":true}]}}