{"id":63,"date":"2020-06-15T12:28:50","date_gmt":"2020-06-15T10:28:50","guid":{"rendered":"https:\/\/web.umons.ac.be\/bibliotheques\/?page_id=63"},"modified":"2026-02-05T15:25:31","modified_gmt":"2026-02-05T14:25:31","slug":"aide-a-la-recherche-documentaire-et-formations","status":"publish","type":"page","link":"https:\/\/web.umons.ac.be\/bibliotheques\/aide-a-la-recherche-documentaire-et-formations\/","title":{"rendered":"Aide \u00e0 la recherche documentaire et formations"},"content":{"rendered":"<p>D\u00e9couvrez notre service d&rsquo;aide \u00e0 la recherche documentaire et formations, con\u00e7u sp\u00e9cialement pour vous accompagner dans vos travaux universitaires. Que vous soyez \u00e9tudiant, enseignant ou chercheur, notre \u00e9quipe de biblioth\u00e9caires est l\u00e0 pour vous aider \u00e0 trouver les ressources dont vous avez besoin.<\/p>\n<p style=\"margin-top: 0px; font-style: normal;\"><span style=\"font-style: normal; font-family: 'Helvetica Neue', Helvetica, Arial, sans-serif; font-size: 14px; color: #5f686b;\">Le Service des Biblioth\u00e8ques propose des s\u00e9ances de formation \u00e0 l&rsquo;attention la communaut\u00e9 universitaire.<br \/>\n<\/span><\/p>\n<p>Tout au long de l\u2019ann\u00e9e, des formations sont propos\u00e9es \u00e0 la <strong>communaut\u00e9 UMONS<\/strong>. <a href=\"https:\/\/alumniumonsac.sharepoint.com\/sites\/Bibliotheques\" target=\"_blank\" rel=\"noopener\">Consultez l\u2019intranet pour les d\u00e9couvrir et vous inscrire<\/a>\u00a0<span style=\"font-family: 'Helvetica Neue', Helvetica, Arial, sans-serif; font-size: 14px; font-style: normal; font-variant-ligatures: normal; font-variant-caps: normal; font-weight: 400;\">(identifiant UMONS requis)<\/span><span style=\"font-size: 14px;\">!\u00a0<\/span><\/p>\n<start-cask-shortcode-wrapper>    <div class=\"accordion content-block scheme-libraries\">\n                <div class=\"accordion-inner\">\n            <div class=\"accordion-bellow\">\n                <button class=\"accordion-bellow-toggle scheme-background-hover\" data-target=\"#accordion-content-6984a84c66888\">\n                    <span class=\"icon umons-icon-chevron-down\" aria-hidden=\"true\"><\/span> Comptoirs d'accueil et d'information                <\/button>\n            <\/div>\n            <div id=\"accordion-content-6984a84c66888\" class=\"accordion-content\">\n            \t<div class=\"inner editor-front\">\n            \t\t<h5>Comptoirs d\u2019accueil des Biblioth\u00e8ques<\/h5>\n<p>Les comptoirs d\u2019accueil des biblioth\u00e8ques de l\u2019UMONS constituent le point d\u2019acc\u00e8s privil\u00e9gi\u00e9 pour toute demande d\u2019information et d\u2019orientation. Les \u00e9quipes accompagnent les usagers dans l\u2019utilisation des services documentaires et des ressources disponibles.<\/p>\n<h6>Acc\u00e8s aux collections et aux ressources<\/h6>\n<p>\u2022 Aide \u00e0 l\u2019utilisation du catalogue pour trouver ouvrages, articles et documents.<br \/>\n\u2022 Orientation vers les collections physiques et num\u00e9riques.<br \/>\n\u2022 Pr\u00e9sentation des outils facilitant la recherche, comme <a href=\"https:\/\/thirdiron.com\/downloadnomad\/\">LibKey<\/a>.<\/p>\n<h6>Services pratiques<\/h6>\n<p>\u2022 Informations sur les photocopies, impressions, scans.<br \/>\n\u2022 Acc\u00e8s au Wi\u2011Fi, aux ordinateurs et aux diff\u00e9rents espaces de travail.<\/p>\n<h6>Informations pratiques<\/h6>\n<p>\u2022 Renseignements sur les horaires d\u2019ouverture des implantations.<br \/>\n\u2022 Informations sur les services sp\u00e9cifiques, comme la Testoth\u00e8que de la FPSE.<\/p>\n<h6>Un accompagnement personnalis\u00e9<\/h6>\n<p>Les comptoirs offrent un soutien adapt\u00e9 aux besoins de chacun, facilitant l\u2019acc\u00e8s \u00e0 l\u2019information, aux ressources et aux services propos\u00e9s par les biblioth\u00e8ques de l\u2019UMONS.<\/p>\n            \t<\/div>\n            <\/div>\n        <\/div>\n                <div class=\"accordion-inner\">\n            <div class=\"accordion-bellow\">\n                <button class=\"accordion-bellow-toggle scheme-background-hover\" data-target=\"#accordion-content-6984a84c6a72b\">\n                    <span class=\"icon umons-icon-chevron-down\" aria-hidden=\"true\"><\/span> Tutoriel d'utilisation du Catalogue des Biblioth\u00e8ques                <\/button>\n            <\/div>\n            <div id=\"accordion-content-6984a84c6a72b\" class=\"accordion-content\">\n            \t<div class=\"inner editor-front\">\n            \t\t<div style=\"width: 100%;\">\n<div style=\"position: relative; padding-bottom: 56.25%; padding-top: 0; height: 0;\"><iframe loading=\"lazy\" style=\"position: absolute; top: 0; left: 0; width: 100%; height: 100%;\" title=\"Catalogue EDS\" src=\"https:\/\/view.genial.ly\/63ea117a194983001866d1a6\" width=\"1200px\" height=\"675px\" frameborder=\"0\" scrolling=\"yes\" allowfullscreen=\"allowfullscreen\"><\/iframe><\/div>\n<\/div>\n<p>&nbsp;<\/p>\n            \t<\/div>\n            <\/div>\n        <\/div>\n                <div class=\"accordion-inner\">\n            <div class=\"accordion-bellow\">\n                <button class=\"accordion-bellow-toggle scheme-background-hover\" data-target=\"#accordion-content-6984a84c6aa24\">\n                    <span class=\"icon umons-icon-chevron-down\" aria-hidden=\"true\"><\/span> D\u00e9couvrez quelles formations sont faites pour vous !                <\/button>\n            <\/div>\n            <div id=\"accordion-content-6984a84c6aa24\" class=\"accordion-content\">\n            \t<div class=\"inner editor-front\">\n            \t\t<p>Recherchez dans le Megacatalogue de l&rsquo;UMONS les diff\u00e9rentes formations actuellement disponibles :<\/p>\n<ul>\n<li>Midis Doc : formations de 30 minutes pour booster vos recherches documentaires<\/li>\n<li>Formations documentaires int\u00e9gr\u00e9es dans les cours<\/li>\n<li>Visite de la Biblioth\u00e8que du Parc<\/li>\n<li>Escape Game : d\u00e9couvrir les biblioth\u00e8ques de l\u2019UMONS, leurs ressources et services tout en s\u2019amusant<\/li>\n<\/ul>\n<p><iframe loading=\"lazy\" src=\"https:\/\/web.umons.ac.be\/fr\/megacatalogue\/?catalog[]=bibliotheque&amp;from-date=&amp;to-date=&amp;search-studies=1\" width=\"860\" height=\"600\"><\/iframe><\/p>\n            \t<\/div>\n            <\/div>\n        <\/div>\n                <div class=\"accordion-inner\">\n            <div class=\"accordion-bellow\">\n                <button class=\"accordion-bellow-toggle scheme-background-hover\" data-target=\"#accordion-content-6984a84c6ac7f\">\n                    <span class=\"icon umons-icon-chevron-down\" aria-hidden=\"true\"><\/span> Contact                <\/button>\n            <\/div>\n            <div id=\"accordion-content-6984a84c6ac7f\" class=\"accordion-content\">\n            \t<div class=\"inner editor-front\">\n            \t\t<p>Besoin d\u2019informations compl\u00e9mentaires pour organiser une formation documentaire dans le cadre de vos cours ?<br \/>\nLe Service des Biblioth\u00e8ques et de l\u2019Information Scientifique se tient \u00e0 votre disposition pour vous accompagner dans la pr\u00e9paration de s\u00e9ances adapt\u00e9es \u00e0 vos \u00e9tudiants.<br \/>\nPour toute question, demande d\u2019information ou pour planifier une formation, contactez-nous \u00e0 l\u2019adresse suivante :\u00a0<a href=\"mailto:formations.documentaires@umons.ac.be\">formations.documentaires@umons.ac.be<\/a><\/p>\n            \t<\/div>\n            <\/div>\n        <\/div>\n            <\/div>\n<end-cask-shortcode-wrapper>\n<h5><\/h5>\n","protected":false},"excerpt":{"rendered":"<p>D\u00e9couvrez notre service d&rsquo;aide \u00e0 la recherche documentaire et formations, con\u00e7u sp\u00e9cialement pour vous accompagner dans vos travaux universitaires. Que vous soyez \u00e9tudiant, enseignant ou chercheur, notre \u00e9quipe de biblioth\u00e9caires est l\u00e0 pour vous aider \u00e0 trouver les ressources dont vous avez besoin. Le Service des Biblioth\u00e8ques propose des s\u00e9ances de formation \u00e0 l&rsquo;attention la [&hellip;]<\/p>\n","protected":false},"author":2,"featured_media":0,"parent":0,"menu_order":0,"comment_status":"closed","ping_status":"closed","template":"","meta":{"footnotes":""},"class_list":["post-63","page","type-page","status-publish","hentry"],"yoast_head":"<!-- This site is optimized with the Yoast SEO plugin v27.2 - https:\/\/yoast.com\/product\/yoast-seo-wordpress\/ -->\n<title>Aide \u00e0 la recherche documentaire et formations - Biblioth\u00e8ques de l&#039;UMONS<\/title>\n<meta name=\"robots\" content=\"index, follow, max-snippet:-1, max-image-preview:large, max-video-preview:-1\" \/>\n<link rel=\"canonical\" href=\"https:\/\/web.umons.ac.be\/bibliotheques\/aide-a-la-recherche-documentaire-et-formations\/\" \/>\n<meta property=\"og:locale\" content=\"fr_FR\" \/>\n<meta property=\"og:type\" content=\"article\" \/>\n<meta property=\"og:title\" content=\"Aide \u00e0 la recherche documentaire et formations - Biblioth\u00e8ques de l&#039;UMONS\" \/>\n<meta property=\"og:description\" content=\"D\u00e9couvrez notre service d&rsquo;aide \u00e0 la recherche documentaire et formations, con\u00e7u sp\u00e9cialement pour vous accompagner dans vos travaux universitaires. Que vous soyez \u00e9tudiant, enseignant ou chercheur, notre \u00e9quipe de biblioth\u00e9caires est l\u00e0 pour vous aider \u00e0 trouver les ressources dont vous avez besoin. Le Service des Biblioth\u00e8ques propose des s\u00e9ances de formation \u00e0 l&rsquo;attention la [&hellip;]\" \/>\n<meta property=\"og:url\" content=\"https:\/\/web.umons.ac.be\/bibliotheques\/aide-a-la-recherche-documentaire-et-formations\/\" \/>\n<meta property=\"og:site_name\" content=\"Biblioth\u00e8ques de l&#039;UMONS\" \/>\n<meta property=\"article:modified_time\" content=\"2026-02-05T14:25:31+00:00\" \/>\n<meta name=\"twitter:card\" content=\"summary_large_image\" \/>\n<meta name=\"twitter:label1\" content=\"Dur\u00e9e de lecture estim\u00e9e\" \/>\n\t<meta name=\"twitter:data1\" content=\"1 minute\" \/>\n<script type=\"application\/ld+json\" class=\"yoast-schema-graph\">{\"@context\":\"https:\/\/schema.org\",\"@graph\":[{\"@type\":\"WebPage\",\"@id\":\"https:\/\/web.umons.ac.be\/bibliotheques\/aide-a-la-recherche-documentaire-et-formations\/\",\"url\":\"https:\/\/web.umons.ac.be\/bibliotheques\/aide-a-la-recherche-documentaire-et-formations\/\",\"name\":\"Aide \u00e0 la recherche documentaire et formations - Biblioth\u00e8ques de l&#039;UMONS\",\"isPartOf\":{\"@id\":\"https:\/\/web.umons.ac.be\/bibliotheques\/#website\"},\"datePublished\":\"2020-06-15T10:28:50+00:00\",\"dateModified\":\"2026-02-05T14:25:31+00:00\",\"breadcrumb\":{\"@id\":\"https:\/\/web.umons.ac.be\/bibliotheques\/aide-a-la-recherche-documentaire-et-formations\/#breadcrumb\"},\"inLanguage\":\"fr-FR\",\"potentialAction\":[{\"@type\":\"ReadAction\",\"target\":[\"https:\/\/web.umons.ac.be\/bibliotheques\/aide-a-la-recherche-documentaire-et-formations\/\"]}]},{\"@type\":\"BreadcrumbList\",\"@id\":\"https:\/\/web.umons.ac.be\/bibliotheques\/aide-a-la-recherche-documentaire-et-formations\/#breadcrumb\",\"itemListElement\":[{\"@type\":\"ListItem\",\"position\":1,\"name\":\"Home\",\"item\":\"https:\/\/web.umons.ac.be\/bibliotheques\/\"},{\"@type\":\"ListItem\",\"position\":2,\"name\":\"Aide \u00e0 la recherche documentaire et formations\"}]},{\"@type\":\"WebSite\",\"@id\":\"https:\/\/web.umons.ac.be\/bibliotheques\/#website\",\"url\":\"https:\/\/web.umons.ac.be\/bibliotheques\/\",\"name\":\"Biblioth\u00e8ques de l&#039;UMONS\",\"description\":\"Un site utilisant Universit\u00e9 de Mons \u2013 UMONS\",\"potentialAction\":[{\"@type\":\"SearchAction\",\"target\":{\"@type\":\"EntryPoint\",\"urlTemplate\":\"https:\/\/web.umons.ac.be\/bibliotheques\/?s={search_term_string}\"},\"query-input\":{\"@type\":\"PropertyValueSpecification\",\"valueRequired\":true,\"valueName\":\"search_term_string\"}}],\"inLanguage\":\"fr-FR\"}]}<\/script>\n<!-- \/ Yoast SEO plugin. -->","yoast_head_json":{"title":"Aide \u00e0 la recherche documentaire et formations - Biblioth\u00e8ques de l&#039;UMONS","robots":{"index":"index","follow":"follow","max-snippet":"max-snippet:-1","max-image-preview":"max-image-preview:large","max-video-preview":"max-video-preview:-1"},"canonical":"https:\/\/web.umons.ac.be\/bibliotheques\/aide-a-la-recherche-documentaire-et-formations\/","og_locale":"fr_FR","og_type":"article","og_title":"Aide \u00e0 la recherche documentaire et formations - Biblioth\u00e8ques de l&#039;UMONS","og_description":"D\u00e9couvrez notre service d&rsquo;aide \u00e0 la recherche documentaire et formations, con\u00e7u sp\u00e9cialement pour vous accompagner dans vos travaux universitaires. Que vous soyez \u00e9tudiant, enseignant ou chercheur, notre \u00e9quipe de biblioth\u00e9caires est l\u00e0 pour vous aider \u00e0 trouver les ressources dont vous avez besoin. Le Service des Biblioth\u00e8ques propose des s\u00e9ances de formation \u00e0 l&rsquo;attention la [&hellip;]","og_url":"https:\/\/web.umons.ac.be\/bibliotheques\/aide-a-la-recherche-documentaire-et-formations\/","og_site_name":"Biblioth\u00e8ques de l&#039;UMONS","article_modified_time":"2026-02-05T14:25:31+00:00","twitter_card":"summary_large_image","twitter_misc":{"Dur\u00e9e de lecture estim\u00e9e":"1 minute"},"schema":{"@context":"https:\/\/schema.org","@graph":[{"@type":"WebPage","@id":"https:\/\/web.umons.ac.be\/bibliotheques\/aide-a-la-recherche-documentaire-et-formations\/","url":"https:\/\/web.umons.ac.be\/bibliotheques\/aide-a-la-recherche-documentaire-et-formations\/","name":"Aide \u00e0 la recherche documentaire et formations - Biblioth\u00e8ques de l&#039;UMONS","isPartOf":{"@id":"https:\/\/web.umons.ac.be\/bibliotheques\/#website"},"datePublished":"2020-06-15T10:28:50+00:00","dateModified":"2026-02-05T14:25:31+00:00","breadcrumb":{"@id":"https:\/\/web.umons.ac.be\/bibliotheques\/aide-a-la-recherche-documentaire-et-formations\/#breadcrumb"},"inLanguage":"fr-FR","potentialAction":[{"@type":"ReadAction","target":["https:\/\/web.umons.ac.be\/bibliotheques\/aide-a-la-recherche-documentaire-et-formations\/"]}]},{"@type":"BreadcrumbList","@id":"https:\/\/web.umons.ac.be\/bibliotheques\/aide-a-la-recherche-documentaire-et-formations\/#breadcrumb","itemListElement":[{"@type":"ListItem","position":1,"name":"Home","item":"https:\/\/web.umons.ac.be\/bibliotheques\/"},{"@type":"ListItem","position":2,"name":"Aide \u00e0 la recherche documentaire et formations"}]},{"@type":"WebSite","@id":"https:\/\/web.umons.ac.be\/bibliotheques\/#website","url":"https:\/\/web.umons.ac.be\/bibliotheques\/","name":"Biblioth\u00e8ques de l&#039;UMONS","description":"Un site utilisant Universit\u00e9 de Mons \u2013 UMONS","potentialAction":[{"@type":"SearchAction","target":{"@type":"EntryPoint","urlTemplate":"https:\/\/web.umons.ac.be\/bibliotheques\/?s={search_term_string}"},"query-input":{"@type":"PropertyValueSpecification","valueRequired":true,"valueName":"search_term_string"}}],"inLanguage":"fr-FR"}]}},"lang":"fr","translations":{"fr":63},"pll_sync_post":[],"_links":{"self":[{"href":"https:\/\/web.umons.ac.be\/bibliotheques\/wp-json\/wp\/v2\/pages\/63","targetHints":{"allow":["GET"]}}],"collection":[{"href":"https:\/\/web.umons.ac.be\/bibliotheques\/wp-json\/wp\/v2\/pages"}],"about":[{"href":"https:\/\/web.umons.ac.be\/bibliotheques\/wp-json\/wp\/v2\/types\/page"}],"author":[{"embeddable":true,"href":"https:\/\/web.umons.ac.be\/bibliotheques\/wp-json\/wp\/v2\/users\/2"}],"replies":[{"embeddable":true,"href":"https:\/\/web.umons.ac.be\/bibliotheques\/wp-json\/wp\/v2\/comments?post=63"}],"version-history":[{"count":3,"href":"https:\/\/web.umons.ac.be\/bibliotheques\/wp-json\/wp\/v2\/pages\/63\/revisions"}],"predecessor-version":[{"id":878,"href":"https:\/\/web.umons.ac.be\/bibliotheques\/wp-json\/wp\/v2\/pages\/63\/revisions\/878"}],"wp:attachment":[{"href":"https:\/\/web.umons.ac.be\/bibliotheques\/wp-json\/wp\/v2\/media?parent=63"}],"curies":[{"name":"wp","href":"https:\/\/api.w.org\/{rel}","templated":true}]}}