{"id":94,"date":"2020-06-15T15:25:52","date_gmt":"2020-06-15T13:25:52","guid":{"rendered":"https:\/\/web.umons.ac.be\/bibliotheques\/?page_id=94"},"modified":"2023-02-28T12:03:34","modified_gmt":"2023-02-28T11:03:34","slug":"periodiques-electroniques","status":"publish","type":"page","link":"https:\/\/web.umons.ac.be\/bibliotheques\/periodiques-electroniques\/","title":{"rendered":"P\u00e9riodiques \u00e9lectroniques"},"content":{"rendered":"<pre><span style=\"font-family: 'Helvetica Neue', Helvetica, Arial, sans-serif;font-size: 14px;font-style: normal;font-weight: 400\">Vous pouvez d\u00e9couvrir l\u2019ensemble des\u00a0<\/span><span style=\"font-family: 'Helvetica Neue', Helvetica, Arial, sans-serif;font-size: 14px;font-style: normal;font-weight: bold\"><span class=\"ms-rteCustom-Gras\" style=\"font-size: 14px\"><span class=\"ms-rteCustom-TexteRouge\" style=\"font-size: 14px\">p\u00e9riodiques \u00e9lectroniques<\/span><\/span><\/span><span style=\"font-family: 'Helvetica Neue', Helvetica, Arial, sans-serif;font-size: 14px;font-style: normal;font-weight: 400\">\u00a0accessibles \u00e0 l\u2019UMONS \u00e0 partir\u00a0de\u00a0<\/span><a style=\"font-family: 'Helvetica Neue', Helvetica, Arial, sans-serif;font-size: 14px;font-style: normal\" title=\"\" href=\"https:\/\/publications.ebsco.com\/?custId=s9915539&amp;groupId=main&amp;profileId=pfui\" target=\"_blank\" rel=\"noopener noreferrer\"><span class=\"ms-rteCustom-Gras\" style=\"font-size: 14px\">Full Text Finder<\/span><\/a><\/pre>\n<p>&nbsp;<\/p>\n<p>Les biblioth\u00e8ques souscrivent \u00e0 des\u00a0<strong>abonnements payants<\/strong> qui ont \u00e9t\u00e9 achet\u00e9s dans le cadre de \u00ab licences \u00bb qui d\u00e9finissent les droits et les devoirs des usagers. L\u2019utilisation de ces ressources \u00e9lectroniques est\u00a0<strong>strictement r\u00e9serv\u00e9e \u00e0 un usage d\u2019enseignement, de recherche ou \u00e0 un usage priv\u00e9<\/strong>\u00a0;\u00a0<span class=\"ms-rteCustom-Gras\">tout d\u00e9chargement massif est prohib\u00e9<\/span>.<\/p>\n<p>Ces ressources \u00e9lectroniques sont accessibles aux membres de la Communaut\u00e9 universitaire de l\u2019UMONS (membres du personnel en fonction et \u00e9tudiants r\u00e9guli\u00e8rement inscrits) au d\u00e9part des locaux de l\u2019Universit\u00e9, ainsi qu\u2019\u00e0 l\u2019aide d\u2019une connexion \u00e0 distance (Bureau \u00e0 distance ou VPN) (sauf sp\u00e9cification contraire de restriction d\u2019acc\u00e8s).<\/p>\n<p>Les personnes non-membres de la Communaut\u00e9 universitaire de l\u2019UMONS peuvent acc\u00e9der aux publications \u00e9lectroniques souscrites par l\u2019UMONS, \u00e0 partir des terminaux des biblioth\u00e8ques, \u00e0 condition qu\u2019ils soient en r\u00e8gle d\u2019inscription aupr\u00e8s de celles-ci.<\/p>\n<p>Vous pouvez \u00e9galement d\u00e9couvrir\u00a0<strong>les publications de nos chercheurs<\/strong>\u00a0en consultant le\u00a0<a title=\"\" href=\"https:\/\/orbi.umons.ac.be\/\" target=\"_blank\" rel=\"noopener noreferrer\">d\u00e9p\u00f4t institutionnel de l\u2019UMONS<\/a><\/p>\n<p>&nbsp;<\/p>\n","protected":false},"excerpt":{"rendered":"<p>Vous pouvez d\u00e9couvrir l\u2019ensemble des\u00a0p\u00e9riodiques \u00e9lectroniques\u00a0accessibles \u00e0 l\u2019UMONS \u00e0 partir\u00a0de\u00a0Full Text Finder &nbsp; Les biblioth\u00e8ques souscrivent \u00e0 des\u00a0abonnements payants qui ont \u00e9t\u00e9 achet\u00e9s dans le cadre de \u00ab licences \u00bb qui d\u00e9finissent les droits et les devoirs des usagers. L\u2019utilisation de ces ressources \u00e9lectroniques est\u00a0strictement r\u00e9serv\u00e9e \u00e0 un usage d\u2019enseignement, de recherche ou \u00e0 un [&hellip;]<\/p>\n","protected":false},"author":2,"featured_media":0,"parent":0,"menu_order":0,"comment_status":"closed","ping_status":"closed","template":"","meta":{"footnotes":""},"class_list":["post-94","page","type-page","status-publish","hentry"],"yoast_head":"<!-- This site is optimized with the Yoast SEO plugin v27.2 - https:\/\/yoast.com\/product\/yoast-seo-wordpress\/ -->\n<title>P\u00e9riodiques \u00e9lectroniques - Biblioth\u00e8ques de l&#039;UMONS<\/title>\n<meta name=\"robots\" content=\"index, follow, max-snippet:-1, max-image-preview:large, max-video-preview:-1\" \/>\n<link rel=\"canonical\" href=\"https:\/\/web.umons.ac.be\/bibliotheques\/periodiques-electroniques\/\" \/>\n<meta property=\"og:locale\" content=\"fr_FR\" \/>\n<meta property=\"og:type\" content=\"article\" \/>\n<meta property=\"og:title\" content=\"P\u00e9riodiques \u00e9lectroniques - Biblioth\u00e8ques de l&#039;UMONS\" \/>\n<meta property=\"og:description\" content=\"Vous pouvez d\u00e9couvrir l\u2019ensemble des\u00a0p\u00e9riodiques \u00e9lectroniques\u00a0accessibles \u00e0 l\u2019UMONS \u00e0 partir\u00a0de\u00a0Full Text Finder &nbsp; Les biblioth\u00e8ques souscrivent \u00e0 des\u00a0abonnements payants qui ont \u00e9t\u00e9 achet\u00e9s dans le cadre de \u00ab licences \u00bb qui d\u00e9finissent les droits et les devoirs des usagers. L\u2019utilisation de ces ressources \u00e9lectroniques est\u00a0strictement r\u00e9serv\u00e9e \u00e0 un usage d\u2019enseignement, de recherche ou \u00e0 un [&hellip;]\" \/>\n<meta property=\"og:url\" content=\"https:\/\/web.umons.ac.be\/bibliotheques\/periodiques-electroniques\/\" \/>\n<meta property=\"og:site_name\" content=\"Biblioth\u00e8ques de l&#039;UMONS\" \/>\n<meta property=\"article:modified_time\" content=\"2023-02-28T11:03:34+00:00\" \/>\n<meta name=\"twitter:card\" content=\"summary_large_image\" \/>\n<meta name=\"twitter:label1\" content=\"Dur\u00e9e de lecture estim\u00e9e\" \/>\n\t<meta name=\"twitter:data1\" content=\"1 minute\" \/>\n<script type=\"application\/ld+json\" class=\"yoast-schema-graph\">{\"@context\":\"https:\/\/schema.org\",\"@graph\":[{\"@type\":\"WebPage\",\"@id\":\"https:\/\/web.umons.ac.be\/bibliotheques\/periodiques-electroniques\/\",\"url\":\"https:\/\/web.umons.ac.be\/bibliotheques\/periodiques-electroniques\/\",\"name\":\"P\u00e9riodiques \u00e9lectroniques - Biblioth\u00e8ques de l&#039;UMONS\",\"isPartOf\":{\"@id\":\"https:\/\/web.umons.ac.be\/bibliotheques\/#website\"},\"datePublished\":\"2020-06-15T13:25:52+00:00\",\"dateModified\":\"2023-02-28T11:03:34+00:00\",\"breadcrumb\":{\"@id\":\"https:\/\/web.umons.ac.be\/bibliotheques\/periodiques-electroniques\/#breadcrumb\"},\"inLanguage\":\"fr-FR\",\"potentialAction\":[{\"@type\":\"ReadAction\",\"target\":[\"https:\/\/web.umons.ac.be\/bibliotheques\/periodiques-electroniques\/\"]}]},{\"@type\":\"BreadcrumbList\",\"@id\":\"https:\/\/web.umons.ac.be\/bibliotheques\/periodiques-electroniques\/#breadcrumb\",\"itemListElement\":[{\"@type\":\"ListItem\",\"position\":1,\"name\":\"Home\",\"item\":\"https:\/\/web.umons.ac.be\/bibliotheques\/\"},{\"@type\":\"ListItem\",\"position\":2,\"name\":\"P\u00e9riodiques \u00e9lectroniques\"}]},{\"@type\":\"WebSite\",\"@id\":\"https:\/\/web.umons.ac.be\/bibliotheques\/#website\",\"url\":\"https:\/\/web.umons.ac.be\/bibliotheques\/\",\"name\":\"Biblioth\u00e8ques de l&#039;UMONS\",\"description\":\"Un site utilisant Universit\u00e9 de Mons \u2013 UMONS\",\"potentialAction\":[{\"@type\":\"SearchAction\",\"target\":{\"@type\":\"EntryPoint\",\"urlTemplate\":\"https:\/\/web.umons.ac.be\/bibliotheques\/?s={search_term_string}\"},\"query-input\":{\"@type\":\"PropertyValueSpecification\",\"valueRequired\":true,\"valueName\":\"search_term_string\"}}],\"inLanguage\":\"fr-FR\"}]}<\/script>\n<!-- \/ Yoast SEO plugin. -->","yoast_head_json":{"title":"P\u00e9riodiques \u00e9lectroniques - Biblioth\u00e8ques de l&#039;UMONS","robots":{"index":"index","follow":"follow","max-snippet":"max-snippet:-1","max-image-preview":"max-image-preview:large","max-video-preview":"max-video-preview:-1"},"canonical":"https:\/\/web.umons.ac.be\/bibliotheques\/periodiques-electroniques\/","og_locale":"fr_FR","og_type":"article","og_title":"P\u00e9riodiques \u00e9lectroniques - Biblioth\u00e8ques de l&#039;UMONS","og_description":"Vous pouvez d\u00e9couvrir l\u2019ensemble des\u00a0p\u00e9riodiques \u00e9lectroniques\u00a0accessibles \u00e0 l\u2019UMONS \u00e0 partir\u00a0de\u00a0Full Text Finder &nbsp; Les biblioth\u00e8ques souscrivent \u00e0 des\u00a0abonnements payants qui ont \u00e9t\u00e9 achet\u00e9s dans le cadre de \u00ab licences \u00bb qui d\u00e9finissent les droits et les devoirs des usagers. L\u2019utilisation de ces ressources \u00e9lectroniques est\u00a0strictement r\u00e9serv\u00e9e \u00e0 un usage d\u2019enseignement, de recherche ou \u00e0 un [&hellip;]","og_url":"https:\/\/web.umons.ac.be\/bibliotheques\/periodiques-electroniques\/","og_site_name":"Biblioth\u00e8ques de l&#039;UMONS","article_modified_time":"2023-02-28T11:03:34+00:00","twitter_card":"summary_large_image","twitter_misc":{"Dur\u00e9e de lecture estim\u00e9e":"1 minute"},"schema":{"@context":"https:\/\/schema.org","@graph":[{"@type":"WebPage","@id":"https:\/\/web.umons.ac.be\/bibliotheques\/periodiques-electroniques\/","url":"https:\/\/web.umons.ac.be\/bibliotheques\/periodiques-electroniques\/","name":"P\u00e9riodiques \u00e9lectroniques - Biblioth\u00e8ques de l&#039;UMONS","isPartOf":{"@id":"https:\/\/web.umons.ac.be\/bibliotheques\/#website"},"datePublished":"2020-06-15T13:25:52+00:00","dateModified":"2023-02-28T11:03:34+00:00","breadcrumb":{"@id":"https:\/\/web.umons.ac.be\/bibliotheques\/periodiques-electroniques\/#breadcrumb"},"inLanguage":"fr-FR","potentialAction":[{"@type":"ReadAction","target":["https:\/\/web.umons.ac.be\/bibliotheques\/periodiques-electroniques\/"]}]},{"@type":"BreadcrumbList","@id":"https:\/\/web.umons.ac.be\/bibliotheques\/periodiques-electroniques\/#breadcrumb","itemListElement":[{"@type":"ListItem","position":1,"name":"Home","item":"https:\/\/web.umons.ac.be\/bibliotheques\/"},{"@type":"ListItem","position":2,"name":"P\u00e9riodiques \u00e9lectroniques"}]},{"@type":"WebSite","@id":"https:\/\/web.umons.ac.be\/bibliotheques\/#website","url":"https:\/\/web.umons.ac.be\/bibliotheques\/","name":"Biblioth\u00e8ques de l&#039;UMONS","description":"Un site utilisant Universit\u00e9 de Mons \u2013 UMONS","potentialAction":[{"@type":"SearchAction","target":{"@type":"EntryPoint","urlTemplate":"https:\/\/web.umons.ac.be\/bibliotheques\/?s={search_term_string}"},"query-input":{"@type":"PropertyValueSpecification","valueRequired":true,"valueName":"search_term_string"}}],"inLanguage":"fr-FR"}]}},"lang":"fr","translations":{"fr":94},"pll_sync_post":[],"_links":{"self":[{"href":"https:\/\/web.umons.ac.be\/bibliotheques\/wp-json\/wp\/v2\/pages\/94","targetHints":{"allow":["GET"]}}],"collection":[{"href":"https:\/\/web.umons.ac.be\/bibliotheques\/wp-json\/wp\/v2\/pages"}],"about":[{"href":"https:\/\/web.umons.ac.be\/bibliotheques\/wp-json\/wp\/v2\/types\/page"}],"author":[{"embeddable":true,"href":"https:\/\/web.umons.ac.be\/bibliotheques\/wp-json\/wp\/v2\/users\/2"}],"replies":[{"embeddable":true,"href":"https:\/\/web.umons.ac.be\/bibliotheques\/wp-json\/wp\/v2\/comments?post=94"}],"version-history":[{"count":4,"href":"https:\/\/web.umons.ac.be\/bibliotheques\/wp-json\/wp\/v2\/pages\/94\/revisions"}],"predecessor-version":[{"id":586,"href":"https:\/\/web.umons.ac.be\/bibliotheques\/wp-json\/wp\/v2\/pages\/94\/revisions\/586"}],"wp:attachment":[{"href":"https:\/\/web.umons.ac.be\/bibliotheques\/wp-json\/wp\/v2\/media?parent=94"}],"curies":[{"name":"wp","href":"https:\/\/api.w.org\/{rel}","templated":true}]}}