{"id":246,"date":"2017-11-07T11:41:42","date_gmt":"2017-11-07T10:41:42","guid":{"rendered":"https:\/\/web.umons.ac.be\/biosciences\/?page_id=246"},"modified":"2025-12-04T10:27:42","modified_gmt":"2025-12-04T09:27:42","slug":"services-aux-collectivites","status":"publish","type":"page","link":"https:\/\/web.umons.ac.be\/biosciences\/fr\/services-aux-collectivites\/","title":{"rendered":"Services aux collectivit\u00e9s"},"content":{"rendered":"<ul>\n<li>D\u00e9veloppement de <strong>strat\u00e9gies d\u2019optimisation et de contr\u00f4le\u00a0des (bio) proc\u00e9d\u00e9s<\/strong> : de la mod\u00e9lisation \u00e0 l\u2019exp\u00e9rimentation<\/li>\n<li>D\u00e9veloppement de <strong>logiciels scientifiques sous R en \u00e9cologie<\/strong><\/li>\n<li><strong>Analyse (m\u00e9ta)prot\u00e9omique diff\u00e9rentielle<\/strong> : des procaryotes\u00a0aux eucaryotes<\/li>\n<li><strong>Etudes toxicologiques<\/strong> conventionnelles et alternatives.<\/li>\n<li>Conception, synth\u00e8se, caract\u00e9risation et validation d\u2019<strong>agents de\u00a0contraste pour l\u2019IRM et l\u2019imagerie optique<\/strong><\/li>\n<li>D\u00e9veloppement, synth\u00e8se et caract\u00e9risation de <strong>biomat\u00e9riaux<\/strong><\/li>\n<li>Conception de <strong>supports de culture innovants<\/strong> (hydrogels,..)<\/li>\n<li><strong>Microfluidique<\/strong> \u00e0 l\u2019\u00e9chelle de la cellule unique et du tri cellulaire<\/li>\n<li>Etude et quantification des i<strong>nteractions d\u2019adh\u00e9rence entre\u00a0cellules\/tissus\/organismes et (bio)mat\u00e9riaux<\/strong><\/li>\n<li><strong>Inventaires de biodiversit\u00e9<\/strong> et plans de <strong>conservation de l&rsquo;environnement<\/strong><\/li>\n<\/ul>\n<p><em>(liste non-exhaustive)<\/em><\/p>\n","protected":false},"excerpt":{"rendered":"<p>D\u00e9veloppement de strat\u00e9gies d\u2019optimisation et de contr\u00f4le\u00a0des (bio) proc\u00e9d\u00e9s : de la mod\u00e9lisation \u00e0 l\u2019exp\u00e9rimentation D\u00e9veloppement de logiciels scientifiques sous R en \u00e9cologie Analyse (m\u00e9ta)prot\u00e9omique diff\u00e9rentielle : des procaryotes\u00a0aux eucaryotes Etudes toxicologiques conventionnelles et alternatives. Conception, synth\u00e8se, caract\u00e9risation et validation d\u2019agents de\u00a0contraste pour l\u2019IRM et l\u2019imagerie optique D\u00e9veloppement, synth\u00e8se et caract\u00e9risation de biomat\u00e9riaux Conception de [&hellip;]<\/p>\n","protected":false},"author":2,"featured_media":0,"parent":0,"menu_order":3,"comment_status":"closed","ping_status":"closed","template":"","meta":{"footnotes":""},"class_list":["post-246","page","type-page","status-publish","hentry"],"yoast_head":"<!-- This site is optimized with the Yoast SEO plugin v27.2 - https:\/\/yoast.com\/product\/yoast-seo-wordpress\/ -->\n<title>Services aux collectivit\u00e9s - Institut \/ Biosciences<\/title>\n<meta name=\"robots\" content=\"index, follow, max-snippet:-1, max-image-preview:large, max-video-preview:-1\" \/>\n<link rel=\"canonical\" href=\"https:\/\/web.umons.ac.be\/biosciences\/fr\/services-aux-collectivites\/\" \/>\n<meta property=\"og:locale\" content=\"fr_FR\" \/>\n<meta property=\"og:type\" content=\"article\" \/>\n<meta property=\"og:title\" content=\"Services aux collectivit\u00e9s - Institut \/ Biosciences\" \/>\n<meta property=\"og:description\" content=\"D\u00e9veloppement de strat\u00e9gies d\u2019optimisation et de contr\u00f4le\u00a0des (bio) proc\u00e9d\u00e9s : de la mod\u00e9lisation \u00e0 l\u2019exp\u00e9rimentation D\u00e9veloppement de logiciels scientifiques sous R en \u00e9cologie Analyse (m\u00e9ta)prot\u00e9omique diff\u00e9rentielle : des procaryotes\u00a0aux eucaryotes Etudes toxicologiques conventionnelles et alternatives. Conception, synth\u00e8se, caract\u00e9risation et validation d\u2019agents de\u00a0contraste pour l\u2019IRM et l\u2019imagerie optique D\u00e9veloppement, synth\u00e8se et caract\u00e9risation de biomat\u00e9riaux Conception de [&hellip;]\" \/>\n<meta property=\"og:url\" content=\"https:\/\/web.umons.ac.be\/biosciences\/fr\/services-aux-collectivites\/\" \/>\n<meta property=\"og:site_name\" content=\"Institut \/ Biosciences\" \/>\n<meta property=\"article:modified_time\" content=\"2025-12-04T09:27:42+00:00\" \/>\n<meta name=\"twitter:card\" content=\"summary_large_image\" \/>\n<meta name=\"twitter:label1\" content=\"Dur\u00e9e de lecture estim\u00e9e\" \/>\n\t<meta name=\"twitter:data1\" content=\"1 minute\" \/>\n<script type=\"application\/ld+json\" class=\"yoast-schema-graph\">{\"@context\":\"https:\/\/schema.org\",\"@graph\":[{\"@type\":\"WebPage\",\"@id\":\"https:\/\/web.umons.ac.be\/biosciences\/fr\/services-aux-collectivites\/\",\"url\":\"https:\/\/web.umons.ac.be\/biosciences\/fr\/services-aux-collectivites\/\",\"name\":\"Services aux collectivit\u00e9s - Institut \/ Biosciences\",\"isPartOf\":{\"@id\":\"https:\/\/web.umons.ac.be\/biosciences\/#website\"},\"datePublished\":\"2017-11-07T10:41:42+00:00\",\"dateModified\":\"2025-12-04T09:27:42+00:00\",\"breadcrumb\":{\"@id\":\"https:\/\/web.umons.ac.be\/biosciences\/fr\/services-aux-collectivites\/#breadcrumb\"},\"inLanguage\":\"fr-FR\",\"potentialAction\":[{\"@type\":\"ReadAction\",\"target\":[\"https:\/\/web.umons.ac.be\/biosciences\/fr\/services-aux-collectivites\/\"]}]},{\"@type\":\"BreadcrumbList\",\"@id\":\"https:\/\/web.umons.ac.be\/biosciences\/fr\/services-aux-collectivites\/#breadcrumb\",\"itemListElement\":[{\"@type\":\"ListItem\",\"position\":1,\"name\":\"Accueil\",\"item\":\"https:\/\/web.umons.ac.be\/biosciences\/fr\/\"},{\"@type\":\"ListItem\",\"position\":2,\"name\":\"Services aux collectivit\u00e9s\"}]},{\"@type\":\"WebSite\",\"@id\":\"https:\/\/web.umons.ac.be\/biosciences\/#website\",\"url\":\"https:\/\/web.umons.ac.be\/biosciences\/\",\"name\":\"Institut \/ Biosciences\",\"description\":\"Un site utilisant Universit\u00e9 de Mons \u2013 UMONS\",\"potentialAction\":[{\"@type\":\"SearchAction\",\"target\":{\"@type\":\"EntryPoint\",\"urlTemplate\":\"https:\/\/web.umons.ac.be\/biosciences\/?s={search_term_string}\"},\"query-input\":{\"@type\":\"PropertyValueSpecification\",\"valueRequired\":true,\"valueName\":\"search_term_string\"}}],\"inLanguage\":\"fr-FR\"}]}<\/script>\n<!-- \/ Yoast SEO plugin. -->","yoast_head_json":{"title":"Services aux collectivit\u00e9s - Institut \/ Biosciences","robots":{"index":"index","follow":"follow","max-snippet":"max-snippet:-1","max-image-preview":"max-image-preview:large","max-video-preview":"max-video-preview:-1"},"canonical":"https:\/\/web.umons.ac.be\/biosciences\/fr\/services-aux-collectivites\/","og_locale":"fr_FR","og_type":"article","og_title":"Services aux collectivit\u00e9s - Institut \/ Biosciences","og_description":"D\u00e9veloppement de strat\u00e9gies d\u2019optimisation et de contr\u00f4le\u00a0des (bio) proc\u00e9d\u00e9s : de la mod\u00e9lisation \u00e0 l\u2019exp\u00e9rimentation D\u00e9veloppement de logiciels scientifiques sous R en \u00e9cologie Analyse (m\u00e9ta)prot\u00e9omique diff\u00e9rentielle : des procaryotes\u00a0aux eucaryotes Etudes toxicologiques conventionnelles et alternatives. Conception, synth\u00e8se, caract\u00e9risation et validation d\u2019agents de\u00a0contraste pour l\u2019IRM et l\u2019imagerie optique D\u00e9veloppement, synth\u00e8se et caract\u00e9risation de biomat\u00e9riaux Conception de [&hellip;]","og_url":"https:\/\/web.umons.ac.be\/biosciences\/fr\/services-aux-collectivites\/","og_site_name":"Institut \/ Biosciences","article_modified_time":"2025-12-04T09:27:42+00:00","twitter_card":"summary_large_image","twitter_misc":{"Dur\u00e9e de lecture estim\u00e9e":"1 minute"},"schema":{"@context":"https:\/\/schema.org","@graph":[{"@type":"WebPage","@id":"https:\/\/web.umons.ac.be\/biosciences\/fr\/services-aux-collectivites\/","url":"https:\/\/web.umons.ac.be\/biosciences\/fr\/services-aux-collectivites\/","name":"Services aux collectivit\u00e9s - Institut \/ Biosciences","isPartOf":{"@id":"https:\/\/web.umons.ac.be\/biosciences\/#website"},"datePublished":"2017-11-07T10:41:42+00:00","dateModified":"2025-12-04T09:27:42+00:00","breadcrumb":{"@id":"https:\/\/web.umons.ac.be\/biosciences\/fr\/services-aux-collectivites\/#breadcrumb"},"inLanguage":"fr-FR","potentialAction":[{"@type":"ReadAction","target":["https:\/\/web.umons.ac.be\/biosciences\/fr\/services-aux-collectivites\/"]}]},{"@type":"BreadcrumbList","@id":"https:\/\/web.umons.ac.be\/biosciences\/fr\/services-aux-collectivites\/#breadcrumb","itemListElement":[{"@type":"ListItem","position":1,"name":"Accueil","item":"https:\/\/web.umons.ac.be\/biosciences\/fr\/"},{"@type":"ListItem","position":2,"name":"Services aux collectivit\u00e9s"}]},{"@type":"WebSite","@id":"https:\/\/web.umons.ac.be\/biosciences\/#website","url":"https:\/\/web.umons.ac.be\/biosciences\/","name":"Institut \/ Biosciences","description":"Un site utilisant Universit\u00e9 de Mons \u2013 UMONS","potentialAction":[{"@type":"SearchAction","target":{"@type":"EntryPoint","urlTemplate":"https:\/\/web.umons.ac.be\/biosciences\/?s={search_term_string}"},"query-input":{"@type":"PropertyValueSpecification","valueRequired":true,"valueName":"search_term_string"}}],"inLanguage":"fr-FR"}]}},"lang":"fr","translations":{"fr":246,"en":306},"pll_sync_post":[],"_links":{"self":[{"href":"https:\/\/web.umons.ac.be\/biosciences\/wp-json\/wp\/v2\/pages\/246","targetHints":{"allow":["GET"]}}],"collection":[{"href":"https:\/\/web.umons.ac.be\/biosciences\/wp-json\/wp\/v2\/pages"}],"about":[{"href":"https:\/\/web.umons.ac.be\/biosciences\/wp-json\/wp\/v2\/types\/page"}],"author":[{"embeddable":true,"href":"https:\/\/web.umons.ac.be\/biosciences\/wp-json\/wp\/v2\/users\/2"}],"replies":[{"embeddable":true,"href":"https:\/\/web.umons.ac.be\/biosciences\/wp-json\/wp\/v2\/comments?post=246"}],"version-history":[{"count":3,"href":"https:\/\/web.umons.ac.be\/biosciences\/wp-json\/wp\/v2\/pages\/246\/revisions"}],"predecessor-version":[{"id":784,"href":"https:\/\/web.umons.ac.be\/biosciences\/wp-json\/wp\/v2\/pages\/246\/revisions\/784"}],"wp:attachment":[{"href":"https:\/\/web.umons.ac.be\/biosciences\/wp-json\/wp\/v2\/media?parent=246"}],"curies":[{"name":"wp","href":"https:\/\/api.w.org\/{rel}","templated":true}]}}