{"id":17,"date":"2021-11-29T10:08:09","date_gmt":"2021-11-29T09:08:09","guid":{"rendered":"https:\/\/web.umons.ac.be\/bomb\/research-activities\/"},"modified":"2021-11-29T10:26:47","modified_gmt":"2021-11-29T09:26:47","slug":"research-activities","status":"publish","type":"page","link":"https:\/\/web.umons.ac.be\/bomb\/en\/research-activities\/","title":{"rendered":"Research activities"},"content":{"rendered":"<h2>\u200bSymbioses and diseases<\/h2>\n<p>Symbioses are intimate and durable associations between organisms of different species, among which are the commensal, mutualist and parasite type relationships. The laboratory is interested in the various adaptations shown by symbiotic organisms as well as in the mechanisms that ensure the transgenerational longevity of symbioses.<\/p>\n<h2>Socio-ecological aquacultures<\/h2>\n<p>Socio-ecological aquacultures are emerging aquacultures that are \u00ab\u00a0ecologically clean\u00a0\u00bb and have a direct economic impact on disadvantaged communities. Our laboratory is involved in the development of three socio-ecological aquacultures: sea cucumbers (sea cucumbers), seaweeds (algoculture) and corals (coralliculture).<\/p>\n<h2>Biological Materials and Biomimetics<\/h2>\n<p>By definition, a biological material, like for instance bone, shell or silk, is a structural material produced by a living organism. Nature is full of such biomaterials whose properties, generally unique, offer an incredible source of inspiration for the design of novel materials and the development of new technological applications. This life imitation approach is called biomimetics.<\/p>\n<h2>Marine Photobiology<\/h2>\n<p>In animals, light is used as an almost instantaneous information carrier and has a huge importance for survival! Light perception is a crucial sense for interacting with the environment: animals see or, more generally, feel the light even in absence of eyes&#8230; In contrast, they can also send information, through light, to other organisms of their own or other species : they emit, reemit, reflect or modulate light&#8230;<\/p>\n<hr \/>\n<p>Our unit is also associated with the following UMONS research institutes :<\/p>\n<start-cask-shortcode-wrapper>\t\t<div class=\"associated-institutes content-block scheme-fs\">\n\t\t\t<ul class=\"institutes-list\">\n\t\t\t\t\t\t\t\t\t\t<li>\n\t\t\t\t\t\t\t<a href=\"https:\/\/web.umons.ac.be\/biosciences\" title=\"Acc\u00e9der au site web de : Institut \/ Biosciences\" class=\"associated-institute\">\n\t\t\t\t\t\t\t\t<img loading=\"lazy\" decoding=\"async\" width=\"1\" height=\"1\" src=\"https:\/\/web.umons.ac.be\/app\/uploads\/sites\/30\/2017\/11\/biosciences_logo_fr.svg\" class=\"attachment-thumbnail size-thumbnail\" alt=\"\" \/>\t\t\t\t\t\t\t<\/a>\t\t\t\n\t\t\t\t\t\t<\/li>\n\t\t\t\t\t\t\t<\/ul>\n\t\t<\/div>\n <end-cask-shortcode-wrapper>\n","protected":false},"excerpt":{"rendered":"<p>\u200bSymbioses and diseases Symbioses are intimate and durable associations between organisms of different species, among which are the commensal, mutualist and parasite type relationships. The laboratory is interested in the various adaptations shown by symbiotic organisms as well as in the mechanisms that ensure the transgenerational longevity of symbioses. Socio-ecological aquacultures Socio-ecological aquacultures are emerging [&hellip;]<\/p>\n","protected":false},"author":4,"featured_media":0,"parent":0,"menu_order":0,"comment_status":"closed","ping_status":"closed","template":"","meta":{"footnotes":""},"class_list":["post-17","page","type-page","status-publish","hentry"],"yoast_head":"<!-- This site is optimized with the Yoast SEO plugin v27.2 - https:\/\/yoast.com\/product\/yoast-seo-wordpress\/ -->\n<title>Research activities - Service \/ FS - Biologie des Organismes Marins et Biomim\u00e9tisme<\/title>\n<meta name=\"robots\" content=\"index, follow, max-snippet:-1, max-image-preview:large, max-video-preview:-1\" \/>\n<link rel=\"canonical\" href=\"https:\/\/web.umons.ac.be\/bomb\/en\/research-activities\/\" \/>\n<meta property=\"og:locale\" content=\"fr_FR\" \/>\n<meta property=\"og:type\" content=\"article\" \/>\n<meta property=\"og:title\" content=\"Research activities - Service \/ FS - Biologie des Organismes Marins et Biomim\u00e9tisme\" \/>\n<meta property=\"og:description\" content=\"\u200bSymbioses and diseases Symbioses are intimate and durable associations between organisms of different species, among which are the commensal, mutualist and parasite type relationships. The laboratory is interested in the various adaptations shown by symbiotic organisms as well as in the mechanisms that ensure the transgenerational longevity of symbioses. Socio-ecological aquacultures Socio-ecological aquacultures are emerging [&hellip;]\" \/>\n<meta property=\"og:url\" content=\"https:\/\/web.umons.ac.be\/bomb\/en\/research-activities\/\" \/>\n<meta property=\"og:site_name\" content=\"Service \/ FS - Biologie des Organismes Marins et Biomim\u00e9tisme\" \/>\n<meta property=\"article:modified_time\" content=\"2021-11-29T09:26:47+00:00\" \/>\n<meta name=\"twitter:card\" content=\"summary_large_image\" \/>\n<meta name=\"twitter:label1\" content=\"Dur\u00e9e de lecture estim\u00e9e\" \/>\n\t<meta name=\"twitter:data1\" content=\"2 minutes\" \/>\n<script type=\"application\/ld+json\" class=\"yoast-schema-graph\">{\"@context\":\"https:\/\/schema.org\",\"@graph\":[{\"@type\":\"WebPage\",\"@id\":\"https:\/\/web.umons.ac.be\/bomb\/en\/research-activities\/\",\"url\":\"https:\/\/web.umons.ac.be\/bomb\/en\/research-activities\/\",\"name\":\"Research activities - Service \/ FS - Biologie des Organismes Marins et Biomim\u00e9tisme\",\"isPartOf\":{\"@id\":\"https:\/\/web.umons.ac.be\/bomb\/#website\"},\"datePublished\":\"2021-11-29T09:08:09+00:00\",\"dateModified\":\"2021-11-29T09:26:47+00:00\",\"breadcrumb\":{\"@id\":\"https:\/\/web.umons.ac.be\/bomb\/en\/research-activities\/#breadcrumb\"},\"inLanguage\":\"fr-FR\",\"potentialAction\":[{\"@type\":\"ReadAction\",\"target\":[\"https:\/\/web.umons.ac.be\/bomb\/en\/research-activities\/\"]}]},{\"@type\":\"BreadcrumbList\",\"@id\":\"https:\/\/web.umons.ac.be\/bomb\/en\/research-activities\/#breadcrumb\",\"itemListElement\":[{\"@type\":\"ListItem\",\"position\":1,\"name\":\"Home\",\"item\":\"https:\/\/web.umons.ac.be\/bomb\/\"},{\"@type\":\"ListItem\",\"position\":2,\"name\":\"Research activities\"}]},{\"@type\":\"WebSite\",\"@id\":\"https:\/\/web.umons.ac.be\/bomb\/#website\",\"url\":\"https:\/\/web.umons.ac.be\/bomb\/\",\"name\":\"Service \/ FS - Biologie des Organismes Marins et Biomim\u00e9tisme\",\"description\":\"\",\"potentialAction\":[{\"@type\":\"SearchAction\",\"target\":{\"@type\":\"EntryPoint\",\"urlTemplate\":\"https:\/\/web.umons.ac.be\/bomb\/?s={search_term_string}\"},\"query-input\":{\"@type\":\"PropertyValueSpecification\",\"valueRequired\":true,\"valueName\":\"search_term_string\"}}],\"inLanguage\":\"fr-FR\"}]}<\/script>\n<!-- \/ Yoast SEO plugin. -->","yoast_head_json":{"title":"Research activities - Service \/ FS - Biologie des Organismes Marins et Biomim\u00e9tisme","robots":{"index":"index","follow":"follow","max-snippet":"max-snippet:-1","max-image-preview":"max-image-preview:large","max-video-preview":"max-video-preview:-1"},"canonical":"https:\/\/web.umons.ac.be\/bomb\/en\/research-activities\/","og_locale":"fr_FR","og_type":"article","og_title":"Research activities - Service \/ FS - Biologie des Organismes Marins et Biomim\u00e9tisme","og_description":"\u200bSymbioses and diseases Symbioses are intimate and durable associations between organisms of different species, among which are the commensal, mutualist and parasite type relationships. The laboratory is interested in the various adaptations shown by symbiotic organisms as well as in the mechanisms that ensure the transgenerational longevity of symbioses. Socio-ecological aquacultures Socio-ecological aquacultures are emerging [&hellip;]","og_url":"https:\/\/web.umons.ac.be\/bomb\/en\/research-activities\/","og_site_name":"Service \/ FS - Biologie des Organismes Marins et Biomim\u00e9tisme","article_modified_time":"2021-11-29T09:26:47+00:00","twitter_card":"summary_large_image","twitter_misc":{"Dur\u00e9e de lecture estim\u00e9e":"2 minutes"},"schema":{"@context":"https:\/\/schema.org","@graph":[{"@type":"WebPage","@id":"https:\/\/web.umons.ac.be\/bomb\/en\/research-activities\/","url":"https:\/\/web.umons.ac.be\/bomb\/en\/research-activities\/","name":"Research activities - Service \/ FS - Biologie des Organismes Marins et Biomim\u00e9tisme","isPartOf":{"@id":"https:\/\/web.umons.ac.be\/bomb\/#website"},"datePublished":"2021-11-29T09:08:09+00:00","dateModified":"2021-11-29T09:26:47+00:00","breadcrumb":{"@id":"https:\/\/web.umons.ac.be\/bomb\/en\/research-activities\/#breadcrumb"},"inLanguage":"fr-FR","potentialAction":[{"@type":"ReadAction","target":["https:\/\/web.umons.ac.be\/bomb\/en\/research-activities\/"]}]},{"@type":"BreadcrumbList","@id":"https:\/\/web.umons.ac.be\/bomb\/en\/research-activities\/#breadcrumb","itemListElement":[{"@type":"ListItem","position":1,"name":"Home","item":"https:\/\/web.umons.ac.be\/bomb\/"},{"@type":"ListItem","position":2,"name":"Research activities"}]},{"@type":"WebSite","@id":"https:\/\/web.umons.ac.be\/bomb\/#website","url":"https:\/\/web.umons.ac.be\/bomb\/","name":"Service \/ FS - Biologie des Organismes Marins et Biomim\u00e9tisme","description":"","potentialAction":[{"@type":"SearchAction","target":{"@type":"EntryPoint","urlTemplate":"https:\/\/web.umons.ac.be\/bomb\/?s={search_term_string}"},"query-input":{"@type":"PropertyValueSpecification","valueRequired":true,"valueName":"search_term_string"}}],"inLanguage":"fr-FR"}]}},"lang":"en","translations":{"en":17,"fr":15},"pll_sync_post":[],"_links":{"self":[{"href":"https:\/\/web.umons.ac.be\/bomb\/wp-json\/wp\/v2\/pages\/17","targetHints":{"allow":["GET"]}}],"collection":[{"href":"https:\/\/web.umons.ac.be\/bomb\/wp-json\/wp\/v2\/pages"}],"about":[{"href":"https:\/\/web.umons.ac.be\/bomb\/wp-json\/wp\/v2\/types\/page"}],"author":[{"embeddable":true,"href":"https:\/\/web.umons.ac.be\/bomb\/wp-json\/wp\/v2\/users\/4"}],"replies":[{"embeddable":true,"href":"https:\/\/web.umons.ac.be\/bomb\/wp-json\/wp\/v2\/comments?post=17"}],"version-history":[{"count":1,"href":"https:\/\/web.umons.ac.be\/bomb\/wp-json\/wp\/v2\/pages\/17\/revisions"}],"predecessor-version":[{"id":48,"href":"https:\/\/web.umons.ac.be\/bomb\/wp-json\/wp\/v2\/pages\/17\/revisions\/48"}],"wp:attachment":[{"href":"https:\/\/web.umons.ac.be\/bomb\/wp-json\/wp\/v2\/media?parent=17"}],"curies":[{"name":"wp","href":"https:\/\/api.w.org\/{rel}","templated":true}]}}