{"id":111,"date":"2022-07-06T17:24:38","date_gmt":"2022-07-06T15:24:38","guid":{"rendered":"https:\/\/web.umons.ac.be\/card\/?page_id=111"},"modified":"2025-01-05T22:08:46","modified_gmt":"2025-01-05T21:08:46","slug":"ghafari-chadi","status":"publish","type":"page","link":"https:\/\/web.umons.ac.be\/card\/ghafari-chadi\/","title":{"rendered":"GHAFARI Chadi"},"content":{"rendered":"<h1 style=\"text-align: left;\">\u00a0 \u00a0 \u00a0 \u00a0 \u00a0 \u00a0 \u00a0 \u00a0 \u00a0 \u00a0 \u00a0 \u00a0 \u00a0 \u00a0 \u00a0 \u00a0 \u00a0 \u00a0 \u00a0GHAFARI Chadi<\/h1>\n<p>&nbsp;<\/p>\n<p><img loading=\"lazy\" decoding=\"async\" class=\" wp-image-122 aligncenter\" src=\"https:\/\/web.umons.ac.be\/app\/uploads\/sites\/123\/2022\/07\/Chadi-Ghafari-300x278.png\" alt=\"\" width=\"295\" height=\"273\" srcset=\"https:\/\/web.umons.ac.be\/app\/uploads\/sites\/123\/2022\/07\/Chadi-Ghafari-300x278.png 300w, https:\/\/web.umons.ac.be\/app\/uploads\/sites\/123\/2022\/07\/Chadi-Ghafari-1024x947.png 1024w, https:\/\/web.umons.ac.be\/app\/uploads\/sites\/123\/2022\/07\/Chadi-Ghafari-768x710.png 768w, https:\/\/web.umons.ac.be\/app\/uploads\/sites\/123\/2022\/07\/Chadi-Ghafari-1536x1421.png 1536w, https:\/\/web.umons.ac.be\/app\/uploads\/sites\/123\/2022\/07\/Chadi-Ghafari-2048x1895.png 2048w, https:\/\/web.umons.ac.be\/app\/uploads\/sites\/123\/2022\/07\/Chadi-Ghafari-713x660.png 713w, https:\/\/web.umons.ac.be\/app\/uploads\/sites\/123\/2022\/07\/Chadi-Ghafari-30x28.png 30w, https:\/\/web.umons.ac.be\/app\/uploads\/sites\/123\/2022\/07\/Chadi-Ghafari-60x56.png 60w, https:\/\/web.umons.ac.be\/app\/uploads\/sites\/123\/2022\/07\/Chadi-Ghafari-360x333.png 360w\" sizes=\"auto, (max-width: 295px) 100vw, 295px\" \/><\/p>\n<p style=\"text-align: center;\"><span lang=\"fr-FR\" style=\"font-size: 12pt;\">Chimiste et cardiologue interventionnel, le Dr Ghafari a \u00e9t\u00e9 dipl\u00f4m\u00e9 de l\u2019American University of Beirut et de l\u2019University of Balamand au Liban avant d\u2019entamer sa sous-sp\u00e9cialit\u00e9 \u00e0 la Clinique St-Jean \u2013 Bruxelles et au CHU Helora &#8211; Site Kennedy &#8211; H\u00f4pital de Mons.<\/span><\/p>\n<p style=\"text-align: center;\"><span lang=\"fr-FR\" style=\"font-size: 12pt;\">Le Dr Ghafari a brillamment obtenu son PhD \u00e0 l&rsquo;UMons en mai 2024. Sa th\u00e8se men\u00e9e depuis 2018, <em>\u00ab Advancements in multimodal coronary imaging for comprehensive stent assessment \u00bb <\/em>concernait l\u2019imagerie coronaire invasive et non-invasive. Plusieurs exemplaires papiers sont encore disponibles au service de Cardiologie sur demande.<\/span><\/p>\n<p style=\"text-align: center;\"><span lang=\"fr-FR\" style=\"font-size: 12pt;\">Le Dr Ghafari fait aussi partie du groupe <a href=\"https:\/\/academy.mlcto.com\/our-mission\/\">MLCTO Academy<\/a> qui collabore directement avec le CoeurLab de l\u2019UMONS.<\/span><\/p>\n<p>&nbsp;<\/p>\n<p style=\"text-align: center;\"><span style=\"font-size: 12pt;\"><a href=\"https:\/\/web.umons.ac.be\/card\/composition-du-service\/\">Contacter<\/a>.<\/span><\/p>\n","protected":false},"excerpt":{"rendered":"<p>\u00a0 \u00a0 \u00a0 \u00a0 \u00a0 \u00a0 \u00a0 \u00a0 \u00a0 \u00a0 \u00a0 \u00a0 \u00a0 \u00a0 \u00a0 \u00a0 \u00a0 \u00a0 \u00a0GHAFARI Chadi &nbsp; Chimiste et cardiologue interventionnel, le Dr Ghafari a \u00e9t\u00e9 dipl\u00f4m\u00e9 de l\u2019American University of Beirut et de l\u2019University of Balamand au Liban avant d\u2019entamer sa sous-sp\u00e9cialit\u00e9 \u00e0 la Clinique St-Jean \u2013 Bruxelles et au [&hellip;]<\/p>\n","protected":false},"author":83,"featured_media":0,"parent":0,"menu_order":0,"comment_status":"closed","ping_status":"closed","template":"","meta":{"footnotes":""},"class_list":["post-111","page","type-page","status-publish","hentry"],"yoast_head":"<!-- This site is optimized with the Yoast SEO plugin v27.2 - https:\/\/yoast.com\/product\/yoast-seo-wordpress\/ -->\n<title>GHAFARI Chadi - Service \/ FMPB - Cardiologie<\/title>\n<meta name=\"robots\" content=\"index, follow, max-snippet:-1, max-image-preview:large, max-video-preview:-1\" \/>\n<link rel=\"canonical\" href=\"https:\/\/web.umons.ac.be\/card\/ghafari-chadi\/\" \/>\n<meta property=\"og:locale\" content=\"fr_FR\" \/>\n<meta property=\"og:type\" content=\"article\" \/>\n<meta property=\"og:title\" content=\"GHAFARI Chadi - Service \/ FMPB - Cardiologie\" \/>\n<meta property=\"og:description\" content=\"\u00a0 \u00a0 \u00a0 \u00a0 \u00a0 \u00a0 \u00a0 \u00a0 \u00a0 \u00a0 \u00a0 \u00a0 \u00a0 \u00a0 \u00a0 \u00a0 \u00a0 \u00a0 \u00a0GHAFARI Chadi &nbsp; Chimiste et cardiologue interventionnel, le Dr Ghafari a \u00e9t\u00e9 dipl\u00f4m\u00e9 de l\u2019American University of Beirut et de l\u2019University of Balamand au Liban avant d\u2019entamer sa sous-sp\u00e9cialit\u00e9 \u00e0 la Clinique St-Jean \u2013 Bruxelles et au [&hellip;]\" \/>\n<meta property=\"og:url\" content=\"https:\/\/web.umons.ac.be\/card\/ghafari-chadi\/\" \/>\n<meta property=\"og:site_name\" content=\"Service \/ FMPB - Cardiologie\" \/>\n<meta property=\"article:modified_time\" content=\"2025-01-05T21:08:46+00:00\" \/>\n<meta property=\"og:image\" content=\"https:\/\/web.umons.ac.be\/app\/uploads\/sites\/123\/2022\/07\/Chadi-Ghafari-300x278.png\" \/>\n<meta name=\"twitter:card\" content=\"summary_large_image\" \/>\n<meta name=\"twitter:label1\" content=\"Dur\u00e9e de lecture estim\u00e9e\" \/>\n\t<meta name=\"twitter:data1\" content=\"1 minute\" \/>\n<script type=\"application\/ld+json\" class=\"yoast-schema-graph\">{\"@context\":\"https:\/\/schema.org\",\"@graph\":[{\"@type\":\"WebPage\",\"@id\":\"https:\/\/web.umons.ac.be\/card\/ghafari-chadi\/\",\"url\":\"https:\/\/web.umons.ac.be\/card\/ghafari-chadi\/\",\"name\":\"GHAFARI Chadi - Service \/ FMPB - Cardiologie\",\"isPartOf\":{\"@id\":\"https:\/\/web.umons.ac.be\/card\/#website\"},\"primaryImageOfPage\":{\"@id\":\"https:\/\/web.umons.ac.be\/card\/ghafari-chadi\/#primaryimage\"},\"image\":{\"@id\":\"https:\/\/web.umons.ac.be\/card\/ghafari-chadi\/#primaryimage\"},\"thumbnailUrl\":\"https:\/\/web.umons.ac.be\/app\/uploads\/sites\/123\/2022\/07\/Chadi-Ghafari-300x278.png\",\"datePublished\":\"2022-07-06T15:24:38+00:00\",\"dateModified\":\"2025-01-05T21:08:46+00:00\",\"breadcrumb\":{\"@id\":\"https:\/\/web.umons.ac.be\/card\/ghafari-chadi\/#breadcrumb\"},\"inLanguage\":\"fr-FR\",\"potentialAction\":[{\"@type\":\"ReadAction\",\"target\":[\"https:\/\/web.umons.ac.be\/card\/ghafari-chadi\/\"]}]},{\"@type\":\"ImageObject\",\"inLanguage\":\"fr-FR\",\"@id\":\"https:\/\/web.umons.ac.be\/card\/ghafari-chadi\/#primaryimage\",\"url\":\"https:\/\/web.umons.ac.be\/app\/uploads\/sites\/123\/2022\/07\/Chadi-Ghafari-300x278.png\",\"contentUrl\":\"https:\/\/web.umons.ac.be\/app\/uploads\/sites\/123\/2022\/07\/Chadi-Ghafari-300x278.png\"},{\"@type\":\"BreadcrumbList\",\"@id\":\"https:\/\/web.umons.ac.be\/card\/ghafari-chadi\/#breadcrumb\",\"itemListElement\":[{\"@type\":\"ListItem\",\"position\":1,\"name\":\"Home\",\"item\":\"https:\/\/web.umons.ac.be\/card\/\"},{\"@type\":\"ListItem\",\"position\":2,\"name\":\"GHAFARI Chadi\"}]},{\"@type\":\"WebSite\",\"@id\":\"https:\/\/web.umons.ac.be\/card\/#website\",\"url\":\"https:\/\/web.umons.ac.be\/card\/\",\"name\":\"Service \/ FMPB - Cardiologie\",\"description\":\"\",\"potentialAction\":[{\"@type\":\"SearchAction\",\"target\":{\"@type\":\"EntryPoint\",\"urlTemplate\":\"https:\/\/web.umons.ac.be\/card\/?s={search_term_string}\"},\"query-input\":{\"@type\":\"PropertyValueSpecification\",\"valueRequired\":true,\"valueName\":\"search_term_string\"}}],\"inLanguage\":\"fr-FR\"}]}<\/script>\n<!-- \/ Yoast SEO plugin. -->","yoast_head_json":{"title":"GHAFARI Chadi - Service \/ FMPB - Cardiologie","robots":{"index":"index","follow":"follow","max-snippet":"max-snippet:-1","max-image-preview":"max-image-preview:large","max-video-preview":"max-video-preview:-1"},"canonical":"https:\/\/web.umons.ac.be\/card\/ghafari-chadi\/","og_locale":"fr_FR","og_type":"article","og_title":"GHAFARI Chadi - Service \/ FMPB - Cardiologie","og_description":"\u00a0 \u00a0 \u00a0 \u00a0 \u00a0 \u00a0 \u00a0 \u00a0 \u00a0 \u00a0 \u00a0 \u00a0 \u00a0 \u00a0 \u00a0 \u00a0 \u00a0 \u00a0 \u00a0GHAFARI Chadi &nbsp; Chimiste et cardiologue interventionnel, le Dr Ghafari a \u00e9t\u00e9 dipl\u00f4m\u00e9 de l\u2019American University of Beirut et de l\u2019University of Balamand au Liban avant d\u2019entamer sa sous-sp\u00e9cialit\u00e9 \u00e0 la Clinique St-Jean \u2013 Bruxelles et au [&hellip;]","og_url":"https:\/\/web.umons.ac.be\/card\/ghafari-chadi\/","og_site_name":"Service \/ FMPB - Cardiologie","article_modified_time":"2025-01-05T21:08:46+00:00","og_image":[{"url":"https:\/\/web.umons.ac.be\/app\/uploads\/sites\/123\/2022\/07\/Chadi-Ghafari-300x278.png","type":"","width":"","height":""}],"twitter_card":"summary_large_image","twitter_misc":{"Dur\u00e9e de lecture estim\u00e9e":"1 minute"},"schema":{"@context":"https:\/\/schema.org","@graph":[{"@type":"WebPage","@id":"https:\/\/web.umons.ac.be\/card\/ghafari-chadi\/","url":"https:\/\/web.umons.ac.be\/card\/ghafari-chadi\/","name":"GHAFARI Chadi - Service \/ FMPB - Cardiologie","isPartOf":{"@id":"https:\/\/web.umons.ac.be\/card\/#website"},"primaryImageOfPage":{"@id":"https:\/\/web.umons.ac.be\/card\/ghafari-chadi\/#primaryimage"},"image":{"@id":"https:\/\/web.umons.ac.be\/card\/ghafari-chadi\/#primaryimage"},"thumbnailUrl":"https:\/\/web.umons.ac.be\/app\/uploads\/sites\/123\/2022\/07\/Chadi-Ghafari-300x278.png","datePublished":"2022-07-06T15:24:38+00:00","dateModified":"2025-01-05T21:08:46+00:00","breadcrumb":{"@id":"https:\/\/web.umons.ac.be\/card\/ghafari-chadi\/#breadcrumb"},"inLanguage":"fr-FR","potentialAction":[{"@type":"ReadAction","target":["https:\/\/web.umons.ac.be\/card\/ghafari-chadi\/"]}]},{"@type":"ImageObject","inLanguage":"fr-FR","@id":"https:\/\/web.umons.ac.be\/card\/ghafari-chadi\/#primaryimage","url":"https:\/\/web.umons.ac.be\/app\/uploads\/sites\/123\/2022\/07\/Chadi-Ghafari-300x278.png","contentUrl":"https:\/\/web.umons.ac.be\/app\/uploads\/sites\/123\/2022\/07\/Chadi-Ghafari-300x278.png"},{"@type":"BreadcrumbList","@id":"https:\/\/web.umons.ac.be\/card\/ghafari-chadi\/#breadcrumb","itemListElement":[{"@type":"ListItem","position":1,"name":"Home","item":"https:\/\/web.umons.ac.be\/card\/"},{"@type":"ListItem","position":2,"name":"GHAFARI Chadi"}]},{"@type":"WebSite","@id":"https:\/\/web.umons.ac.be\/card\/#website","url":"https:\/\/web.umons.ac.be\/card\/","name":"Service \/ FMPB - Cardiologie","description":"","potentialAction":[{"@type":"SearchAction","target":{"@type":"EntryPoint","urlTemplate":"https:\/\/web.umons.ac.be\/card\/?s={search_term_string}"},"query-input":{"@type":"PropertyValueSpecification","valueRequired":true,"valueName":"search_term_string"}}],"inLanguage":"fr-FR"}]}},"lang":"fr","translations":{"fr":111},"pll_sync_post":[],"_links":{"self":[{"href":"https:\/\/web.umons.ac.be\/card\/wp-json\/wp\/v2\/pages\/111","targetHints":{"allow":["GET"]}}],"collection":[{"href":"https:\/\/web.umons.ac.be\/card\/wp-json\/wp\/v2\/pages"}],"about":[{"href":"https:\/\/web.umons.ac.be\/card\/wp-json\/wp\/v2\/types\/page"}],"author":[{"embeddable":true,"href":"https:\/\/web.umons.ac.be\/card\/wp-json\/wp\/v2\/users\/83"}],"replies":[{"embeddable":true,"href":"https:\/\/web.umons.ac.be\/card\/wp-json\/wp\/v2\/comments?post=111"}],"version-history":[{"count":3,"href":"https:\/\/web.umons.ac.be\/card\/wp-json\/wp\/v2\/pages\/111\/revisions"}],"predecessor-version":[{"id":358,"href":"https:\/\/web.umons.ac.be\/card\/wp-json\/wp\/v2\/pages\/111\/revisions\/358"}],"wp:attachment":[{"href":"https:\/\/web.umons.ac.be\/card\/wp-json\/wp\/v2\/media?parent=111"}],"curies":[{"name":"wp","href":"https:\/\/api.w.org\/{rel}","templated":true}]}}