{"id":161,"date":"2022-08-26T11:10:19","date_gmt":"2022-08-26T09:10:19","guid":{"rendered":"https:\/\/web.umons.ac.be\/card\/?page_id=161"},"modified":"2023-07-26T11:29:24","modified_gmt":"2023-07-26T09:29:24","slug":"carlier-stephane","status":"publish","type":"page","link":"https:\/\/web.umons.ac.be\/card\/carlier-stephane\/","title":{"rendered":"CARLIER St\u00e9phane"},"content":{"rendered":"<h1 style=\"text-align: center;\">CARLIER St\u00e9phane<\/h1>\n<p>&nbsp;<\/p>\n<p><img loading=\"lazy\" decoding=\"async\" class=\"size-medium wp-image-162 aligncenter\" src=\"https:\/\/web.umons.ac.be\/app\/uploads\/sites\/123\/2022\/08\/SC-pour-page-web-262x300.jpg\" alt=\"\" width=\"262\" height=\"300\" srcset=\"https:\/\/web.umons.ac.be\/app\/uploads\/sites\/123\/2022\/08\/SC-pour-page-web-262x300.jpg 262w, https:\/\/web.umons.ac.be\/app\/uploads\/sites\/123\/2022\/08\/SC-pour-page-web-768x881.jpg 768w, https:\/\/web.umons.ac.be\/app\/uploads\/sites\/123\/2022\/08\/SC-pour-page-web-576x660.jpg 576w, https:\/\/web.umons.ac.be\/app\/uploads\/sites\/123\/2022\/08\/SC-pour-page-web-30x34.jpg 30w, https:\/\/web.umons.ac.be\/app\/uploads\/sites\/123\/2022\/08\/SC-pour-page-web-52x60.jpg 52w, https:\/\/web.umons.ac.be\/app\/uploads\/sites\/123\/2022\/08\/SC-pour-page-web-360x413.jpg 360w, https:\/\/web.umons.ac.be\/app\/uploads\/sites\/123\/2022\/08\/SC-pour-page-web.jpg 893w\" sizes=\"auto, (max-width: 262px) 100vw, 262px\" \/><\/p>\n<p>&nbsp;<\/p>\n<p style=\"text-align: center;\">St\u00e9phane Carlier, MD, PhD, est cardiologue interventionnel au CHU Ambroise Par\u00e9 et charg\u00e9 de cours \u00e0 l\u2019UMONS o\u00f9 il enseigne la cardiologie. Il a d\u00e9fendu un PhD en bioengineering \u00e0 l\u2019universit\u00e9 Erasmus de Rotterdam. Il a depuis acquis une vaste expertise dans la conduite et la conception d&rsquo;essais cliniques.<\/p>\n<p style=\"text-align: center;\">Il est investigateur principal et co-investigateur de nombreux essais cliniques. Il a occup\u00e9 auparavant le poste de professeur adjoint de m\u00e9decine clinique et de bioing\u00e9nierie \u00e0 l&rsquo;Universit\u00e9 de Columbia \u00e0 New York o\u00f9 il \u00e9tait aussi le directeur du laboratoire d&rsquo;imagerie et de physiologie intravasculaire de la Cardiovascular Research Foundation (CRF). Il a \u00e9t\u00e9 le professeur invit\u00e9 Bryan Emmerson \u00e0 l&rsquo;Universit\u00e9 du Queensland et \u00e0 l&rsquo;h\u00f4pital Princess Alexandra de Brisbane en 2002. Il a travaill\u00e9 dans une soci\u00e9t\u00e9 de dispositifs biom\u00e9dicaux, Cordis, en tant que directeur des affaires m\u00e9dicales pour l&rsquo;Europe, le Moyen-Orient et l&rsquo;Afrique. Il est conseiller et consultant pour diff\u00e9rentes soci\u00e9t\u00e9s biom\u00e9dicales. Il est membre de plusieurs comit\u00e9s de lecture de revues m\u00e9dicales et de bioengineering. Ses int\u00e9r\u00eats de recherche incluent l\u2019imagerie intravasculaire par IVUS (ultrasons) et OCT, les angiographies coronaires quantitatives, la physiologie cardiovasculaire et l\u2019intelligence artificielle appliqu\u00e9e aux traitements de signaux biom\u00e9dicaux. Sa production scientifique de haut volume (plus de 180 publications, cit\u00e9es plus de 6000 fois) se traduit par un indice de Hirsch de 42. Il a toujours eu \u00e0 c\u0153ur de r\u00e9unir cliniciens et ing\u00e9nieurs pour d\u00e9velopper de nouveaux dispositifs diagnostiques et\/ou th\u00e9rapeutiques. Par exemple \u00e0 New York, en collaboration avec le Dr Renu Virmani, anatomopathologiste cardiaque de renom, et des ing\u00e9nieurs du City College de New York, une nouvelle hypoth\u00e8se expliquant l\u2019implication de microcalcifications dans la rupture de plaques ath\u00e9roscl\u00e9rotiques a \u00e9t\u00e9 \u00e9mise. Cette publication princeps (PNAS, 2006) a depuis \u00e9t\u00e9 r\u00e9f\u00e9renc\u00e9e plus de 400 fois dans des publications traitant des probl\u00e8mes de plaques vuln\u00e9rables, confirmant l\u2019hypoth\u00e8se math\u00e9matique de d\u00e9part.<\/p>\n<p style=\"text-align: center;\">Expert en recherche clinique, il a dirig\u00e9 le corelab d\u2019imagerie intravasculaire de la CRF \u00e0 New York qui a analys\u00e9 d&rsquo;importants essais de cardiologie interventionnelle. Cette expertise a permis de mettre sur pieds \u00e0 l&rsquo;universit\u00e9 de Mons un nouveau corelab au sein du d\u00e9partement de Cardiologie o\u00f9 sont effectu\u00e9es des analyses pour des \u00e9tudes multicentriques, ou la conception de nouveaux essais cliniques mis en \u0153uvre pour des entreprises biom\u00e9dicales. En parall\u00e8le, des recherches plus fondamentales sont men\u00e9es sur l&rsquo;ath\u00e9roscl\u00e9rose chez la souris, avec un accent sur la d\u00e9tection non invasive des plaques ath\u00e9roscl\u00e9rotique \u00e0 l&rsquo;aide de sondes RMN cibl\u00e9es sur VCAM, qui pourraient un jour conduire \u00e0 de nouveaux outils de diagnostic et essais. Un autre axe important de recherche est l\u2019\u00e9tude des interactions entre oncologie et ath\u00e9roscl\u00e9rose. Finalement, en \u00e9tant cardiologue interventionnel, il peut \u00e9tudier invasivement des probl\u00e8mes de physiologie cardiovasculaire tels que l\u2019\u00e9tude des interactions c\u0153ur-vaisseaux, la rigidit\u00e9 art\u00e9rielle (pulse wave velocity) ou l\u2019estimation de la pression aortique centrale \u00e0 partir de mesures p\u00e9riph\u00e9riques.<\/p>\n<p>&nbsp;<\/p>\n<p style=\"text-align: center;\"><a href=\"https:\/\/web.umons.ac.be\/card\/composition-du-service\/\">Contacter<\/a><\/p>\n","protected":false},"excerpt":{"rendered":"<p>CARLIER St\u00e9phane &nbsp; &nbsp; St\u00e9phane Carlier, MD, PhD, est cardiologue interventionnel au CHU Ambroise Par\u00e9 et charg\u00e9 de cours \u00e0 l\u2019UMONS o\u00f9 il enseigne la cardiologie. Il a d\u00e9fendu un PhD en bioengineering \u00e0 l\u2019universit\u00e9 Erasmus de Rotterdam. Il a depuis acquis une vaste expertise dans la conduite et la conception d&rsquo;essais cliniques. Il est [&hellip;]<\/p>\n","protected":false},"author":83,"featured_media":0,"parent":0,"menu_order":0,"comment_status":"closed","ping_status":"closed","template":"","meta":{"footnotes":""},"class_list":["post-161","page","type-page","status-publish","hentry"],"yoast_head":"<!-- This site is optimized with the Yoast SEO plugin v27.2 - https:\/\/yoast.com\/product\/yoast-seo-wordpress\/ -->\n<title>CARLIER St\u00e9phane - Service \/ FMPB - Cardiologie<\/title>\n<meta name=\"robots\" content=\"index, follow, max-snippet:-1, max-image-preview:large, max-video-preview:-1\" \/>\n<link rel=\"canonical\" href=\"https:\/\/web.umons.ac.be\/card\/carlier-stephane\/\" \/>\n<meta property=\"og:locale\" content=\"fr_FR\" \/>\n<meta property=\"og:type\" content=\"article\" \/>\n<meta property=\"og:title\" content=\"CARLIER St\u00e9phane - Service \/ FMPB - Cardiologie\" \/>\n<meta property=\"og:description\" content=\"CARLIER St\u00e9phane &nbsp; &nbsp; St\u00e9phane Carlier, MD, PhD, est cardiologue interventionnel au CHU Ambroise Par\u00e9 et charg\u00e9 de cours \u00e0 l\u2019UMONS o\u00f9 il enseigne la cardiologie. Il a d\u00e9fendu un PhD en bioengineering \u00e0 l\u2019universit\u00e9 Erasmus de Rotterdam. Il a depuis acquis une vaste expertise dans la conduite et la conception d&rsquo;essais cliniques. Il est [&hellip;]\" \/>\n<meta property=\"og:url\" content=\"https:\/\/web.umons.ac.be\/card\/carlier-stephane\/\" \/>\n<meta property=\"og:site_name\" content=\"Service \/ FMPB - Cardiologie\" \/>\n<meta property=\"article:modified_time\" content=\"2023-07-26T09:29:24+00:00\" \/>\n<meta property=\"og:image\" content=\"https:\/\/web.umons.ac.be\/app\/uploads\/sites\/123\/2022\/08\/SC-pour-page-web-262x300.jpg\" \/>\n<meta name=\"twitter:card\" content=\"summary_large_image\" \/>\n<meta name=\"twitter:label1\" content=\"Dur\u00e9e de lecture estim\u00e9e\" \/>\n\t<meta name=\"twitter:data1\" content=\"3 minutes\" \/>\n<script type=\"application\/ld+json\" class=\"yoast-schema-graph\">{\"@context\":\"https:\/\/schema.org\",\"@graph\":[{\"@type\":\"WebPage\",\"@id\":\"https:\/\/web.umons.ac.be\/card\/carlier-stephane\/\",\"url\":\"https:\/\/web.umons.ac.be\/card\/carlier-stephane\/\",\"name\":\"CARLIER St\u00e9phane - Service \/ FMPB - Cardiologie\",\"isPartOf\":{\"@id\":\"https:\/\/web.umons.ac.be\/card\/#website\"},\"primaryImageOfPage\":{\"@id\":\"https:\/\/web.umons.ac.be\/card\/carlier-stephane\/#primaryimage\"},\"image\":{\"@id\":\"https:\/\/web.umons.ac.be\/card\/carlier-stephane\/#primaryimage\"},\"thumbnailUrl\":\"https:\/\/web.umons.ac.be\/app\/uploads\/sites\/123\/2022\/08\/SC-pour-page-web-262x300.jpg\",\"datePublished\":\"2022-08-26T09:10:19+00:00\",\"dateModified\":\"2023-07-26T09:29:24+00:00\",\"breadcrumb\":{\"@id\":\"https:\/\/web.umons.ac.be\/card\/carlier-stephane\/#breadcrumb\"},\"inLanguage\":\"fr-FR\",\"potentialAction\":[{\"@type\":\"ReadAction\",\"target\":[\"https:\/\/web.umons.ac.be\/card\/carlier-stephane\/\"]}]},{\"@type\":\"ImageObject\",\"inLanguage\":\"fr-FR\",\"@id\":\"https:\/\/web.umons.ac.be\/card\/carlier-stephane\/#primaryimage\",\"url\":\"https:\/\/web.umons.ac.be\/app\/uploads\/sites\/123\/2022\/08\/SC-pour-page-web-262x300.jpg\",\"contentUrl\":\"https:\/\/web.umons.ac.be\/app\/uploads\/sites\/123\/2022\/08\/SC-pour-page-web-262x300.jpg\"},{\"@type\":\"BreadcrumbList\",\"@id\":\"https:\/\/web.umons.ac.be\/card\/carlier-stephane\/#breadcrumb\",\"itemListElement\":[{\"@type\":\"ListItem\",\"position\":1,\"name\":\"Home\",\"item\":\"https:\/\/web.umons.ac.be\/card\/\"},{\"@type\":\"ListItem\",\"position\":2,\"name\":\"CARLIER St\u00e9phane\"}]},{\"@type\":\"WebSite\",\"@id\":\"https:\/\/web.umons.ac.be\/card\/#website\",\"url\":\"https:\/\/web.umons.ac.be\/card\/\",\"name\":\"Service \/ FMPB - Cardiologie\",\"description\":\"\",\"potentialAction\":[{\"@type\":\"SearchAction\",\"target\":{\"@type\":\"EntryPoint\",\"urlTemplate\":\"https:\/\/web.umons.ac.be\/card\/?s={search_term_string}\"},\"query-input\":{\"@type\":\"PropertyValueSpecification\",\"valueRequired\":true,\"valueName\":\"search_term_string\"}}],\"inLanguage\":\"fr-FR\"}]}<\/script>\n<!-- \/ Yoast SEO plugin. -->","yoast_head_json":{"title":"CARLIER St\u00e9phane - Service \/ FMPB - Cardiologie","robots":{"index":"index","follow":"follow","max-snippet":"max-snippet:-1","max-image-preview":"max-image-preview:large","max-video-preview":"max-video-preview:-1"},"canonical":"https:\/\/web.umons.ac.be\/card\/carlier-stephane\/","og_locale":"fr_FR","og_type":"article","og_title":"CARLIER St\u00e9phane - Service \/ FMPB - Cardiologie","og_description":"CARLIER St\u00e9phane &nbsp; &nbsp; St\u00e9phane Carlier, MD, PhD, est cardiologue interventionnel au CHU Ambroise Par\u00e9 et charg\u00e9 de cours \u00e0 l\u2019UMONS o\u00f9 il enseigne la cardiologie. Il a d\u00e9fendu un PhD en bioengineering \u00e0 l\u2019universit\u00e9 Erasmus de Rotterdam. Il a depuis acquis une vaste expertise dans la conduite et la conception d&rsquo;essais cliniques. Il est [&hellip;]","og_url":"https:\/\/web.umons.ac.be\/card\/carlier-stephane\/","og_site_name":"Service \/ FMPB - Cardiologie","article_modified_time":"2023-07-26T09:29:24+00:00","og_image":[{"url":"https:\/\/web.umons.ac.be\/app\/uploads\/sites\/123\/2022\/08\/SC-pour-page-web-262x300.jpg","type":"","width":"","height":""}],"twitter_card":"summary_large_image","twitter_misc":{"Dur\u00e9e de lecture estim\u00e9e":"3 minutes"},"schema":{"@context":"https:\/\/schema.org","@graph":[{"@type":"WebPage","@id":"https:\/\/web.umons.ac.be\/card\/carlier-stephane\/","url":"https:\/\/web.umons.ac.be\/card\/carlier-stephane\/","name":"CARLIER St\u00e9phane - Service \/ FMPB - Cardiologie","isPartOf":{"@id":"https:\/\/web.umons.ac.be\/card\/#website"},"primaryImageOfPage":{"@id":"https:\/\/web.umons.ac.be\/card\/carlier-stephane\/#primaryimage"},"image":{"@id":"https:\/\/web.umons.ac.be\/card\/carlier-stephane\/#primaryimage"},"thumbnailUrl":"https:\/\/web.umons.ac.be\/app\/uploads\/sites\/123\/2022\/08\/SC-pour-page-web-262x300.jpg","datePublished":"2022-08-26T09:10:19+00:00","dateModified":"2023-07-26T09:29:24+00:00","breadcrumb":{"@id":"https:\/\/web.umons.ac.be\/card\/carlier-stephane\/#breadcrumb"},"inLanguage":"fr-FR","potentialAction":[{"@type":"ReadAction","target":["https:\/\/web.umons.ac.be\/card\/carlier-stephane\/"]}]},{"@type":"ImageObject","inLanguage":"fr-FR","@id":"https:\/\/web.umons.ac.be\/card\/carlier-stephane\/#primaryimage","url":"https:\/\/web.umons.ac.be\/app\/uploads\/sites\/123\/2022\/08\/SC-pour-page-web-262x300.jpg","contentUrl":"https:\/\/web.umons.ac.be\/app\/uploads\/sites\/123\/2022\/08\/SC-pour-page-web-262x300.jpg"},{"@type":"BreadcrumbList","@id":"https:\/\/web.umons.ac.be\/card\/carlier-stephane\/#breadcrumb","itemListElement":[{"@type":"ListItem","position":1,"name":"Home","item":"https:\/\/web.umons.ac.be\/card\/"},{"@type":"ListItem","position":2,"name":"CARLIER St\u00e9phane"}]},{"@type":"WebSite","@id":"https:\/\/web.umons.ac.be\/card\/#website","url":"https:\/\/web.umons.ac.be\/card\/","name":"Service \/ FMPB - Cardiologie","description":"","potentialAction":[{"@type":"SearchAction","target":{"@type":"EntryPoint","urlTemplate":"https:\/\/web.umons.ac.be\/card\/?s={search_term_string}"},"query-input":{"@type":"PropertyValueSpecification","valueRequired":true,"valueName":"search_term_string"}}],"inLanguage":"fr-FR"}]}},"lang":"fr","translations":{"fr":161},"pll_sync_post":[],"_links":{"self":[{"href":"https:\/\/web.umons.ac.be\/card\/wp-json\/wp\/v2\/pages\/161","targetHints":{"allow":["GET"]}}],"collection":[{"href":"https:\/\/web.umons.ac.be\/card\/wp-json\/wp\/v2\/pages"}],"about":[{"href":"https:\/\/web.umons.ac.be\/card\/wp-json\/wp\/v2\/types\/page"}],"author":[{"embeddable":true,"href":"https:\/\/web.umons.ac.be\/card\/wp-json\/wp\/v2\/users\/83"}],"replies":[{"embeddable":true,"href":"https:\/\/web.umons.ac.be\/card\/wp-json\/wp\/v2\/comments?post=161"}],"version-history":[{"count":3,"href":"https:\/\/web.umons.ac.be\/card\/wp-json\/wp\/v2\/pages\/161\/revisions"}],"predecessor-version":[{"id":235,"href":"https:\/\/web.umons.ac.be\/card\/wp-json\/wp\/v2\/pages\/161\/revisions\/235"}],"wp:attachment":[{"href":"https:\/\/web.umons.ac.be\/card\/wp-json\/wp\/v2\/media?parent=161"}],"curies":[{"name":"wp","href":"https:\/\/api.w.org\/{rel}","templated":true}]}}