{"id":181,"date":"2022-09-09T10:19:30","date_gmt":"2022-09-09T08:19:30","guid":{"rendered":"https:\/\/web.umons.ac.be\/card\/?page_id=181"},"modified":"2024-01-19T16:51:14","modified_gmt":"2024-01-19T15:51:14","slug":"doumani-metsim-lesly","status":"publish","type":"page","link":"https:\/\/web.umons.ac.be\/card\/doumani-metsim-lesly\/","title":{"rendered":"DOUMANI METSIM Lesly"},"content":{"rendered":"<h1 style=\"text-align: center;\">DOUMANI METSIM Lesly<\/h1>\n<p>&nbsp;<\/p>\n<p><img loading=\"lazy\" decoding=\"async\" class=\"size-medium wp-image-189 aligncenter\" src=\"https:\/\/web.umons.ac.be\/app\/uploads\/sites\/123\/2022\/09\/IMG-20220901-WA0029-1-254x300.jpg\" alt=\"\" width=\"254\" height=\"300\" srcset=\"https:\/\/web.umons.ac.be\/app\/uploads\/sites\/123\/2022\/09\/IMG-20220901-WA0029-1-254x300.jpg 254w, https:\/\/web.umons.ac.be\/app\/uploads\/sites\/123\/2022\/09\/IMG-20220901-WA0029-1-866x1024.jpg 866w, https:\/\/web.umons.ac.be\/app\/uploads\/sites\/123\/2022\/09\/IMG-20220901-WA0029-1-768x908.jpg 768w, https:\/\/web.umons.ac.be\/app\/uploads\/sites\/123\/2022\/09\/IMG-20220901-WA0029-1-1299x1536.jpg 1299w, https:\/\/web.umons.ac.be\/app\/uploads\/sites\/123\/2022\/09\/IMG-20220901-WA0029-1-558x660.jpg 558w, https:\/\/web.umons.ac.be\/app\/uploads\/sites\/123\/2022\/09\/IMG-20220901-WA0029-1-30x35.jpg 30w, https:\/\/web.umons.ac.be\/app\/uploads\/sites\/123\/2022\/09\/IMG-20220901-WA0029-1-51x60.jpg 51w, https:\/\/web.umons.ac.be\/app\/uploads\/sites\/123\/2022\/09\/IMG-20220901-WA0029-1-360x426.jpg 360w, https:\/\/web.umons.ac.be\/app\/uploads\/sites\/123\/2022\/09\/IMG-20220901-WA0029-1.jpg 1535w\" sizes=\"auto, (max-width: 254px) 100vw, 254px\" \/><\/p>\n<p>&nbsp;<\/p>\n<p style=\"text-align: center;\"><span style=\"font-size: 12pt;\">Dipl\u00f4m\u00e9 d&rsquo;un Master en Sciences Biom\u00e9dicales \u00e0 l&rsquo;UMons, L.Doumani Metsim a travaill\u00e9 sur un m\u00e9moire portant sur l&rsquo;\u00e9valuation du r\u00f4le du LDL oxyd\u00e9 et du milieu canc\u00e9reux sur les cellules endoth\u00e9liales et les macrophages. L&rsquo;\u00e9tude a eu lieu au sein d\u2019un mod\u00e8le 3D de vaisseaux sanguins art\u00e9rioscl\u00e9reux. Ce m\u00e9moire a pour but d&rsquo;\u00e9tudier le lien entre le cancer et l\u2019ath\u00e9roscl\u00e9rose, deux pathologies au taux de mortalit\u00e9 \u00e9lev\u00e9.\u00a0<\/span><\/p>\n","protected":false},"excerpt":{"rendered":"<p>DOUMANI METSIM Lesly &nbsp; &nbsp; Dipl\u00f4m\u00e9 d&rsquo;un Master en Sciences Biom\u00e9dicales \u00e0 l&rsquo;UMons, L.Doumani Metsim a travaill\u00e9 sur un m\u00e9moire portant sur l&rsquo;\u00e9valuation du r\u00f4le du LDL oxyd\u00e9 et du milieu canc\u00e9reux sur les cellules endoth\u00e9liales et les macrophages. L&rsquo;\u00e9tude a eu lieu au sein d\u2019un mod\u00e8le 3D de vaisseaux sanguins art\u00e9rioscl\u00e9reux. Ce m\u00e9moire a [&hellip;]<\/p>\n","protected":false},"author":83,"featured_media":0,"parent":0,"menu_order":0,"comment_status":"closed","ping_status":"closed","template":"","meta":{"footnotes":""},"class_list":["post-181","page","type-page","status-publish","hentry"],"yoast_head":"<!-- This site is optimized with the Yoast SEO plugin v27.2 - https:\/\/yoast.com\/product\/yoast-seo-wordpress\/ -->\n<title>DOUMANI METSIM Lesly - Service \/ FMPB - Cardiologie<\/title>\n<meta name=\"robots\" content=\"index, follow, max-snippet:-1, max-image-preview:large, max-video-preview:-1\" \/>\n<link rel=\"canonical\" href=\"https:\/\/web.umons.ac.be\/card\/doumani-metsim-lesly\/\" \/>\n<meta property=\"og:locale\" content=\"fr_FR\" \/>\n<meta property=\"og:type\" content=\"article\" \/>\n<meta property=\"og:title\" content=\"DOUMANI METSIM Lesly - Service \/ FMPB - Cardiologie\" \/>\n<meta property=\"og:description\" content=\"DOUMANI METSIM Lesly &nbsp; &nbsp; Dipl\u00f4m\u00e9 d&rsquo;un Master en Sciences Biom\u00e9dicales \u00e0 l&rsquo;UMons, L.Doumani Metsim a travaill\u00e9 sur un m\u00e9moire portant sur l&rsquo;\u00e9valuation du r\u00f4le du LDL oxyd\u00e9 et du milieu canc\u00e9reux sur les cellules endoth\u00e9liales et les macrophages. L&rsquo;\u00e9tude a eu lieu au sein d\u2019un mod\u00e8le 3D de vaisseaux sanguins art\u00e9rioscl\u00e9reux. Ce m\u00e9moire a [&hellip;]\" \/>\n<meta property=\"og:url\" content=\"https:\/\/web.umons.ac.be\/card\/doumani-metsim-lesly\/\" \/>\n<meta property=\"og:site_name\" content=\"Service \/ FMPB - Cardiologie\" \/>\n<meta property=\"article:modified_time\" content=\"2024-01-19T15:51:14+00:00\" \/>\n<meta property=\"og:image\" content=\"https:\/\/web.umons.ac.be\/app\/uploads\/sites\/123\/2022\/09\/IMG-20220901-WA0029-1-254x300.jpg\" \/>\n<meta name=\"twitter:card\" content=\"summary_large_image\" \/>\n<meta name=\"twitter:label1\" content=\"Dur\u00e9e de lecture estim\u00e9e\" \/>\n\t<meta name=\"twitter:data1\" content=\"1 minute\" \/>\n<script type=\"application\/ld+json\" class=\"yoast-schema-graph\">{\"@context\":\"https:\/\/schema.org\",\"@graph\":[{\"@type\":\"WebPage\",\"@id\":\"https:\/\/web.umons.ac.be\/card\/doumani-metsim-lesly\/\",\"url\":\"https:\/\/web.umons.ac.be\/card\/doumani-metsim-lesly\/\",\"name\":\"DOUMANI METSIM Lesly - Service \/ FMPB - Cardiologie\",\"isPartOf\":{\"@id\":\"https:\/\/web.umons.ac.be\/card\/#website\"},\"primaryImageOfPage\":{\"@id\":\"https:\/\/web.umons.ac.be\/card\/doumani-metsim-lesly\/#primaryimage\"},\"image\":{\"@id\":\"https:\/\/web.umons.ac.be\/card\/doumani-metsim-lesly\/#primaryimage\"},\"thumbnailUrl\":\"https:\/\/web.umons.ac.be\/app\/uploads\/sites\/123\/2022\/09\/IMG-20220901-WA0029-1-254x300.jpg\",\"datePublished\":\"2022-09-09T08:19:30+00:00\",\"dateModified\":\"2024-01-19T15:51:14+00:00\",\"breadcrumb\":{\"@id\":\"https:\/\/web.umons.ac.be\/card\/doumani-metsim-lesly\/#breadcrumb\"},\"inLanguage\":\"fr-FR\",\"potentialAction\":[{\"@type\":\"ReadAction\",\"target\":[\"https:\/\/web.umons.ac.be\/card\/doumani-metsim-lesly\/\"]}]},{\"@type\":\"ImageObject\",\"inLanguage\":\"fr-FR\",\"@id\":\"https:\/\/web.umons.ac.be\/card\/doumani-metsim-lesly\/#primaryimage\",\"url\":\"https:\/\/web.umons.ac.be\/app\/uploads\/sites\/123\/2022\/09\/IMG-20220901-WA0029-1-254x300.jpg\",\"contentUrl\":\"https:\/\/web.umons.ac.be\/app\/uploads\/sites\/123\/2022\/09\/IMG-20220901-WA0029-1-254x300.jpg\"},{\"@type\":\"BreadcrumbList\",\"@id\":\"https:\/\/web.umons.ac.be\/card\/doumani-metsim-lesly\/#breadcrumb\",\"itemListElement\":[{\"@type\":\"ListItem\",\"position\":1,\"name\":\"Home\",\"item\":\"https:\/\/web.umons.ac.be\/card\/\"},{\"@type\":\"ListItem\",\"position\":2,\"name\":\"DOUMANI METSIM Lesly\"}]},{\"@type\":\"WebSite\",\"@id\":\"https:\/\/web.umons.ac.be\/card\/#website\",\"url\":\"https:\/\/web.umons.ac.be\/card\/\",\"name\":\"Service \/ FMPB - Cardiologie\",\"description\":\"\",\"potentialAction\":[{\"@type\":\"SearchAction\",\"target\":{\"@type\":\"EntryPoint\",\"urlTemplate\":\"https:\/\/web.umons.ac.be\/card\/?s={search_term_string}\"},\"query-input\":{\"@type\":\"PropertyValueSpecification\",\"valueRequired\":true,\"valueName\":\"search_term_string\"}}],\"inLanguage\":\"fr-FR\"}]}<\/script>\n<!-- \/ Yoast SEO plugin. -->","yoast_head_json":{"title":"DOUMANI METSIM Lesly - Service \/ FMPB - Cardiologie","robots":{"index":"index","follow":"follow","max-snippet":"max-snippet:-1","max-image-preview":"max-image-preview:large","max-video-preview":"max-video-preview:-1"},"canonical":"https:\/\/web.umons.ac.be\/card\/doumani-metsim-lesly\/","og_locale":"fr_FR","og_type":"article","og_title":"DOUMANI METSIM Lesly - Service \/ FMPB - Cardiologie","og_description":"DOUMANI METSIM Lesly &nbsp; &nbsp; Dipl\u00f4m\u00e9 d&rsquo;un Master en Sciences Biom\u00e9dicales \u00e0 l&rsquo;UMons, L.Doumani Metsim a travaill\u00e9 sur un m\u00e9moire portant sur l&rsquo;\u00e9valuation du r\u00f4le du LDL oxyd\u00e9 et du milieu canc\u00e9reux sur les cellules endoth\u00e9liales et les macrophages. L&rsquo;\u00e9tude a eu lieu au sein d\u2019un mod\u00e8le 3D de vaisseaux sanguins art\u00e9rioscl\u00e9reux. Ce m\u00e9moire a [&hellip;]","og_url":"https:\/\/web.umons.ac.be\/card\/doumani-metsim-lesly\/","og_site_name":"Service \/ FMPB - Cardiologie","article_modified_time":"2024-01-19T15:51:14+00:00","og_image":[{"url":"https:\/\/web.umons.ac.be\/app\/uploads\/sites\/123\/2022\/09\/IMG-20220901-WA0029-1-254x300.jpg","type":"","width":"","height":""}],"twitter_card":"summary_large_image","twitter_misc":{"Dur\u00e9e de lecture estim\u00e9e":"1 minute"},"schema":{"@context":"https:\/\/schema.org","@graph":[{"@type":"WebPage","@id":"https:\/\/web.umons.ac.be\/card\/doumani-metsim-lesly\/","url":"https:\/\/web.umons.ac.be\/card\/doumani-metsim-lesly\/","name":"DOUMANI METSIM Lesly - Service \/ FMPB - Cardiologie","isPartOf":{"@id":"https:\/\/web.umons.ac.be\/card\/#website"},"primaryImageOfPage":{"@id":"https:\/\/web.umons.ac.be\/card\/doumani-metsim-lesly\/#primaryimage"},"image":{"@id":"https:\/\/web.umons.ac.be\/card\/doumani-metsim-lesly\/#primaryimage"},"thumbnailUrl":"https:\/\/web.umons.ac.be\/app\/uploads\/sites\/123\/2022\/09\/IMG-20220901-WA0029-1-254x300.jpg","datePublished":"2022-09-09T08:19:30+00:00","dateModified":"2024-01-19T15:51:14+00:00","breadcrumb":{"@id":"https:\/\/web.umons.ac.be\/card\/doumani-metsim-lesly\/#breadcrumb"},"inLanguage":"fr-FR","potentialAction":[{"@type":"ReadAction","target":["https:\/\/web.umons.ac.be\/card\/doumani-metsim-lesly\/"]}]},{"@type":"ImageObject","inLanguage":"fr-FR","@id":"https:\/\/web.umons.ac.be\/card\/doumani-metsim-lesly\/#primaryimage","url":"https:\/\/web.umons.ac.be\/app\/uploads\/sites\/123\/2022\/09\/IMG-20220901-WA0029-1-254x300.jpg","contentUrl":"https:\/\/web.umons.ac.be\/app\/uploads\/sites\/123\/2022\/09\/IMG-20220901-WA0029-1-254x300.jpg"},{"@type":"BreadcrumbList","@id":"https:\/\/web.umons.ac.be\/card\/doumani-metsim-lesly\/#breadcrumb","itemListElement":[{"@type":"ListItem","position":1,"name":"Home","item":"https:\/\/web.umons.ac.be\/card\/"},{"@type":"ListItem","position":2,"name":"DOUMANI METSIM Lesly"}]},{"@type":"WebSite","@id":"https:\/\/web.umons.ac.be\/card\/#website","url":"https:\/\/web.umons.ac.be\/card\/","name":"Service \/ FMPB - Cardiologie","description":"","potentialAction":[{"@type":"SearchAction","target":{"@type":"EntryPoint","urlTemplate":"https:\/\/web.umons.ac.be\/card\/?s={search_term_string}"},"query-input":{"@type":"PropertyValueSpecification","valueRequired":true,"valueName":"search_term_string"}}],"inLanguage":"fr-FR"}]}},"lang":"fr","translations":{"fr":181},"pll_sync_post":[],"_links":{"self":[{"href":"https:\/\/web.umons.ac.be\/card\/wp-json\/wp\/v2\/pages\/181","targetHints":{"allow":["GET"]}}],"collection":[{"href":"https:\/\/web.umons.ac.be\/card\/wp-json\/wp\/v2\/pages"}],"about":[{"href":"https:\/\/web.umons.ac.be\/card\/wp-json\/wp\/v2\/types\/page"}],"author":[{"embeddable":true,"href":"https:\/\/web.umons.ac.be\/card\/wp-json\/wp\/v2\/users\/83"}],"replies":[{"embeddable":true,"href":"https:\/\/web.umons.ac.be\/card\/wp-json\/wp\/v2\/comments?post=181"}],"version-history":[{"count":3,"href":"https:\/\/web.umons.ac.be\/card\/wp-json\/wp\/v2\/pages\/181\/revisions"}],"predecessor-version":[{"id":250,"href":"https:\/\/web.umons.ac.be\/card\/wp-json\/wp\/v2\/pages\/181\/revisions\/250"}],"wp:attachment":[{"href":"https:\/\/web.umons.ac.be\/card\/wp-json\/wp\/v2\/media?parent=181"}],"curies":[{"name":"wp","href":"https:\/\/api.w.org\/{rel}","templated":true}]}}