{"id":428,"date":"2025-01-13T10:22:39","date_gmt":"2025-01-13T09:22:39","guid":{"rendered":"https:\/\/web.umons.ac.be\/card\/?page_id=428"},"modified":"2025-01-29T12:03:25","modified_gmt":"2025-01-29T11:03:25","slug":"fratard-anaelle","status":"publish","type":"page","link":"https:\/\/web.umons.ac.be\/card\/fratard-anaelle\/","title":{"rendered":"FRATARD Ana\u00eblle"},"content":{"rendered":"<p style=\"text-align: center;\"><span style=\"font-family: arial, helvetica, sans-serif; font-size: 24pt;\"><strong>FRATARD Ana\u00eblle<\/strong><\/span><\/p>\n<p>&nbsp;<\/p>\n<p><span style=\"font-family: arial, helvetica, sans-serif; font-size: 12pt;\">Dipl\u00f4m\u00e9e d&rsquo;un Master en Sciences Biom\u00e9dicales et Pharmaceutiques \u00e0 finalit\u00e9 approfondie obtenu \u00e0 l&rsquo;UMONS, Ana\u00eblle a entam\u00e9 une th\u00e8se de doctorat sur les tests de la cardiotoxicit\u00e9 des traitements anticanc\u00e9reux sur des sph\u00e9ro\u00efdes cardiaques <em>in vitro<\/em> qu&rsquo;elle a d\u00e9velopp\u00e9 au sein du laboratoire de cardiologie.<\/span><\/p>\n<p><span style=\"font-family: arial, helvetica, sans-serif; font-size: 12pt;\">La description de son projet et certains r\u00e9sultats sont disponibles <a href=\"https:\/\/web.umons.ac.be\/card\/tests-de-la-cardiotoxicite-des-traitements-anticancereux-sur-des-spheroides-cardiaques-in-vitro\/\">ici<\/a>.<\/span><\/p>\n","protected":false},"excerpt":{"rendered":"<p>FRATARD Ana\u00eblle &nbsp; Dipl\u00f4m\u00e9e d&rsquo;un Master en Sciences Biom\u00e9dicales et Pharmaceutiques \u00e0 finalit\u00e9 approfondie obtenu \u00e0 l&rsquo;UMONS, Ana\u00eblle a entam\u00e9 une th\u00e8se de doctorat sur les tests de la cardiotoxicit\u00e9 des traitements anticanc\u00e9reux sur des sph\u00e9ro\u00efdes cardiaques in vitro qu&rsquo;elle a d\u00e9velopp\u00e9 au sein du laboratoire de cardiologie. La description de son projet et certains [&hellip;]<\/p>\n","protected":false},"author":83,"featured_media":0,"parent":0,"menu_order":0,"comment_status":"closed","ping_status":"closed","template":"","meta":{"footnotes":""},"class_list":["post-428","page","type-page","status-publish","hentry"],"yoast_head":"<!-- This site is optimized with the Yoast SEO plugin v27.2 - https:\/\/yoast.com\/product\/yoast-seo-wordpress\/ -->\n<title>FRATARD Ana\u00eblle - Service \/ FMPB - Cardiologie<\/title>\n<meta name=\"robots\" content=\"index, follow, max-snippet:-1, max-image-preview:large, max-video-preview:-1\" \/>\n<link rel=\"canonical\" href=\"https:\/\/web.umons.ac.be\/card\/fratard-anaelle\/\" \/>\n<meta property=\"og:locale\" content=\"fr_FR\" \/>\n<meta property=\"og:type\" content=\"article\" \/>\n<meta property=\"og:title\" content=\"FRATARD Ana\u00eblle - Service \/ FMPB - Cardiologie\" \/>\n<meta property=\"og:description\" content=\"FRATARD Ana\u00eblle &nbsp; Dipl\u00f4m\u00e9e d&rsquo;un Master en Sciences Biom\u00e9dicales et Pharmaceutiques \u00e0 finalit\u00e9 approfondie obtenu \u00e0 l&rsquo;UMONS, Ana\u00eblle a entam\u00e9 une th\u00e8se de doctorat sur les tests de la cardiotoxicit\u00e9 des traitements anticanc\u00e9reux sur des sph\u00e9ro\u00efdes cardiaques in vitro qu&rsquo;elle a d\u00e9velopp\u00e9 au sein du laboratoire de cardiologie. La description de son projet et certains [&hellip;]\" \/>\n<meta property=\"og:url\" content=\"https:\/\/web.umons.ac.be\/card\/fratard-anaelle\/\" \/>\n<meta property=\"og:site_name\" content=\"Service \/ FMPB - Cardiologie\" \/>\n<meta property=\"article:modified_time\" content=\"2025-01-29T11:03:25+00:00\" \/>\n<meta name=\"twitter:card\" content=\"summary_large_image\" \/>\n<meta name=\"twitter:label1\" content=\"Dur\u00e9e de lecture estim\u00e9e\" \/>\n\t<meta name=\"twitter:data1\" content=\"1 minute\" \/>\n<script type=\"application\/ld+json\" class=\"yoast-schema-graph\">{\"@context\":\"https:\/\/schema.org\",\"@graph\":[{\"@type\":\"WebPage\",\"@id\":\"https:\/\/web.umons.ac.be\/card\/fratard-anaelle\/\",\"url\":\"https:\/\/web.umons.ac.be\/card\/fratard-anaelle\/\",\"name\":\"FRATARD Ana\u00eblle - Service \/ FMPB - Cardiologie\",\"isPartOf\":{\"@id\":\"https:\/\/web.umons.ac.be\/card\/#website\"},\"datePublished\":\"2025-01-13T09:22:39+00:00\",\"dateModified\":\"2025-01-29T11:03:25+00:00\",\"breadcrumb\":{\"@id\":\"https:\/\/web.umons.ac.be\/card\/fratard-anaelle\/#breadcrumb\"},\"inLanguage\":\"fr-FR\",\"potentialAction\":[{\"@type\":\"ReadAction\",\"target\":[\"https:\/\/web.umons.ac.be\/card\/fratard-anaelle\/\"]}]},{\"@type\":\"BreadcrumbList\",\"@id\":\"https:\/\/web.umons.ac.be\/card\/fratard-anaelle\/#breadcrumb\",\"itemListElement\":[{\"@type\":\"ListItem\",\"position\":1,\"name\":\"Home\",\"item\":\"https:\/\/web.umons.ac.be\/card\/\"},{\"@type\":\"ListItem\",\"position\":2,\"name\":\"FRATARD Ana\u00eblle\"}]},{\"@type\":\"WebSite\",\"@id\":\"https:\/\/web.umons.ac.be\/card\/#website\",\"url\":\"https:\/\/web.umons.ac.be\/card\/\",\"name\":\"Service \/ FMPB - Cardiologie\",\"description\":\"\",\"potentialAction\":[{\"@type\":\"SearchAction\",\"target\":{\"@type\":\"EntryPoint\",\"urlTemplate\":\"https:\/\/web.umons.ac.be\/card\/?s={search_term_string}\"},\"query-input\":{\"@type\":\"PropertyValueSpecification\",\"valueRequired\":true,\"valueName\":\"search_term_string\"}}],\"inLanguage\":\"fr-FR\"}]}<\/script>\n<!-- \/ Yoast SEO plugin. -->","yoast_head_json":{"title":"FRATARD Ana\u00eblle - Service \/ FMPB - Cardiologie","robots":{"index":"index","follow":"follow","max-snippet":"max-snippet:-1","max-image-preview":"max-image-preview:large","max-video-preview":"max-video-preview:-1"},"canonical":"https:\/\/web.umons.ac.be\/card\/fratard-anaelle\/","og_locale":"fr_FR","og_type":"article","og_title":"FRATARD Ana\u00eblle - Service \/ FMPB - Cardiologie","og_description":"FRATARD Ana\u00eblle &nbsp; Dipl\u00f4m\u00e9e d&rsquo;un Master en Sciences Biom\u00e9dicales et Pharmaceutiques \u00e0 finalit\u00e9 approfondie obtenu \u00e0 l&rsquo;UMONS, Ana\u00eblle a entam\u00e9 une th\u00e8se de doctorat sur les tests de la cardiotoxicit\u00e9 des traitements anticanc\u00e9reux sur des sph\u00e9ro\u00efdes cardiaques in vitro qu&rsquo;elle a d\u00e9velopp\u00e9 au sein du laboratoire de cardiologie. La description de son projet et certains [&hellip;]","og_url":"https:\/\/web.umons.ac.be\/card\/fratard-anaelle\/","og_site_name":"Service \/ FMPB - Cardiologie","article_modified_time":"2025-01-29T11:03:25+00:00","twitter_card":"summary_large_image","twitter_misc":{"Dur\u00e9e de lecture estim\u00e9e":"1 minute"},"schema":{"@context":"https:\/\/schema.org","@graph":[{"@type":"WebPage","@id":"https:\/\/web.umons.ac.be\/card\/fratard-anaelle\/","url":"https:\/\/web.umons.ac.be\/card\/fratard-anaelle\/","name":"FRATARD Ana\u00eblle - Service \/ FMPB - Cardiologie","isPartOf":{"@id":"https:\/\/web.umons.ac.be\/card\/#website"},"datePublished":"2025-01-13T09:22:39+00:00","dateModified":"2025-01-29T11:03:25+00:00","breadcrumb":{"@id":"https:\/\/web.umons.ac.be\/card\/fratard-anaelle\/#breadcrumb"},"inLanguage":"fr-FR","potentialAction":[{"@type":"ReadAction","target":["https:\/\/web.umons.ac.be\/card\/fratard-anaelle\/"]}]},{"@type":"BreadcrumbList","@id":"https:\/\/web.umons.ac.be\/card\/fratard-anaelle\/#breadcrumb","itemListElement":[{"@type":"ListItem","position":1,"name":"Home","item":"https:\/\/web.umons.ac.be\/card\/"},{"@type":"ListItem","position":2,"name":"FRATARD Ana\u00eblle"}]},{"@type":"WebSite","@id":"https:\/\/web.umons.ac.be\/card\/#website","url":"https:\/\/web.umons.ac.be\/card\/","name":"Service \/ FMPB - Cardiologie","description":"","potentialAction":[{"@type":"SearchAction","target":{"@type":"EntryPoint","urlTemplate":"https:\/\/web.umons.ac.be\/card\/?s={search_term_string}"},"query-input":{"@type":"PropertyValueSpecification","valueRequired":true,"valueName":"search_term_string"}}],"inLanguage":"fr-FR"}]}},"lang":"fr","translations":{"fr":428,"en":491},"pll_sync_post":[],"_links":{"self":[{"href":"https:\/\/web.umons.ac.be\/card\/wp-json\/wp\/v2\/pages\/428","targetHints":{"allow":["GET"]}}],"collection":[{"href":"https:\/\/web.umons.ac.be\/card\/wp-json\/wp\/v2\/pages"}],"about":[{"href":"https:\/\/web.umons.ac.be\/card\/wp-json\/wp\/v2\/types\/page"}],"author":[{"embeddable":true,"href":"https:\/\/web.umons.ac.be\/card\/wp-json\/wp\/v2\/users\/83"}],"replies":[{"embeddable":true,"href":"https:\/\/web.umons.ac.be\/card\/wp-json\/wp\/v2\/comments?post=428"}],"version-history":[{"count":3,"href":"https:\/\/web.umons.ac.be\/card\/wp-json\/wp\/v2\/pages\/428\/revisions"}],"predecessor-version":[{"id":490,"href":"https:\/\/web.umons.ac.be\/card\/wp-json\/wp\/v2\/pages\/428\/revisions\/490"}],"wp:attachment":[{"href":"https:\/\/web.umons.ac.be\/card\/wp-json\/wp\/v2\/media?parent=428"}],"curies":[{"name":"wp","href":"https:\/\/api.w.org\/{rel}","templated":true}]}}