{"id":52,"date":"2021-12-01T10:24:31","date_gmt":"2021-12-01T09:24:31","guid":{"rendered":"https:\/\/web.umons.ac.be\/care\/?page_id=52"},"modified":"2021-12-01T10:38:29","modified_gmt":"2021-12-01T09:38:29","slug":"organismes-exterieurs-de-reference","status":"publish","type":"page","link":"https:\/\/web.umons.ac.be\/care\/organismes-exterieurs-de-reference\/","title":{"rendered":"Organismes ext\u00e9rieurs de r\u00e9f\u00e9rence"},"content":{"rendered":"<ul>\n<li class=\"title-With-Background\"><a title=\"\" href=\"https:\/\/web.umons.ac.be\/app\/uploads\/sites\/158\/2021\/12\/Brochureamadeus.pdf\" target=\"_blank\" rel=\"noopener\">Amadeus<\/a><\/li>\n<li class=\"title-With-Background\"><a title=\"\" href=\"https:\/\/web.umons.ac.be\/app\/uploads\/sites\/158\/2021\/12\/Belfirst-copie.pdf\" target=\"_blank\" rel=\"noopener\">Belfirst<\/a><\/li>\n<li class=\"title-With-Background\"><a title=\"\" href=\"http:\/\/www.nbb.be\/pub\/home.htm?l=fr\" target=\"_blank\" rel=\"noopener\">BNB<\/a><\/li>\n<li class=\"title-With-Background\"><a title=\"\" href=\"https:\/\/economix.fr\/\" target=\"_blank\" rel=\"noopener\">EconomiX<\/a><\/li>\n<li class=\"title-With-Background\"><a title=\"\" href=\"https:\/\/www.ibr-ire.be\/fr\" target=\"_blank\" rel=\"noopener\">Institut des R\u00e9viseurs d\u2019Entreprises<\/a><\/li>\n<li class=\"title-With-Background\"><a title=\"\" href=\"http:\/\/www.monkey.be\/beforelogin.aspx?lang=fr\" target=\"_blank\" rel=\"noopener\">Monkey<\/a><\/li>\n<\/ul>\n<h4><span class=\"ms-rteCustom-TexteRouge\">Chaire en Entrepreneuriat et statut d&rsquo;\u00e9tudiant-entrepreneur\u00a0\u00a0<\/span><\/h4>\n<ul>\n<li>C\u2019est quoi au juste un \u00e9tudiant-entrepreneur ?<br \/>\nC\u2019est un statut qui permet aux \u00e9tudiants qui veulent cr\u00e9er une entreprise ou en ont d\u00e9j\u00e0 une de concilier plus facilement \u00e9tudes et vie professionnelle.<br \/>\nL\u2019\u00e9tudiant-entrepreneur peut b\u00e9n\u00e9ficier d&rsquo;am\u00e9nagement d\u2019horaire et des modalit\u00e9s d\u2019\u00e9valuation. De plus, il n\u2019a pas d\u2019obligation de stage en entreprise puisque le d\u00e9veloppement de son projet entrepreneurial le remplace.<\/li>\n<li>Qui y a droit ?<br \/>\nAvec un projet ou une entreprise qui tourne d\u00e9j\u00e0, ce statut est accord\u00e9 sur la base de la qualit\u00e9 et de la faisabilit\u00e9 du projet entrepreneurial.<\/li>\n<\/ul>\n<p>Toutes les chances de votre c\u00f4t\u00e9 ? Fiez-vous \u00e0 notre expertise !<br \/>\nVous savez donc maintenant que l\u2019UMONS \/ FWEG\u00a0met tout en place pour favoriser et dynamiser cet esprit entrepreneurial et votre passage \u00e0 l\u2019acte. Cependant, en tant que n\u00e9o-entrepreneur, vous n\u2019avez pas toujours toutes les cartes en main pour vous lancer ! C\u2019est l\u00e0 qu\u2019intervient le cours d\u2019entrepreneuriat, en collaboration avec La Maison de l\u2019Entreprise !<\/p>\n<p>Le module entrepreneuriat vous forme aux aspects pratiques de la cr\u00e9ation d\u2019entreprise. Vous b\u00e9n\u00e9ficierez de coaching et de conseils de professionnels pour l\u2019\u00e9laboration de votre projet (que vous avez d\u00e9j\u00e0 ou non !). Et cela vous assurera une meilleure cr\u00e9dibilit\u00e9. A l&rsquo;issue de cet enseignement, les \u00e9tudiants seront capables de d\u00e9velopper et de dynamiser leur esprit d&rsquo;entreprendre tout en leur permettant de d\u00e9velopper leurs projets personnels d&rsquo;entreprise et un business model, de r\u00e9aliser un business plan et un plan financier. Apr\u00e8s cela, vous ma\u00eetriserez tous les \u00e9l\u00e9ments n\u00e9cessaires pour promouvoir votre projet !<\/p>\n<p>A vous de jouer !<br \/>\nLa balle est maintenant dans votre camp pour vos aspirations entrepreneuriales.<\/p>\n<p>Liens vers capsules youtube :<\/p>\n<ul>\n<li><a title=\"\" href=\"http:\/\/www.youtube.com\/watch?v=PmI3i8Y1mYs\" target=\"_blank\" rel=\"noopener\">http:\/\/www.youtube.com\/watch?v=PmI3i8Y1mYs<\/a><\/li>\n<li><a title=\"\" href=\"http:\/\/www.youtube.com\/watch?v=GpAHBQ4J9iY\" target=\"_blank\" rel=\"noopener\">http:\/\/www.youtube.com\/watch?v=GpAHBQ4J9iY<\/a><\/li>\n<\/ul>\n<hr \/>\n<h4><span class=\"ms-rteCustom-TexteRouge\">Le r\u00e9viseur d\u2019entreprises (IBR-IRE)<\/span><\/h4>\n<p>\u00ab Le r\u00e9viseur d\u2019entreprises est un expert ind\u00e9pendant et impartial au service des entreprises, des pouvoirs publics et de nombreux organismes du secteur non marchand. Ses rapports sont destin\u00e9s \u00e0 de nombreuses parties prenantes (investisseurs, travailleurs, fournisseurs, clients, etc.). L\u2019objectif principal est d\u2019assurer la fiabilit\u00e9 des comptes annuels ou des comptes consolid\u00e9s, dont les utilisateurs attendent qu\u2019ils donnent une image fid\u00e8le du patrimoine, de la situation financi\u00e8re et des r\u00e9sultats de l\u2019entit\u00e9.<\/p>\n<p>L\u2019expertise du r\u00e9viseur d\u2019entreprises ne se limite pas au contr\u00f4le des comptes au sens strict. La r\u00e9vision est bas\u00e9e sur les techniques d\u2019audit qui comprennent l\u2019appr\u00e9ciation des \u00e9valuations et de la qualit\u00e9 des syst\u00e8mes de contr\u00f4le interne, et de plus en plus de gestion des risques. L\u2019intervention des r\u00e9viseurs d\u2019entreprises am\u00e9liore la confiance des tiers et des parties prenantes les plus diverses : dirigeants d\u2019entreprises et d\u2019institutions, actionnaires, banquiers, fournisseurs, clients, travailleurs, syndicats, ainsi que l\u2019Etat lui-m\u00eame (en tant que Tr\u00e9sor public, garant de la s\u00e9curit\u00e9 sociale, etc.). \u00bb<\/p>\n<p>Liens vers :<\/p>\n<ul>\n<li>Les conditions d&rsquo;acc\u00e8s \u00e0 la profession :<br \/>\n<a title=\"\" href=\"http:\/\/www.ibr-ire.be\/fr\/stage\/acces_au_stage\/conditions\/Pages\/Default.aspx\" target=\"_blank\" rel=\"noopener\">http:\/\/www.ibr-ire.be\/fr\/stage\/acces_au_stage\/conditions\/Pages\/Default.aspx<\/a><\/li>\n<li>L&rsquo;examen d&rsquo;admission :<br \/>\n<a title=\"\" href=\"http:\/\/www.ibr-ire.be\/fr\/stage\/acces_au_stage\/examen_dadmission\/Pages\/Default.aspx\" target=\"_blank\" rel=\"noopener\">http:\/\/www.ibr-ire.be\/fr\/stage\/acces_au_stage\/examen_dadmission\/Pages\/Default.aspx<\/a><\/li>\n<li>Le dossier d&rsquo;admission au stage :<br \/>\n<a title=\"\" href=\"http:\/\/www.ibr-ire.be\/fr\/stage\/acces_au_stage\/dossier_dadmission_au_stage\/Pages\/Default.aspx\" target=\"_blank\" rel=\"noopener\">http:\/\/www.ibr-ire.be\/fr\/stage\/acces_au_stage\/dossier_dadmission_au_stage\/Pages\/Default.aspx<\/a><\/li>\n<\/ul>\n<p>&nbsp;<\/p>\n<p>Liste des cours donnant une dispense \u00e0 l\u2019examen d\u2019admission (hors 3 ann\u00e9es de Bachelier et tronc commun en master 1 et 2) :<\/p>\n<ul>\n<li>W-COGE-011\u00a0<span class=\"ms-rteCustom-Gras\">Comptes consolid\u00e9s\u00a0<\/span>&#8211;\u00a0Olivier COLOT<\/li>\n<li>W-COGE-013\u00a0<span class=\"ms-rteCustom-Gras\">Contr\u00f4le interne\u00a0<\/span>&#8211; Karin COMBLE, St\u00e9phane DARIMONT<\/li>\n<li>W-COGE-015\u00a0<span class=\"ms-rteCustom-Gras\">Droit des comptes annuels et normes internationales\u00a0<\/span>&#8211;\u00a0Olivier COLOT<\/li>\n<li>W-COGE-022\u00a0<span class=\"ms-rteCustom-Gras\">Financial Statements Analysis and Introduction to IAS\/IFRS\u00a0<\/span>&#8211;\u00a0Karin COMBLE<\/li>\n<li>W-COGE-004\u00a0<span class=\"ms-rteCustom-Gras\">Comptabilit\u00e9 bancaire\u00a0<\/span>(si l\u2019\u00e9tudiant n\u2019a pas suivi le cours de Comptabilit\u00e9 g\u00e9n\u00e9rale Compl\u00e9ment en bac 3) &#8211;\u00a0Olivier COLOT<\/li>\n<li>W-DDRO-002\u00a0<span class=\"ms-rteCustom-Gras\">Droit des soci\u00e9t\u00e9s\u00a0<\/span>(y compris faillites) &#8211;\u00a0Francis BRINGARD, Michel FORGES<\/li>\n<li>W-DDRO-003\u00a0<span class=\"ms-rteCustom-Gras\">Droit du travail et de la s\u00e9curit\u00e9 sociale\u00a0<\/span>&#8211;\u00a0Philippe BRON<\/li>\n<li>W-COGE-001\u00a0<span class=\"ms-rteCustom-Gras\">Analyse des performances et contr\u00f4le de gestion\u00a0<\/span>&#8211;\u00a0Christiane BUGHIN<\/li>\n<li>W-COGE-003\u00a0<span class=\"ms-rteCustom-Gras\">Auditing of Computerized Accounting Systems\u00a0<\/span>&#8211;\u00a0Jean-Philippe LETELLIER<\/li>\n<li>W-MFGO-001\u00a0<span class=\"ms-rteCustom-Gras\">Corporate Governance\u00a0<\/span>&#8211;\u00a0Alain FINET<\/li>\n<li>W-COGE-019\u00a0<span class=\"ms-rteCustom-Gras\">Missions l\u00e9gales, d\u00e9ontologie, normes professionnelles\u00a0<\/span>&#8211;\u00a0Alexis PRUNEAU<\/li>\n<li>W-TICO-003\u00a0<span class=\"ms-rteCustom-Gras\">Gestion int\u00e9gr\u00e9e d&rsquo;entreprises\u00a0<\/span>&#8211; ERP &#8211;\u00a0Joel HENNUY<\/li>\n<\/ul>\n","protected":false},"excerpt":{"rendered":"<p>Amadeus Belfirst BNB EconomiX Institut des R\u00e9viseurs d\u2019Entreprises Monkey Chaire en Entrepreneuriat et statut d&rsquo;\u00e9tudiant-entrepreneur\u00a0\u00a0 C\u2019est quoi au juste un \u00e9tudiant-entrepreneur ? C\u2019est un statut qui permet aux \u00e9tudiants qui veulent cr\u00e9er une entreprise ou en ont d\u00e9j\u00e0 une de concilier plus facilement \u00e9tudes et vie professionnelle. L\u2019\u00e9tudiant-entrepreneur peut b\u00e9n\u00e9ficier d&rsquo;am\u00e9nagement d\u2019horaire et des modalit\u00e9s [&hellip;]<\/p>\n","protected":false},"author":4,"featured_media":0,"parent":0,"menu_order":0,"comment_status":"closed","ping_status":"closed","template":"","meta":{"footnotes":""},"class_list":["post-52","page","type-page","status-publish","hentry"],"yoast_head":"<!-- This site is optimized with the Yoast SEO plugin v27.2 - https:\/\/yoast.com\/product\/yoast-seo-wordpress\/ -->\n<title>Organismes ext\u00e9rieurs de r\u00e9f\u00e9rence - Service \/ FWEG - Comptabilit\u00e9, Audit, Risk management et Entrepreneuriat<\/title>\n<meta name=\"robots\" content=\"index, follow, max-snippet:-1, max-image-preview:large, max-video-preview:-1\" \/>\n<link rel=\"canonical\" href=\"https:\/\/web.umons.ac.be\/care\/organismes-exterieurs-de-reference\/\" \/>\n<meta property=\"og:locale\" content=\"fr_FR\" \/>\n<meta property=\"og:type\" content=\"article\" \/>\n<meta property=\"og:title\" content=\"Organismes ext\u00e9rieurs de r\u00e9f\u00e9rence - Service \/ FWEG - Comptabilit\u00e9, Audit, Risk management et Entrepreneuriat\" \/>\n<meta property=\"og:description\" content=\"Amadeus Belfirst BNB EconomiX Institut des R\u00e9viseurs d\u2019Entreprises Monkey Chaire en Entrepreneuriat et statut d&rsquo;\u00e9tudiant-entrepreneur\u00a0\u00a0 C\u2019est quoi au juste un \u00e9tudiant-entrepreneur ? C\u2019est un statut qui permet aux \u00e9tudiants qui veulent cr\u00e9er une entreprise ou en ont d\u00e9j\u00e0 une de concilier plus facilement \u00e9tudes et vie professionnelle. L\u2019\u00e9tudiant-entrepreneur peut b\u00e9n\u00e9ficier d&rsquo;am\u00e9nagement d\u2019horaire et des modalit\u00e9s [&hellip;]\" \/>\n<meta property=\"og:url\" content=\"https:\/\/web.umons.ac.be\/care\/organismes-exterieurs-de-reference\/\" \/>\n<meta property=\"og:site_name\" content=\"Service \/ FWEG - Comptabilit\u00e9, Audit, Risk management et Entrepreneuriat\" \/>\n<meta property=\"article:modified_time\" content=\"2021-12-01T09:38:29+00:00\" \/>\n<meta name=\"twitter:card\" content=\"summary_large_image\" \/>\n<meta name=\"twitter:label1\" content=\"Dur\u00e9e de lecture estim\u00e9e\" \/>\n\t<meta name=\"twitter:data1\" content=\"3 minutes\" \/>\n<script type=\"application\/ld+json\" class=\"yoast-schema-graph\">{\"@context\":\"https:\/\/schema.org\",\"@graph\":[{\"@type\":\"WebPage\",\"@id\":\"https:\/\/web.umons.ac.be\/care\/organismes-exterieurs-de-reference\/\",\"url\":\"https:\/\/web.umons.ac.be\/care\/organismes-exterieurs-de-reference\/\",\"name\":\"Organismes ext\u00e9rieurs de r\u00e9f\u00e9rence - Service \/ FWEG - Comptabilit\u00e9, Audit, Risk management et Entrepreneuriat\",\"isPartOf\":{\"@id\":\"https:\/\/web.umons.ac.be\/care\/#website\"},\"datePublished\":\"2021-12-01T09:24:31+00:00\",\"dateModified\":\"2021-12-01T09:38:29+00:00\",\"breadcrumb\":{\"@id\":\"https:\/\/web.umons.ac.be\/care\/organismes-exterieurs-de-reference\/#breadcrumb\"},\"inLanguage\":\"fr-FR\",\"potentialAction\":[{\"@type\":\"ReadAction\",\"target\":[\"https:\/\/web.umons.ac.be\/care\/organismes-exterieurs-de-reference\/\"]}]},{\"@type\":\"BreadcrumbList\",\"@id\":\"https:\/\/web.umons.ac.be\/care\/organismes-exterieurs-de-reference\/#breadcrumb\",\"itemListElement\":[{\"@type\":\"ListItem\",\"position\":1,\"name\":\"Home\",\"item\":\"https:\/\/web.umons.ac.be\/care\/\"},{\"@type\":\"ListItem\",\"position\":2,\"name\":\"Organismes ext\u00e9rieurs de r\u00e9f\u00e9rence\"}]},{\"@type\":\"WebSite\",\"@id\":\"https:\/\/web.umons.ac.be\/care\/#website\",\"url\":\"https:\/\/web.umons.ac.be\/care\/\",\"name\":\"Service \/ FWEG - Comptabilit\u00e9, Audit, Risk management et Entrepreneuriat\",\"description\":\"\",\"potentialAction\":[{\"@type\":\"SearchAction\",\"target\":{\"@type\":\"EntryPoint\",\"urlTemplate\":\"https:\/\/web.umons.ac.be\/care\/?s={search_term_string}\"},\"query-input\":{\"@type\":\"PropertyValueSpecification\",\"valueRequired\":true,\"valueName\":\"search_term_string\"}}],\"inLanguage\":\"fr-FR\"}]}<\/script>\n<!-- \/ Yoast SEO plugin. -->","yoast_head_json":{"title":"Organismes ext\u00e9rieurs de r\u00e9f\u00e9rence - Service \/ FWEG - Comptabilit\u00e9, Audit, Risk management et Entrepreneuriat","robots":{"index":"index","follow":"follow","max-snippet":"max-snippet:-1","max-image-preview":"max-image-preview:large","max-video-preview":"max-video-preview:-1"},"canonical":"https:\/\/web.umons.ac.be\/care\/organismes-exterieurs-de-reference\/","og_locale":"fr_FR","og_type":"article","og_title":"Organismes ext\u00e9rieurs de r\u00e9f\u00e9rence - Service \/ FWEG - Comptabilit\u00e9, Audit, Risk management et Entrepreneuriat","og_description":"Amadeus Belfirst BNB EconomiX Institut des R\u00e9viseurs d\u2019Entreprises Monkey Chaire en Entrepreneuriat et statut d&rsquo;\u00e9tudiant-entrepreneur\u00a0\u00a0 C\u2019est quoi au juste un \u00e9tudiant-entrepreneur ? C\u2019est un statut qui permet aux \u00e9tudiants qui veulent cr\u00e9er une entreprise ou en ont d\u00e9j\u00e0 une de concilier plus facilement \u00e9tudes et vie professionnelle. L\u2019\u00e9tudiant-entrepreneur peut b\u00e9n\u00e9ficier d&rsquo;am\u00e9nagement d\u2019horaire et des modalit\u00e9s [&hellip;]","og_url":"https:\/\/web.umons.ac.be\/care\/organismes-exterieurs-de-reference\/","og_site_name":"Service \/ FWEG - Comptabilit\u00e9, Audit, Risk management et Entrepreneuriat","article_modified_time":"2021-12-01T09:38:29+00:00","twitter_card":"summary_large_image","twitter_misc":{"Dur\u00e9e de lecture estim\u00e9e":"3 minutes"},"schema":{"@context":"https:\/\/schema.org","@graph":[{"@type":"WebPage","@id":"https:\/\/web.umons.ac.be\/care\/organismes-exterieurs-de-reference\/","url":"https:\/\/web.umons.ac.be\/care\/organismes-exterieurs-de-reference\/","name":"Organismes ext\u00e9rieurs de r\u00e9f\u00e9rence - Service \/ FWEG - Comptabilit\u00e9, Audit, Risk management et Entrepreneuriat","isPartOf":{"@id":"https:\/\/web.umons.ac.be\/care\/#website"},"datePublished":"2021-12-01T09:24:31+00:00","dateModified":"2021-12-01T09:38:29+00:00","breadcrumb":{"@id":"https:\/\/web.umons.ac.be\/care\/organismes-exterieurs-de-reference\/#breadcrumb"},"inLanguage":"fr-FR","potentialAction":[{"@type":"ReadAction","target":["https:\/\/web.umons.ac.be\/care\/organismes-exterieurs-de-reference\/"]}]},{"@type":"BreadcrumbList","@id":"https:\/\/web.umons.ac.be\/care\/organismes-exterieurs-de-reference\/#breadcrumb","itemListElement":[{"@type":"ListItem","position":1,"name":"Home","item":"https:\/\/web.umons.ac.be\/care\/"},{"@type":"ListItem","position":2,"name":"Organismes ext\u00e9rieurs de r\u00e9f\u00e9rence"}]},{"@type":"WebSite","@id":"https:\/\/web.umons.ac.be\/care\/#website","url":"https:\/\/web.umons.ac.be\/care\/","name":"Service \/ FWEG - Comptabilit\u00e9, Audit, Risk management et Entrepreneuriat","description":"","potentialAction":[{"@type":"SearchAction","target":{"@type":"EntryPoint","urlTemplate":"https:\/\/web.umons.ac.be\/care\/?s={search_term_string}"},"query-input":{"@type":"PropertyValueSpecification","valueRequired":true,"valueName":"search_term_string"}}],"inLanguage":"fr-FR"}]}},"lang":"fr","translations":{"fr":52},"pll_sync_post":[],"_links":{"self":[{"href":"https:\/\/web.umons.ac.be\/care\/wp-json\/wp\/v2\/pages\/52","targetHints":{"allow":["GET"]}}],"collection":[{"href":"https:\/\/web.umons.ac.be\/care\/wp-json\/wp\/v2\/pages"}],"about":[{"href":"https:\/\/web.umons.ac.be\/care\/wp-json\/wp\/v2\/types\/page"}],"author":[{"embeddable":true,"href":"https:\/\/web.umons.ac.be\/care\/wp-json\/wp\/v2\/users\/4"}],"replies":[{"embeddable":true,"href":"https:\/\/web.umons.ac.be\/care\/wp-json\/wp\/v2\/comments?post=52"}],"version-history":[{"count":3,"href":"https:\/\/web.umons.ac.be\/care\/wp-json\/wp\/v2\/pages\/52\/revisions"}],"predecessor-version":[{"id":60,"href":"https:\/\/web.umons.ac.be\/care\/wp-json\/wp\/v2\/pages\/52\/revisions\/60"}],"wp:attachment":[{"href":"https:\/\/web.umons.ac.be\/care\/wp-json\/wp\/v2\/media?parent=52"}],"curies":[{"name":"wp","href":"https:\/\/api.w.org\/{rel}","templated":true}]}}