{"id":11,"date":"2021-11-04T13:55:38","date_gmt":"2021-11-04T12:55:38","guid":{"rendered":"https:\/\/web.umons.ac.be\/cell\/activites-denseignement\/"},"modified":"2023-03-10T09:17:52","modified_gmt":"2023-03-10T08:17:52","slug":"activites-denseignement","status":"publish","type":"page","link":"https:\/\/web.umons.ac.be\/cell\/activites-denseignement\/","title":{"rendered":"Activit\u00e9s d&rsquo;enseignement"},"content":{"rendered":"<ul>\n<li>Bloc2 Bachelier Biologie et Master2 Chimie :\u00a0Biologie mol\u00e9culaire<\/li>\n<li>Bloc3 Bachelier Biologie : Biologie cellulaire<\/li>\n<li>Bloc3 Bachelier Biologie : Embryologie animale<\/li>\n<li>Master1 BBMC, Master1 BBMC@Charleroi et Master60 en biologie : Compl\u00e9ments de biologie cellulaire<\/li>\n<li>Master1 BBMC,\u00a0Master1 BBMC@Charleroi et Master60 en biologie : Techniques modernes associ\u00e9es \u00e0 la biochimie, biologie mol\u00e9culaire et cellulaire<\/li>\n<li>Master1 BBMC et Master 1\/2 BioMed : Virologie<\/li>\n<li>Master1 BBMC : TP int\u00e9gr\u00e9 \u00ab\u00a0Biogen\u00e8se des ARN ribosomiques\u00a0\u00bb<\/li>\n<li>Master1 BBMC\/BOE : TP int\u00e9gr\u00e9 \u00ab\u00a0Production de prot\u00e9ines recombinantes\u00a0\u00bb<\/li>\n<li>Master1 BOE et Master60 en biologie\u00a0: Parasitologie<\/li>\n<li>Master2 BBMC@Charleroi : Travail bibliographique<\/li>\n<li>Master2 BBMC :\u00a0<span style=\"font-size: 14px;\">Biotechnologie des polyme\u0300res biologiques &#8211; exemple des adhe\u0301sifs biomime\u0301tiques<\/span><\/li>\n<\/ul>\n","protected":false},"excerpt":{"rendered":"<p>Bloc2 Bachelier Biologie et Master2 Chimie :\u00a0Biologie mol\u00e9culaire Bloc3 Bachelier Biologie : Biologie cellulaire Bloc3 Bachelier Biologie : Embryologie animale Master1 BBMC, Master1 BBMC@Charleroi et Master60 en biologie : Compl\u00e9ments de biologie cellulaire Master1 BBMC,\u00a0Master1 BBMC@Charleroi et Master60 en biologie : Techniques modernes associ\u00e9es \u00e0 la biochimie, biologie mol\u00e9culaire et cellulaire Master1 BBMC et Master [&hellip;]<\/p>\n","protected":false},"author":4,"featured_media":0,"parent":0,"menu_order":0,"comment_status":"closed","ping_status":"closed","template":"","meta":{"footnotes":""},"class_list":["post-11","page","type-page","status-publish","hentry"],"yoast_head":"<!-- This site is optimized with the Yoast SEO plugin v27.2 - https:\/\/yoast.com\/product\/yoast-seo-wordpress\/ -->\n<title>Activit\u00e9s d&#039;enseignement - Service \/ FS - Biologie Cellulaire<\/title>\n<meta name=\"robots\" content=\"index, follow, max-snippet:-1, max-image-preview:large, max-video-preview:-1\" \/>\n<link rel=\"canonical\" href=\"https:\/\/web.umons.ac.be\/cell\/activites-denseignement\/\" \/>\n<meta property=\"og:locale\" content=\"fr_FR\" \/>\n<meta property=\"og:type\" content=\"article\" \/>\n<meta property=\"og:title\" content=\"Activit\u00e9s d&#039;enseignement - Service \/ FS - Biologie Cellulaire\" \/>\n<meta property=\"og:description\" content=\"Bloc2 Bachelier Biologie et Master2 Chimie :\u00a0Biologie mol\u00e9culaire Bloc3 Bachelier Biologie : Biologie cellulaire Bloc3 Bachelier Biologie : Embryologie animale Master1 BBMC, Master1 BBMC@Charleroi et Master60 en biologie : Compl\u00e9ments de biologie cellulaire Master1 BBMC,\u00a0Master1 BBMC@Charleroi et Master60 en biologie : Techniques modernes associ\u00e9es \u00e0 la biochimie, biologie mol\u00e9culaire et cellulaire Master1 BBMC et Master [&hellip;]\" \/>\n<meta property=\"og:url\" content=\"https:\/\/web.umons.ac.be\/cell\/activites-denseignement\/\" \/>\n<meta property=\"og:site_name\" content=\"Service \/ FS - Biologie Cellulaire\" \/>\n<meta property=\"article:modified_time\" content=\"2023-03-10T08:17:52+00:00\" \/>\n<meta name=\"twitter:card\" content=\"summary_large_image\" \/>\n<meta name=\"twitter:label1\" content=\"Dur\u00e9e de lecture estim\u00e9e\" \/>\n\t<meta name=\"twitter:data1\" content=\"1 minute\" \/>\n<script type=\"application\/ld+json\" class=\"yoast-schema-graph\">{\"@context\":\"https:\/\/schema.org\",\"@graph\":[{\"@type\":\"WebPage\",\"@id\":\"https:\/\/web.umons.ac.be\/cell\/activites-denseignement\/\",\"url\":\"https:\/\/web.umons.ac.be\/cell\/activites-denseignement\/\",\"name\":\"Activit\u00e9s d'enseignement - Service \/ FS - Biologie Cellulaire\",\"isPartOf\":{\"@id\":\"https:\/\/web.umons.ac.be\/cell\/#website\"},\"datePublished\":\"2021-11-04T12:55:38+00:00\",\"dateModified\":\"2023-03-10T08:17:52+00:00\",\"breadcrumb\":{\"@id\":\"https:\/\/web.umons.ac.be\/cell\/activites-denseignement\/#breadcrumb\"},\"inLanguage\":\"fr-FR\",\"potentialAction\":[{\"@type\":\"ReadAction\",\"target\":[\"https:\/\/web.umons.ac.be\/cell\/activites-denseignement\/\"]}]},{\"@type\":\"BreadcrumbList\",\"@id\":\"https:\/\/web.umons.ac.be\/cell\/activites-denseignement\/#breadcrumb\",\"itemListElement\":[{\"@type\":\"ListItem\",\"position\":1,\"name\":\"Home\",\"item\":\"https:\/\/web.umons.ac.be\/cell\/\"},{\"@type\":\"ListItem\",\"position\":2,\"name\":\"Activit\u00e9s d&rsquo;enseignement\"}]},{\"@type\":\"WebSite\",\"@id\":\"https:\/\/web.umons.ac.be\/cell\/#website\",\"url\":\"https:\/\/web.umons.ac.be\/cell\/\",\"name\":\"Service \/ FS - Biologie Cellulaire\",\"description\":\"\",\"potentialAction\":[{\"@type\":\"SearchAction\",\"target\":{\"@type\":\"EntryPoint\",\"urlTemplate\":\"https:\/\/web.umons.ac.be\/cell\/?s={search_term_string}\"},\"query-input\":{\"@type\":\"PropertyValueSpecification\",\"valueRequired\":true,\"valueName\":\"search_term_string\"}}],\"inLanguage\":\"fr-FR\"}]}<\/script>\n<!-- \/ Yoast SEO plugin. -->","yoast_head_json":{"title":"Activit\u00e9s d'enseignement - Service \/ FS - Biologie Cellulaire","robots":{"index":"index","follow":"follow","max-snippet":"max-snippet:-1","max-image-preview":"max-image-preview:large","max-video-preview":"max-video-preview:-1"},"canonical":"https:\/\/web.umons.ac.be\/cell\/activites-denseignement\/","og_locale":"fr_FR","og_type":"article","og_title":"Activit\u00e9s d'enseignement - Service \/ FS - Biologie Cellulaire","og_description":"Bloc2 Bachelier Biologie et Master2 Chimie :\u00a0Biologie mol\u00e9culaire Bloc3 Bachelier Biologie : Biologie cellulaire Bloc3 Bachelier Biologie : Embryologie animale Master1 BBMC, Master1 BBMC@Charleroi et Master60 en biologie : Compl\u00e9ments de biologie cellulaire Master1 BBMC,\u00a0Master1 BBMC@Charleroi et Master60 en biologie : Techniques modernes associ\u00e9es \u00e0 la biochimie, biologie mol\u00e9culaire et cellulaire Master1 BBMC et Master [&hellip;]","og_url":"https:\/\/web.umons.ac.be\/cell\/activites-denseignement\/","og_site_name":"Service \/ FS - Biologie Cellulaire","article_modified_time":"2023-03-10T08:17:52+00:00","twitter_card":"summary_large_image","twitter_misc":{"Dur\u00e9e de lecture estim\u00e9e":"1 minute"},"schema":{"@context":"https:\/\/schema.org","@graph":[{"@type":"WebPage","@id":"https:\/\/web.umons.ac.be\/cell\/activites-denseignement\/","url":"https:\/\/web.umons.ac.be\/cell\/activites-denseignement\/","name":"Activit\u00e9s d'enseignement - Service \/ FS - Biologie Cellulaire","isPartOf":{"@id":"https:\/\/web.umons.ac.be\/cell\/#website"},"datePublished":"2021-11-04T12:55:38+00:00","dateModified":"2023-03-10T08:17:52+00:00","breadcrumb":{"@id":"https:\/\/web.umons.ac.be\/cell\/activites-denseignement\/#breadcrumb"},"inLanguage":"fr-FR","potentialAction":[{"@type":"ReadAction","target":["https:\/\/web.umons.ac.be\/cell\/activites-denseignement\/"]}]},{"@type":"BreadcrumbList","@id":"https:\/\/web.umons.ac.be\/cell\/activites-denseignement\/#breadcrumb","itemListElement":[{"@type":"ListItem","position":1,"name":"Home","item":"https:\/\/web.umons.ac.be\/cell\/"},{"@type":"ListItem","position":2,"name":"Activit\u00e9s d&rsquo;enseignement"}]},{"@type":"WebSite","@id":"https:\/\/web.umons.ac.be\/cell\/#website","url":"https:\/\/web.umons.ac.be\/cell\/","name":"Service \/ FS - Biologie Cellulaire","description":"","potentialAction":[{"@type":"SearchAction","target":{"@type":"EntryPoint","urlTemplate":"https:\/\/web.umons.ac.be\/cell\/?s={search_term_string}"},"query-input":{"@type":"PropertyValueSpecification","valueRequired":true,"valueName":"search_term_string"}}],"inLanguage":"fr-FR"}]}},"lang":"fr","translations":{"fr":11},"pll_sync_post":[],"_links":{"self":[{"href":"https:\/\/web.umons.ac.be\/cell\/wp-json\/wp\/v2\/pages\/11","targetHints":{"allow":["GET"]}}],"collection":[{"href":"https:\/\/web.umons.ac.be\/cell\/wp-json\/wp\/v2\/pages"}],"about":[{"href":"https:\/\/web.umons.ac.be\/cell\/wp-json\/wp\/v2\/types\/page"}],"author":[{"embeddable":true,"href":"https:\/\/web.umons.ac.be\/cell\/wp-json\/wp\/v2\/users\/4"}],"replies":[{"embeddable":true,"href":"https:\/\/web.umons.ac.be\/cell\/wp-json\/wp\/v2\/comments?post=11"}],"version-history":[{"count":3,"href":"https:\/\/web.umons.ac.be\/cell\/wp-json\/wp\/v2\/pages\/11\/revisions"}],"predecessor-version":[{"id":57,"href":"https:\/\/web.umons.ac.be\/cell\/wp-json\/wp\/v2\/pages\/11\/revisions\/57"}],"wp:attachment":[{"href":"https:\/\/web.umons.ac.be\/cell\/wp-json\/wp\/v2\/media?parent=11"}],"curies":[{"name":"wp","href":"https:\/\/api.w.org\/{rel}","templated":true}]}}