{"id":1012,"date":"2022-02-07T15:35:34","date_gmt":"2022-02-07T14:35:34","guid":{"rendered":"https:\/\/web.umons.ac.be\/charleroi\/?page_id=1012"},"modified":"2022-10-12T15:57:16","modified_gmt":"2022-10-12T13:57:16","slug":"culture-et-sport","status":"publish","type":"page","link":"https:\/\/web.umons.ac.be\/charleroi\/culture-et-sport\/","title":{"rendered":"Culture et Sport"},"content":{"rendered":"<p>Dans sa premi\u00e8re mission, l\u2019UMONS permet \u00e0 ses \u00e9tudiants d\u2019acc\u00e9der \u00e0 un enseignement de qualit\u00e9.<br \/>\nEt dans l\u2019esprit d\u2019\u00eatre plus qu\u2019une Universit\u00e9, l\u2019institution offre aussi la possibilit\u00e9 d\u2019obtenir des avantages dans le cadre d\u2019activit\u00e9s <a href=\"https:\/\/web.umons.ac.be\/charleroi\/culture-et-sport\/sport\/\">sportives<\/a> et <a href=\"https:\/\/web.umons.ac.be\/charleroi\/culture-et-sport\/culture\/\">culturelles<\/a> organis\u00e9es dans la r\u00e9gion de Charleroi.<\/p>\n<p>En tant que membre du personnel UMONS, vous avez aussi acc\u00e8s \u00e0 ces r\u00e9ductions et autres avantages.<\/p>\n<p>Dans cette optique, gr\u00e2ce \u00e0 l\u2019UMONS, il vous est possible de profiter d\u2019activit\u00e9s en collaboration avec d\u2019autres institutions de l\u2019enseignement sup\u00e9rieur ou avec des acteurs du monde culturel carolor\u00e9gien.<\/p>\n<blockquote><p>La vie universitaire s\u2019\u00e9tend au-del\u00e0 des auditoires et des laboratoires ! Bonne d\u00e9tente\u00a0!<\/p><\/blockquote>\n<p>&nbsp;<\/p>\n","protected":false},"excerpt":{"rendered":"<p>Dans sa premi\u00e8re mission, l\u2019UMONS permet \u00e0 ses \u00e9tudiants d\u2019acc\u00e9der \u00e0 un enseignement de qualit\u00e9. Et dans l\u2019esprit d\u2019\u00eatre plus qu\u2019une Universit\u00e9, l\u2019institution offre aussi la possibilit\u00e9 d\u2019obtenir des avantages dans le cadre d\u2019activit\u00e9s sportives et culturelles organis\u00e9es dans la r\u00e9gion de Charleroi. En tant que membre du personnel UMONS, vous avez aussi acc\u00e8s \u00e0 [&hellip;]<\/p>\n","protected":false},"author":2,"featured_media":0,"parent":0,"menu_order":0,"comment_status":"closed","ping_status":"closed","template":"","meta":{"footnotes":""},"class_list":["post-1012","page","type-page","status-publish","hentry"],"yoast_head":"<!-- This site is optimized with the Yoast SEO plugin v27.2 - https:\/\/yoast.com\/product\/yoast-seo-wordpress\/ -->\n<title>Culture et Sport - UMONS Charleroi<\/title>\n<meta name=\"robots\" content=\"index, follow, max-snippet:-1, max-image-preview:large, max-video-preview:-1\" \/>\n<link rel=\"canonical\" href=\"https:\/\/web.umons.ac.be\/charleroi\/culture-et-sport\/\" \/>\n<meta property=\"og:locale\" content=\"fr_FR\" \/>\n<meta property=\"og:type\" content=\"article\" \/>\n<meta property=\"og:title\" content=\"Culture et Sport - UMONS Charleroi\" \/>\n<meta property=\"og:description\" content=\"Dans sa premi\u00e8re mission, l\u2019UMONS permet \u00e0 ses \u00e9tudiants d\u2019acc\u00e9der \u00e0 un enseignement de qualit\u00e9. Et dans l\u2019esprit d\u2019\u00eatre plus qu\u2019une Universit\u00e9, l\u2019institution offre aussi la possibilit\u00e9 d\u2019obtenir des avantages dans le cadre d\u2019activit\u00e9s sportives et culturelles organis\u00e9es dans la r\u00e9gion de Charleroi. En tant que membre du personnel UMONS, vous avez aussi acc\u00e8s \u00e0 [&hellip;]\" \/>\n<meta property=\"og:url\" content=\"https:\/\/web.umons.ac.be\/charleroi\/culture-et-sport\/\" \/>\n<meta property=\"og:site_name\" content=\"UMONS Charleroi\" \/>\n<meta property=\"article:modified_time\" content=\"2022-10-12T13:57:16+00:00\" \/>\n<meta name=\"twitter:card\" content=\"summary_large_image\" \/>\n<meta name=\"twitter:label1\" content=\"Dur\u00e9e de lecture estim\u00e9e\" \/>\n\t<meta name=\"twitter:data1\" content=\"1 minute\" \/>\n<script type=\"application\/ld+json\" class=\"yoast-schema-graph\">{\"@context\":\"https:\/\/schema.org\",\"@graph\":[{\"@type\":\"WebPage\",\"@id\":\"https:\/\/web.umons.ac.be\/charleroi\/culture-et-sport\/\",\"url\":\"https:\/\/web.umons.ac.be\/charleroi\/culture-et-sport\/\",\"name\":\"Culture et Sport - UMONS Charleroi\",\"isPartOf\":{\"@id\":\"https:\/\/web.umons.ac.be\/charleroi\/#website\"},\"datePublished\":\"2022-02-07T14:35:34+00:00\",\"dateModified\":\"2022-10-12T13:57:16+00:00\",\"breadcrumb\":{\"@id\":\"https:\/\/web.umons.ac.be\/charleroi\/culture-et-sport\/#breadcrumb\"},\"inLanguage\":\"fr-FR\",\"potentialAction\":[{\"@type\":\"ReadAction\",\"target\":[\"https:\/\/web.umons.ac.be\/charleroi\/culture-et-sport\/\"]}]},{\"@type\":\"BreadcrumbList\",\"@id\":\"https:\/\/web.umons.ac.be\/charleroi\/culture-et-sport\/#breadcrumb\",\"itemListElement\":[{\"@type\":\"ListItem\",\"position\":1,\"name\":\"Accueil\",\"item\":\"https:\/\/web.umons.ac.be\/charleroi\/\"},{\"@type\":\"ListItem\",\"position\":2,\"name\":\"Culture et Sport\"}]},{\"@type\":\"WebSite\",\"@id\":\"https:\/\/web.umons.ac.be\/charleroi\/#website\",\"url\":\"https:\/\/web.umons.ac.be\/charleroi\/\",\"name\":\"UMONS Charleroi\",\"description\":\"\",\"potentialAction\":[{\"@type\":\"SearchAction\",\"target\":{\"@type\":\"EntryPoint\",\"urlTemplate\":\"https:\/\/web.umons.ac.be\/charleroi\/?s={search_term_string}\"},\"query-input\":{\"@type\":\"PropertyValueSpecification\",\"valueRequired\":true,\"valueName\":\"search_term_string\"}}],\"inLanguage\":\"fr-FR\"}]}<\/script>\n<!-- \/ Yoast SEO plugin. -->","yoast_head_json":{"title":"Culture et Sport - UMONS Charleroi","robots":{"index":"index","follow":"follow","max-snippet":"max-snippet:-1","max-image-preview":"max-image-preview:large","max-video-preview":"max-video-preview:-1"},"canonical":"https:\/\/web.umons.ac.be\/charleroi\/culture-et-sport\/","og_locale":"fr_FR","og_type":"article","og_title":"Culture et Sport - UMONS Charleroi","og_description":"Dans sa premi\u00e8re mission, l\u2019UMONS permet \u00e0 ses \u00e9tudiants d\u2019acc\u00e9der \u00e0 un enseignement de qualit\u00e9. Et dans l\u2019esprit d\u2019\u00eatre plus qu\u2019une Universit\u00e9, l\u2019institution offre aussi la possibilit\u00e9 d\u2019obtenir des avantages dans le cadre d\u2019activit\u00e9s sportives et culturelles organis\u00e9es dans la r\u00e9gion de Charleroi. En tant que membre du personnel UMONS, vous avez aussi acc\u00e8s \u00e0 [&hellip;]","og_url":"https:\/\/web.umons.ac.be\/charleroi\/culture-et-sport\/","og_site_name":"UMONS Charleroi","article_modified_time":"2022-10-12T13:57:16+00:00","twitter_card":"summary_large_image","twitter_misc":{"Dur\u00e9e de lecture estim\u00e9e":"1 minute"},"schema":{"@context":"https:\/\/schema.org","@graph":[{"@type":"WebPage","@id":"https:\/\/web.umons.ac.be\/charleroi\/culture-et-sport\/","url":"https:\/\/web.umons.ac.be\/charleroi\/culture-et-sport\/","name":"Culture et Sport - UMONS Charleroi","isPartOf":{"@id":"https:\/\/web.umons.ac.be\/charleroi\/#website"},"datePublished":"2022-02-07T14:35:34+00:00","dateModified":"2022-10-12T13:57:16+00:00","breadcrumb":{"@id":"https:\/\/web.umons.ac.be\/charleroi\/culture-et-sport\/#breadcrumb"},"inLanguage":"fr-FR","potentialAction":[{"@type":"ReadAction","target":["https:\/\/web.umons.ac.be\/charleroi\/culture-et-sport\/"]}]},{"@type":"BreadcrumbList","@id":"https:\/\/web.umons.ac.be\/charleroi\/culture-et-sport\/#breadcrumb","itemListElement":[{"@type":"ListItem","position":1,"name":"Accueil","item":"https:\/\/web.umons.ac.be\/charleroi\/"},{"@type":"ListItem","position":2,"name":"Culture et Sport"}]},{"@type":"WebSite","@id":"https:\/\/web.umons.ac.be\/charleroi\/#website","url":"https:\/\/web.umons.ac.be\/charleroi\/","name":"UMONS Charleroi","description":"","potentialAction":[{"@type":"SearchAction","target":{"@type":"EntryPoint","urlTemplate":"https:\/\/web.umons.ac.be\/charleroi\/?s={search_term_string}"},"query-input":{"@type":"PropertyValueSpecification","valueRequired":true,"valueName":"search_term_string"}}],"inLanguage":"fr-FR"}]}},"lang":"fr","translations":{"fr":1012},"pll_sync_post":[],"_links":{"self":[{"href":"https:\/\/web.umons.ac.be\/charleroi\/wp-json\/wp\/v2\/pages\/1012","targetHints":{"allow":["GET"]}}],"collection":[{"href":"https:\/\/web.umons.ac.be\/charleroi\/wp-json\/wp\/v2\/pages"}],"about":[{"href":"https:\/\/web.umons.ac.be\/charleroi\/wp-json\/wp\/v2\/types\/page"}],"author":[{"embeddable":true,"href":"https:\/\/web.umons.ac.be\/charleroi\/wp-json\/wp\/v2\/users\/2"}],"replies":[{"embeddable":true,"href":"https:\/\/web.umons.ac.be\/charleroi\/wp-json\/wp\/v2\/comments?post=1012"}],"version-history":[{"count":4,"href":"https:\/\/web.umons.ac.be\/charleroi\/wp-json\/wp\/v2\/pages\/1012\/revisions"}],"predecessor-version":[{"id":1199,"href":"https:\/\/web.umons.ac.be\/charleroi\/wp-json\/wp\/v2\/pages\/1012\/revisions\/1199"}],"wp:attachment":[{"href":"https:\/\/web.umons.ac.be\/charleroi\/wp-json\/wp\/v2\/media?parent=1012"}],"curies":[{"name":"wp","href":"https:\/\/api.w.org\/{rel}","templated":true}]}}