{"id":139,"date":"2017-10-24T14:58:16","date_gmt":"2017-10-24T12:58:16","guid":{"rendered":"https:\/\/web.umons.ac.be\/charleroi\/?page_id=139"},"modified":"2025-11-12T15:17:10","modified_gmt":"2025-11-12T14:17:10","slug":"secretariat-et-point-dinscription","status":"publish","type":"page","link":"https:\/\/web.umons.ac.be\/charleroi\/secretariat-et-point-dinscription\/","title":{"rendered":"Service Information, Coordination, Inscriptions (ICI) &#8211; UMONS Charleroi"},"content":{"rendered":"<h5><strong>Une \u00e9quipe dynamique \u00e0 votre service <\/strong> !<\/h5>\n<p>Etudiants ou futurs \u00e9tudiants de l&rsquo;UMONS, de jour ou \u00e0 horaire d\u00e9cal\u00e9, nous sommes l\u00e0 pour vous renseigner d\u2019un point de vue pratique sur les \u00e9tudes : co\u00fbt, modalit\u00e9s d\u2019inscription, all\u00e8gement d\u2019une ann\u00e9e d\u2019\u00e9tudes, passerelles possibles vers un Master, cours isol\u00e9s, cong\u00e9s-\u00e9ducation pay\u00e9s, etc.<\/p>\n<p>Interface entre les \u00e9tudiants, les facult\u00e9s et les diff\u00e9rentes composantes de l\u2019universit\u00e9, le <strong>Service ICI &#8211; UMONS Charleroi<\/strong> vous conseillera et vous guidera tout au long de votre parcours.<\/p>\n<p><img loading=\"lazy\" decoding=\"async\" class=\"size-medium wp-image-1724 aligncenter\" src=\"https:\/\/web.umons.ac.be\/app\/uploads\/sites\/43\/2024\/09\/processed-49761792-9FC1-4E4E-B6E9-3A01535837B8-1-300x225.jpeg\" alt=\"\" width=\"300\" height=\"225\" srcset=\"https:\/\/web.umons.ac.be\/app\/uploads\/sites\/43\/2024\/09\/processed-49761792-9FC1-4E4E-B6E9-3A01535837B8-1-300x225.jpeg 300w, https:\/\/web.umons.ac.be\/app\/uploads\/sites\/43\/2024\/09\/processed-49761792-9FC1-4E4E-B6E9-3A01535837B8-1-1024x768.jpeg 1024w, https:\/\/web.umons.ac.be\/app\/uploads\/sites\/43\/2024\/09\/processed-49761792-9FC1-4E4E-B6E9-3A01535837B8-1-768x576.jpeg 768w, https:\/\/web.umons.ac.be\/app\/uploads\/sites\/43\/2024\/09\/processed-49761792-9FC1-4E4E-B6E9-3A01535837B8-1-1536x1153.jpeg 1536w, https:\/\/web.umons.ac.be\/app\/uploads\/sites\/43\/2024\/09\/processed-49761792-9FC1-4E4E-B6E9-3A01535837B8-1-2048x1537.jpeg 2048w, https:\/\/web.umons.ac.be\/app\/uploads\/sites\/43\/2024\/09\/processed-49761792-9FC1-4E4E-B6E9-3A01535837B8-1-880x660.jpeg 880w, https:\/\/web.umons.ac.be\/app\/uploads\/sites\/43\/2024\/09\/processed-49761792-9FC1-4E4E-B6E9-3A01535837B8-1-30x23.jpeg 30w, https:\/\/web.umons.ac.be\/app\/uploads\/sites\/43\/2024\/09\/processed-49761792-9FC1-4E4E-B6E9-3A01535837B8-1-60x45.jpeg 60w, https:\/\/web.umons.ac.be\/app\/uploads\/sites\/43\/2024\/09\/processed-49761792-9FC1-4E4E-B6E9-3A01535837B8-1-360x270.jpeg 360w\" sizes=\"auto, (max-width: 300px) 100vw, 300px\" \/><\/p>\n<p>Il est aussi une porte d\u2019entr\u00e9e vers l\u2019universit\u00e9. Quel que soit le campus choisi pour vos \u00e9tudes*, nous vous accompagnons dans vos d\u00e9marches d\u2019inscription.<\/p>\n<p><em>(*\u00e0 l\u2019exclusion de certains cursus comme m\u00e9decine et logop\u00e9die)<\/em><\/p>\n<h5><\/h5>\n<h5>Une question &#8230;?<\/h5>\n","protected":false},"excerpt":{"rendered":"<p>Une \u00e9quipe dynamique \u00e0 votre service ! Etudiants ou futurs \u00e9tudiants de l&rsquo;UMONS, de jour ou \u00e0 horaire d\u00e9cal\u00e9, nous sommes l\u00e0 pour vous renseigner d\u2019un point de vue pratique sur les \u00e9tudes : co\u00fbt, modalit\u00e9s d\u2019inscription, all\u00e8gement d\u2019une ann\u00e9e d\u2019\u00e9tudes, passerelles possibles vers un Master, cours isol\u00e9s, cong\u00e9s-\u00e9ducation pay\u00e9s, etc. Interface entre les \u00e9tudiants, [&hellip;]<\/p>\n","protected":false},"author":2,"featured_media":1722,"parent":0,"menu_order":0,"comment_status":"closed","ping_status":"closed","template":"page-templates\/contact.php","meta":{"footnotes":""},"class_list":["post-139","page","type-page","status-publish","has-post-thumbnail","hentry"],"yoast_head":"<!-- This site is optimized with the Yoast SEO plugin v27.2 - https:\/\/yoast.com\/product\/yoast-seo-wordpress\/ -->\n<title>Service Information, Coordination, Inscriptions (ICI) - UMONS Charleroi - UMONS Charleroi<\/title>\n<meta name=\"robots\" content=\"index, follow, max-snippet:-1, max-image-preview:large, max-video-preview:-1\" \/>\n<link rel=\"canonical\" href=\"https:\/\/web.umons.ac.be\/charleroi\/secretariat-et-point-dinscription\/\" \/>\n<meta property=\"og:locale\" content=\"fr_FR\" \/>\n<meta property=\"og:type\" content=\"article\" \/>\n<meta property=\"og:title\" content=\"Service Information, Coordination, Inscriptions (ICI) - UMONS Charleroi - UMONS Charleroi\" \/>\n<meta property=\"og:description\" content=\"Une \u00e9quipe dynamique \u00e0 votre service ! Etudiants ou futurs \u00e9tudiants de l&rsquo;UMONS, de jour ou \u00e0 horaire d\u00e9cal\u00e9, nous sommes l\u00e0 pour vous renseigner d\u2019un point de vue pratique sur les \u00e9tudes : co\u00fbt, modalit\u00e9s d\u2019inscription, all\u00e8gement d\u2019une ann\u00e9e d\u2019\u00e9tudes, passerelles possibles vers un Master, cours isol\u00e9s, cong\u00e9s-\u00e9ducation pay\u00e9s, etc. Interface entre les \u00e9tudiants, [&hellip;]\" \/>\n<meta property=\"og:url\" content=\"https:\/\/web.umons.ac.be\/charleroi\/secretariat-et-point-dinscription\/\" \/>\n<meta property=\"og:site_name\" content=\"UMONS Charleroi\" \/>\n<meta property=\"article:modified_time\" content=\"2025-11-12T14:17:10+00:00\" \/>\n<meta property=\"og:image\" content=\"https:\/\/web.umons.ac.be\/app\/uploads\/sites\/43\/2024\/09\/processed-49761792-9FC1-4E4E-B6E9-3A01535837B8-1024x768.jpeg\" \/>\n\t<meta property=\"og:image:width\" content=\"1024\" \/>\n\t<meta property=\"og:image:height\" content=\"768\" \/>\n\t<meta property=\"og:image:type\" content=\"image\/jpeg\" \/>\n<meta name=\"twitter:card\" content=\"summary_large_image\" \/>\n<meta name=\"twitter:label1\" content=\"Dur\u00e9e de lecture estim\u00e9e\" \/>\n\t<meta name=\"twitter:data1\" content=\"1 minute\" \/>\n<script type=\"application\/ld+json\" class=\"yoast-schema-graph\">{\"@context\":\"https:\/\/schema.org\",\"@graph\":[{\"@type\":\"WebPage\",\"@id\":\"https:\/\/web.umons.ac.be\/charleroi\/secretariat-et-point-dinscription\/\",\"url\":\"https:\/\/web.umons.ac.be\/charleroi\/secretariat-et-point-dinscription\/\",\"name\":\"Service Information, Coordination, Inscriptions (ICI) - UMONS Charleroi - UMONS Charleroi\",\"isPartOf\":{\"@id\":\"https:\/\/web.umons.ac.be\/charleroi\/#website\"},\"primaryImageOfPage\":{\"@id\":\"https:\/\/web.umons.ac.be\/charleroi\/secretariat-et-point-dinscription\/#primaryimage\"},\"image\":{\"@id\":\"https:\/\/web.umons.ac.be\/charleroi\/secretariat-et-point-dinscription\/#primaryimage\"},\"thumbnailUrl\":\"https:\/\/web.umons.ac.be\/app\/uploads\/sites\/43\/2024\/09\/processed-49761792-9FC1-4E4E-B6E9-3A01535837B8.jpeg\",\"datePublished\":\"2017-10-24T12:58:16+00:00\",\"dateModified\":\"2025-11-12T14:17:10+00:00\",\"breadcrumb\":{\"@id\":\"https:\/\/web.umons.ac.be\/charleroi\/secretariat-et-point-dinscription\/#breadcrumb\"},\"inLanguage\":\"fr-FR\",\"potentialAction\":[{\"@type\":\"ReadAction\",\"target\":[\"https:\/\/web.umons.ac.be\/charleroi\/secretariat-et-point-dinscription\/\"]}]},{\"@type\":\"ImageObject\",\"inLanguage\":\"fr-FR\",\"@id\":\"https:\/\/web.umons.ac.be\/charleroi\/secretariat-et-point-dinscription\/#primaryimage\",\"url\":\"https:\/\/web.umons.ac.be\/app\/uploads\/sites\/43\/2024\/09\/processed-49761792-9FC1-4E4E-B6E9-3A01535837B8.jpeg\",\"contentUrl\":\"https:\/\/web.umons.ac.be\/app\/uploads\/sites\/43\/2024\/09\/processed-49761792-9FC1-4E4E-B6E9-3A01535837B8.jpeg\",\"width\":2420,\"height\":1816},{\"@type\":\"BreadcrumbList\",\"@id\":\"https:\/\/web.umons.ac.be\/charleroi\/secretariat-et-point-dinscription\/#breadcrumb\",\"itemListElement\":[{\"@type\":\"ListItem\",\"position\":1,\"name\":\"Accueil\",\"item\":\"https:\/\/web.umons.ac.be\/charleroi\/\"},{\"@type\":\"ListItem\",\"position\":2,\"name\":\"Service Information, Coordination, Inscriptions (ICI) &#8211; UMONS Charleroi\"}]},{\"@type\":\"WebSite\",\"@id\":\"https:\/\/web.umons.ac.be\/charleroi\/#website\",\"url\":\"https:\/\/web.umons.ac.be\/charleroi\/\",\"name\":\"UMONS Charleroi\",\"description\":\"\",\"potentialAction\":[{\"@type\":\"SearchAction\",\"target\":{\"@type\":\"EntryPoint\",\"urlTemplate\":\"https:\/\/web.umons.ac.be\/charleroi\/?s={search_term_string}\"},\"query-input\":{\"@type\":\"PropertyValueSpecification\",\"valueRequired\":true,\"valueName\":\"search_term_string\"}}],\"inLanguage\":\"fr-FR\"}]}<\/script>\n<!-- \/ Yoast SEO plugin. -->","yoast_head_json":{"title":"Service Information, Coordination, Inscriptions (ICI) - UMONS Charleroi - UMONS Charleroi","robots":{"index":"index","follow":"follow","max-snippet":"max-snippet:-1","max-image-preview":"max-image-preview:large","max-video-preview":"max-video-preview:-1"},"canonical":"https:\/\/web.umons.ac.be\/charleroi\/secretariat-et-point-dinscription\/","og_locale":"fr_FR","og_type":"article","og_title":"Service Information, Coordination, Inscriptions (ICI) - UMONS Charleroi - UMONS Charleroi","og_description":"Une \u00e9quipe dynamique \u00e0 votre service ! Etudiants ou futurs \u00e9tudiants de l&rsquo;UMONS, de jour ou \u00e0 horaire d\u00e9cal\u00e9, nous sommes l\u00e0 pour vous renseigner d\u2019un point de vue pratique sur les \u00e9tudes : co\u00fbt, modalit\u00e9s d\u2019inscription, all\u00e8gement d\u2019une ann\u00e9e d\u2019\u00e9tudes, passerelles possibles vers un Master, cours isol\u00e9s, cong\u00e9s-\u00e9ducation pay\u00e9s, etc. Interface entre les \u00e9tudiants, [&hellip;]","og_url":"https:\/\/web.umons.ac.be\/charleroi\/secretariat-et-point-dinscription\/","og_site_name":"UMONS Charleroi","article_modified_time":"2025-11-12T14:17:10+00:00","og_image":[{"width":1024,"height":768,"url":"https:\/\/web.umons.ac.be\/app\/uploads\/sites\/43\/2024\/09\/processed-49761792-9FC1-4E4E-B6E9-3A01535837B8-1024x768.jpeg","type":"image\/jpeg"}],"twitter_card":"summary_large_image","twitter_misc":{"Dur\u00e9e de lecture estim\u00e9e":"1 minute"},"schema":{"@context":"https:\/\/schema.org","@graph":[{"@type":"WebPage","@id":"https:\/\/web.umons.ac.be\/charleroi\/secretariat-et-point-dinscription\/","url":"https:\/\/web.umons.ac.be\/charleroi\/secretariat-et-point-dinscription\/","name":"Service Information, Coordination, Inscriptions (ICI) - UMONS Charleroi - UMONS Charleroi","isPartOf":{"@id":"https:\/\/web.umons.ac.be\/charleroi\/#website"},"primaryImageOfPage":{"@id":"https:\/\/web.umons.ac.be\/charleroi\/secretariat-et-point-dinscription\/#primaryimage"},"image":{"@id":"https:\/\/web.umons.ac.be\/charleroi\/secretariat-et-point-dinscription\/#primaryimage"},"thumbnailUrl":"https:\/\/web.umons.ac.be\/app\/uploads\/sites\/43\/2024\/09\/processed-49761792-9FC1-4E4E-B6E9-3A01535837B8.jpeg","datePublished":"2017-10-24T12:58:16+00:00","dateModified":"2025-11-12T14:17:10+00:00","breadcrumb":{"@id":"https:\/\/web.umons.ac.be\/charleroi\/secretariat-et-point-dinscription\/#breadcrumb"},"inLanguage":"fr-FR","potentialAction":[{"@type":"ReadAction","target":["https:\/\/web.umons.ac.be\/charleroi\/secretariat-et-point-dinscription\/"]}]},{"@type":"ImageObject","inLanguage":"fr-FR","@id":"https:\/\/web.umons.ac.be\/charleroi\/secretariat-et-point-dinscription\/#primaryimage","url":"https:\/\/web.umons.ac.be\/app\/uploads\/sites\/43\/2024\/09\/processed-49761792-9FC1-4E4E-B6E9-3A01535837B8.jpeg","contentUrl":"https:\/\/web.umons.ac.be\/app\/uploads\/sites\/43\/2024\/09\/processed-49761792-9FC1-4E4E-B6E9-3A01535837B8.jpeg","width":2420,"height":1816},{"@type":"BreadcrumbList","@id":"https:\/\/web.umons.ac.be\/charleroi\/secretariat-et-point-dinscription\/#breadcrumb","itemListElement":[{"@type":"ListItem","position":1,"name":"Accueil","item":"https:\/\/web.umons.ac.be\/charleroi\/"},{"@type":"ListItem","position":2,"name":"Service Information, Coordination, Inscriptions (ICI) &#8211; UMONS Charleroi"}]},{"@type":"WebSite","@id":"https:\/\/web.umons.ac.be\/charleroi\/#website","url":"https:\/\/web.umons.ac.be\/charleroi\/","name":"UMONS Charleroi","description":"","potentialAction":[{"@type":"SearchAction","target":{"@type":"EntryPoint","urlTemplate":"https:\/\/web.umons.ac.be\/charleroi\/?s={search_term_string}"},"query-input":{"@type":"PropertyValueSpecification","valueRequired":true,"valueName":"search_term_string"}}],"inLanguage":"fr-FR"}]}},"lang":"fr","translations":{"fr":139},"pll_sync_post":[],"_links":{"self":[{"href":"https:\/\/web.umons.ac.be\/charleroi\/wp-json\/wp\/v2\/pages\/139","targetHints":{"allow":["GET"]}}],"collection":[{"href":"https:\/\/web.umons.ac.be\/charleroi\/wp-json\/wp\/v2\/pages"}],"about":[{"href":"https:\/\/web.umons.ac.be\/charleroi\/wp-json\/wp\/v2\/types\/page"}],"author":[{"embeddable":true,"href":"https:\/\/web.umons.ac.be\/charleroi\/wp-json\/wp\/v2\/users\/2"}],"replies":[{"embeddable":true,"href":"https:\/\/web.umons.ac.be\/charleroi\/wp-json\/wp\/v2\/comments?post=139"}],"version-history":[{"count":4,"href":"https:\/\/web.umons.ac.be\/charleroi\/wp-json\/wp\/v2\/pages\/139\/revisions"}],"predecessor-version":[{"id":1891,"href":"https:\/\/web.umons.ac.be\/charleroi\/wp-json\/wp\/v2\/pages\/139\/revisions\/1891"}],"wp:featuredmedia":[{"embeddable":true,"href":"https:\/\/web.umons.ac.be\/charleroi\/wp-json\/wp\/v2\/media\/1722"}],"wp:attachment":[{"href":"https:\/\/web.umons.ac.be\/charleroi\/wp-json\/wp\/v2\/media?parent=139"}],"curies":[{"name":"wp","href":"https:\/\/api.w.org\/{rel}","templated":true}]}}