{"id":785,"date":"2020-05-08T11:57:24","date_gmt":"2020-05-08T09:57:24","guid":{"rendered":"https:\/\/web.umons.ac.be\/charleroi\/?page_id=785"},"modified":"2026-03-20T15:44:25","modified_gmt":"2026-03-20T14:44:25","slug":"campus-ucharleroi","status":"publish","type":"page","link":"https:\/\/web.umons.ac.be\/charleroi\/les-campus\/campus-ucharleroi\/","title":{"rendered":"CampusUCharleroi"},"content":{"rendered":"<p><img loading=\"lazy\" decoding=\"async\" class=\"alignnone wp-image-2122 size-medium\" src=\"https:\/\/web.umons.ac.be\/app\/uploads\/sites\/43\/2026\/03\/CampusUCharleroi_Logo_V3-300x111.jpg\" alt=\"\" width=\"300\" height=\"111\" srcset=\"https:\/\/web.umons.ac.be\/app\/uploads\/sites\/43\/2026\/03\/CampusUCharleroi_Logo_V3-300x111.jpg 300w, https:\/\/web.umons.ac.be\/app\/uploads\/sites\/43\/2026\/03\/CampusUCharleroi_Logo_V3-30x11.jpg 30w, https:\/\/web.umons.ac.be\/app\/uploads\/sites\/43\/2026\/03\/CampusUCharleroi_Logo_V3-60x22.jpg 60w, https:\/\/web.umons.ac.be\/app\/uploads\/sites\/43\/2026\/03\/CampusUCharleroi_Logo_V3-360x134.jpg 360w, https:\/\/web.umons.ac.be\/app\/uploads\/sites\/43\/2026\/03\/CampusUCharleroi_Logo_V3.jpg 531w\" sizes=\"auto, (max-width: 300px) 100vw, 300px\" \/><\/p>\n<p>Le <strong>CampusUCharleroi<\/strong> r\u00e9side dans le b\u00e2timent Z\u00e9nobe Gramme mais s\u2019\u00e9tend \u00e9galement dans deux autres lieux voisins : le Solvay et le Ma\u00e7onnerie. Cet ensemble est partag\u00e9 avec trois autres partenaires : ULB, Province du Hainaut (Haute Ecole Condorcet et ISIPS), et Universit\u00e9 Ouverte. Il a fait l\u2019objet d\u2019importantes r\u00e9novations, afin de constituer un p\u00f4le attractif en mati\u00e8re d\u2019enseignement sup\u00e9rieur et universitaire.<\/p>\n<hr \/>\n<ul>\n<li>\n<h5><a href=\"https:\/\/web.umons.ac.be\/app\/uploads\/sites\/43\/2019\/05\/Site-Charleroi-Ville-Haute.jpg\"><img loading=\"lazy\" decoding=\"async\" class=\"alignright wp-image-561 size-thumbnail\" src=\"https:\/\/web.umons.ac.be\/app\/uploads\/sites\/43\/2019\/05\/Site-Charleroi-Ville-Haute-150x150.jpg\" alt=\"\" width=\"150\" height=\"150\" srcset=\"https:\/\/web.umons.ac.be\/app\/uploads\/sites\/43\/2019\/05\/Site-Charleroi-Ville-Haute-150x150.jpg 150w, https:\/\/web.umons.ac.be\/app\/uploads\/sites\/43\/2019\/05\/Site-Charleroi-Ville-Haute-80x80.jpg 80w, https:\/\/web.umons.ac.be\/app\/uploads\/sites\/43\/2019\/05\/Site-Charleroi-Ville-Haute-400x400.jpg 400w, https:\/\/web.umons.ac.be\/app\/uploads\/sites\/43\/2019\/05\/Site-Charleroi-Ville-Haute-200x200.jpg 200w\" sizes=\"auto, (max-width: 150px) 100vw, 150px\" \/><\/a><\/h5>\n<h5>CampusUCharleroi<\/h5>\n<p>ASBL Centre Universitaire Z\u00e9nobe Gramme<br \/>\nB\u00e2timent Gramme<br \/>\nBoulevard Solvay, 31<br \/>\n6000 Charleroi<\/p>\n<p><a href=\"https:\/\/campusucharleroi.be\/contact\/\" target=\"_blank\" rel=\"noopener noreferrer\">Nous contacter<\/a><\/li>\n<\/ul>\n<p>&nbsp;<\/p>\n<hr \/>\n<p>&nbsp;<\/p>\n","protected":false},"excerpt":{"rendered":"<p>Le CampusUCharleroi r\u00e9side dans le b\u00e2timent Z\u00e9nobe Gramme mais s\u2019\u00e9tend \u00e9galement dans deux autres lieux voisins : le Solvay et le Ma\u00e7onnerie. Cet ensemble est partag\u00e9 avec trois autres partenaires : ULB, Province du Hainaut (Haute Ecole Condorcet et ISIPS), et Universit\u00e9 Ouverte. Il a fait l\u2019objet d\u2019importantes r\u00e9novations, afin de constituer un p\u00f4le attractif [&hellip;]<\/p>\n","protected":false},"author":2,"featured_media":0,"parent":788,"menu_order":0,"comment_status":"closed","ping_status":"closed","template":"","meta":{"footnotes":""},"class_list":["post-785","page","type-page","status-publish","hentry"],"yoast_head":"<!-- This site is optimized with the Yoast SEO plugin v27.2 - https:\/\/yoast.com\/product\/yoast-seo-wordpress\/ -->\n<title>CampusUCharleroi - UMONS Charleroi<\/title>\n<meta name=\"robots\" content=\"index, follow, max-snippet:-1, max-image-preview:large, max-video-preview:-1\" \/>\n<link rel=\"canonical\" href=\"https:\/\/web.umons.ac.be\/charleroi\/les-campus\/campus-ucharleroi\/\" \/>\n<meta property=\"og:locale\" content=\"fr_FR\" \/>\n<meta property=\"og:type\" content=\"article\" \/>\n<meta property=\"og:title\" content=\"CampusUCharleroi - UMONS Charleroi\" \/>\n<meta property=\"og:description\" content=\"Le CampusUCharleroi r\u00e9side dans le b\u00e2timent Z\u00e9nobe Gramme mais s\u2019\u00e9tend \u00e9galement dans deux autres lieux voisins : le Solvay et le Ma\u00e7onnerie. Cet ensemble est partag\u00e9 avec trois autres partenaires : ULB, Province du Hainaut (Haute Ecole Condorcet et ISIPS), et Universit\u00e9 Ouverte. Il a fait l\u2019objet d\u2019importantes r\u00e9novations, afin de constituer un p\u00f4le attractif [&hellip;]\" \/>\n<meta property=\"og:url\" content=\"https:\/\/web.umons.ac.be\/charleroi\/les-campus\/campus-ucharleroi\/\" \/>\n<meta property=\"og:site_name\" content=\"UMONS Charleroi\" \/>\n<meta property=\"article:modified_time\" content=\"2026-03-20T14:44:25+00:00\" \/>\n<meta property=\"og:image\" content=\"https:\/\/web.umons.ac.be\/app\/uploads\/sites\/43\/2026\/03\/CampusUCharleroi_Logo_V3.jpg\" \/>\n\t<meta property=\"og:image:width\" content=\"531\" \/>\n\t<meta property=\"og:image:height\" content=\"197\" \/>\n\t<meta property=\"og:image:type\" content=\"image\/jpeg\" \/>\n<meta name=\"twitter:card\" content=\"summary_large_image\" \/>\n<meta name=\"twitter:label1\" content=\"Dur\u00e9e de lecture estim\u00e9e\" \/>\n\t<meta name=\"twitter:data1\" content=\"1 minute\" \/>\n<script type=\"application\/ld+json\" class=\"yoast-schema-graph\">{\"@context\":\"https:\/\/schema.org\",\"@graph\":[{\"@type\":\"WebPage\",\"@id\":\"https:\/\/web.umons.ac.be\/charleroi\/les-campus\/campus-ucharleroi\/\",\"url\":\"https:\/\/web.umons.ac.be\/charleroi\/les-campus\/campus-ucharleroi\/\",\"name\":\"CampusUCharleroi - UMONS Charleroi\",\"isPartOf\":{\"@id\":\"https:\/\/web.umons.ac.be\/charleroi\/#website\"},\"primaryImageOfPage\":{\"@id\":\"https:\/\/web.umons.ac.be\/charleroi\/les-campus\/campus-ucharleroi\/#primaryimage\"},\"image\":{\"@id\":\"https:\/\/web.umons.ac.be\/charleroi\/les-campus\/campus-ucharleroi\/#primaryimage\"},\"thumbnailUrl\":\"https:\/\/web.umons.ac.be\/app\/uploads\/sites\/43\/2026\/03\/CampusUCharleroi_Logo_V3-300x111.jpg\",\"datePublished\":\"2020-05-08T09:57:24+00:00\",\"dateModified\":\"2026-03-20T14:44:25+00:00\",\"breadcrumb\":{\"@id\":\"https:\/\/web.umons.ac.be\/charleroi\/les-campus\/campus-ucharleroi\/#breadcrumb\"},\"inLanguage\":\"fr-FR\",\"potentialAction\":[{\"@type\":\"ReadAction\",\"target\":[\"https:\/\/web.umons.ac.be\/charleroi\/les-campus\/campus-ucharleroi\/\"]}]},{\"@type\":\"ImageObject\",\"inLanguage\":\"fr-FR\",\"@id\":\"https:\/\/web.umons.ac.be\/charleroi\/les-campus\/campus-ucharleroi\/#primaryimage\",\"url\":\"https:\/\/web.umons.ac.be\/app\/uploads\/sites\/43\/2026\/03\/CampusUCharleroi_Logo_V3-300x111.jpg\",\"contentUrl\":\"https:\/\/web.umons.ac.be\/app\/uploads\/sites\/43\/2026\/03\/CampusUCharleroi_Logo_V3-300x111.jpg\"},{\"@type\":\"BreadcrumbList\",\"@id\":\"https:\/\/web.umons.ac.be\/charleroi\/les-campus\/campus-ucharleroi\/#breadcrumb\",\"itemListElement\":[{\"@type\":\"ListItem\",\"position\":1,\"name\":\"Accueil\",\"item\":\"https:\/\/web.umons.ac.be\/charleroi\/\"},{\"@type\":\"ListItem\",\"position\":2,\"name\":\"Les Campus\",\"item\":\"https:\/\/web.umons.ac.be\/charleroi\/les-campus\/\"},{\"@type\":\"ListItem\",\"position\":3,\"name\":\"CampusUCharleroi\"}]},{\"@type\":\"WebSite\",\"@id\":\"https:\/\/web.umons.ac.be\/charleroi\/#website\",\"url\":\"https:\/\/web.umons.ac.be\/charleroi\/\",\"name\":\"UMONS Charleroi\",\"description\":\"\",\"potentialAction\":[{\"@type\":\"SearchAction\",\"target\":{\"@type\":\"EntryPoint\",\"urlTemplate\":\"https:\/\/web.umons.ac.be\/charleroi\/?s={search_term_string}\"},\"query-input\":{\"@type\":\"PropertyValueSpecification\",\"valueRequired\":true,\"valueName\":\"search_term_string\"}}],\"inLanguage\":\"fr-FR\"}]}<\/script>\n<!-- \/ Yoast SEO plugin. -->","yoast_head_json":{"title":"CampusUCharleroi - UMONS Charleroi","robots":{"index":"index","follow":"follow","max-snippet":"max-snippet:-1","max-image-preview":"max-image-preview:large","max-video-preview":"max-video-preview:-1"},"canonical":"https:\/\/web.umons.ac.be\/charleroi\/les-campus\/campus-ucharleroi\/","og_locale":"fr_FR","og_type":"article","og_title":"CampusUCharleroi - UMONS Charleroi","og_description":"Le CampusUCharleroi r\u00e9side dans le b\u00e2timent Z\u00e9nobe Gramme mais s\u2019\u00e9tend \u00e9galement dans deux autres lieux voisins : le Solvay et le Ma\u00e7onnerie. Cet ensemble est partag\u00e9 avec trois autres partenaires : ULB, Province du Hainaut (Haute Ecole Condorcet et ISIPS), et Universit\u00e9 Ouverte. Il a fait l\u2019objet d\u2019importantes r\u00e9novations, afin de constituer un p\u00f4le attractif [&hellip;]","og_url":"https:\/\/web.umons.ac.be\/charleroi\/les-campus\/campus-ucharleroi\/","og_site_name":"UMONS Charleroi","article_modified_time":"2026-03-20T14:44:25+00:00","og_image":[{"width":531,"height":197,"url":"https:\/\/web.umons.ac.be\/app\/uploads\/sites\/43\/2026\/03\/CampusUCharleroi_Logo_V3.jpg","type":"image\/jpeg"}],"twitter_card":"summary_large_image","twitter_misc":{"Dur\u00e9e de lecture estim\u00e9e":"1 minute"},"schema":{"@context":"https:\/\/schema.org","@graph":[{"@type":"WebPage","@id":"https:\/\/web.umons.ac.be\/charleroi\/les-campus\/campus-ucharleroi\/","url":"https:\/\/web.umons.ac.be\/charleroi\/les-campus\/campus-ucharleroi\/","name":"CampusUCharleroi - UMONS Charleroi","isPartOf":{"@id":"https:\/\/web.umons.ac.be\/charleroi\/#website"},"primaryImageOfPage":{"@id":"https:\/\/web.umons.ac.be\/charleroi\/les-campus\/campus-ucharleroi\/#primaryimage"},"image":{"@id":"https:\/\/web.umons.ac.be\/charleroi\/les-campus\/campus-ucharleroi\/#primaryimage"},"thumbnailUrl":"https:\/\/web.umons.ac.be\/app\/uploads\/sites\/43\/2026\/03\/CampusUCharleroi_Logo_V3-300x111.jpg","datePublished":"2020-05-08T09:57:24+00:00","dateModified":"2026-03-20T14:44:25+00:00","breadcrumb":{"@id":"https:\/\/web.umons.ac.be\/charleroi\/les-campus\/campus-ucharleroi\/#breadcrumb"},"inLanguage":"fr-FR","potentialAction":[{"@type":"ReadAction","target":["https:\/\/web.umons.ac.be\/charleroi\/les-campus\/campus-ucharleroi\/"]}]},{"@type":"ImageObject","inLanguage":"fr-FR","@id":"https:\/\/web.umons.ac.be\/charleroi\/les-campus\/campus-ucharleroi\/#primaryimage","url":"https:\/\/web.umons.ac.be\/app\/uploads\/sites\/43\/2026\/03\/CampusUCharleroi_Logo_V3-300x111.jpg","contentUrl":"https:\/\/web.umons.ac.be\/app\/uploads\/sites\/43\/2026\/03\/CampusUCharleroi_Logo_V3-300x111.jpg"},{"@type":"BreadcrumbList","@id":"https:\/\/web.umons.ac.be\/charleroi\/les-campus\/campus-ucharleroi\/#breadcrumb","itemListElement":[{"@type":"ListItem","position":1,"name":"Accueil","item":"https:\/\/web.umons.ac.be\/charleroi\/"},{"@type":"ListItem","position":2,"name":"Les Campus","item":"https:\/\/web.umons.ac.be\/charleroi\/les-campus\/"},{"@type":"ListItem","position":3,"name":"CampusUCharleroi"}]},{"@type":"WebSite","@id":"https:\/\/web.umons.ac.be\/charleroi\/#website","url":"https:\/\/web.umons.ac.be\/charleroi\/","name":"UMONS Charleroi","description":"","potentialAction":[{"@type":"SearchAction","target":{"@type":"EntryPoint","urlTemplate":"https:\/\/web.umons.ac.be\/charleroi\/?s={search_term_string}"},"query-input":{"@type":"PropertyValueSpecification","valueRequired":true,"valueName":"search_term_string"}}],"inLanguage":"fr-FR"}]}},"lang":"fr","translations":{"fr":785},"pll_sync_post":[],"_links":{"self":[{"href":"https:\/\/web.umons.ac.be\/charleroi\/wp-json\/wp\/v2\/pages\/785","targetHints":{"allow":["GET"]}}],"collection":[{"href":"https:\/\/web.umons.ac.be\/charleroi\/wp-json\/wp\/v2\/pages"}],"about":[{"href":"https:\/\/web.umons.ac.be\/charleroi\/wp-json\/wp\/v2\/types\/page"}],"author":[{"embeddable":true,"href":"https:\/\/web.umons.ac.be\/charleroi\/wp-json\/wp\/v2\/users\/2"}],"replies":[{"embeddable":true,"href":"https:\/\/web.umons.ac.be\/charleroi\/wp-json\/wp\/v2\/comments?post=785"}],"version-history":[{"count":4,"href":"https:\/\/web.umons.ac.be\/charleroi\/wp-json\/wp\/v2\/pages\/785\/revisions"}],"predecessor-version":[{"id":2123,"href":"https:\/\/web.umons.ac.be\/charleroi\/wp-json\/wp\/v2\/pages\/785\/revisions\/2123"}],"up":[{"embeddable":true,"href":"https:\/\/web.umons.ac.be\/charleroi\/wp-json\/wp\/v2\/pages\/788"}],"wp:attachment":[{"href":"https:\/\/web.umons.ac.be\/charleroi\/wp-json\/wp\/v2\/media?parent=785"}],"curies":[{"name":"wp","href":"https:\/\/api.w.org\/{rel}","templated":true}]}}