{"id":1634,"date":"2022-08-31T15:33:16","date_gmt":"2022-08-31T13:33:16","guid":{"rendered":"https:\/\/web.umons.ac.be\/droit\/?page_id=1634"},"modified":"2024-08-06T13:16:23","modified_gmt":"2024-08-06T11:16:23","slug":"escape-room-electoral","status":"publish","type":"page","link":"https:\/\/web.umons.ac.be\/droit\/fr\/lecole-de-droit-bouge\/initiatives-pedagogiques\/escape-room-electoral\/","title":{"rendered":"Escape Room \u00e9lectoral"},"content":{"rendered":"<h2>2024, Casa de papeleta<\/h2>\n<p><span class=\"TextRun SCXW132492416 BCX0\" lang=\"FR-FR\" xml:lang=\"FR-FR\" data-contrast=\"auto\"><span class=\"NormalTextRun SCXW132492416 BCX0\">Les \u00e9tudiant\u2022e\u2022s de l\u2019\u00c9cole de Droit fomentent le casse d\u00e9mocratique du si\u00e8cle ! Leur but ? Vous guider dans les couloirs institutionnels belges et les scrutins de 2024, en moins d\u2019une heure. Les \u00e9tudiants &#8211; renomm\u00e9s pour l\u2019occasion Mons, Quaregnon, Charleroi, La Louvi\u00e8re et Tournai &#8211; et La <\/span><span class=\"NormalTextRun SpellingErrorV2Themed SCXW132492416 BCX0\">Profesora Anne-Emmanuelle Bourgaux<\/span><span class=\"NormalTextRun SCXW132492416 BCX0\"> vous aident <\/span><span class=\"NormalTextRun SCXW132492416 BCX0\">\u00e0<\/span><span class=\"NormalTextRun SCXW132492416 BCX0\"> faire sauter vos verrous d\u00e9mocratiques, dans le magnifique <\/span><span class=\"NormalTextRun SpellingErrorV2Themed SCXW132492416 BCX0\">Mundaneum<\/span><span class=\"NormalTextRun SCXW132492416 BCX0\"> !<\/span><\/span><\/p>\n<ul>\n<li>\n<p class=\"x11i5rnm xat24cr x1mh8g0r x1vvkbs xtlvy1s\">Le 26 avril 2024, \u00e9v\u00e8nement r\u00e9serv\u00e9 aux groupes scolaires.<\/p>\n<\/li>\n<li>\n<p class=\"x11i5rnm xat24cr x1mh8g0r x1vvkbs xtlvy1s\">Le 27 avril 2024, tentez de r\u00e9soudre en famille ou entre amis un ensemble d\u2019\u00e9nigmes \u00e9lectorales in\u00e9dites.<\/p>\n<\/li>\n<\/ul>\n<p><a href=\"https:\/\/web.umons.ac.be\/droit\/fr\/2024\/08\/06\/retour-photo-casa-de-papeleta-escape-room-electoral-2024\/\">Retour photos sur l&rsquo;escape room \u00e9lectoral Casa de papeleta<\/a><\/p>\n<hr \/>\n<p><strong>La presse en parle<\/strong><\/p>\n<p>RTBF : <a href=\"https:\/\/www.rtbf.be\/article\/elections-2024-un-escape-game-a-mons-pour-sensibiliser-aux-enjeux-democratiques-11365485\">Elections 2024\u00a0: un escape game \u00e0 Mons pour sensibiliser aux enjeux d\u00e9mocratiques<\/a><\/p>\n<p>T\u00e9l\u00e9MB :\u00a0<a href=\"https:\/\/www.telemb.be\/actu\/la-casa-de-papeleta-un-escape-game-pour-sensibiliser-limportance-du-vote\/35048?fbclid=IwY2xjawEe27RleHRuA2FlbQIxMQABHaDrsHOEFB-4ID8B2qtZhhvpRGtP_aqw0WlRI3eoHdKDdeRfqMWPP3xnUg_aem_9r_C2JIKfTRUY5vtgvm6Fg\">La Casa de Papeleta : Un escape game pour sensibiliser \u00e0 l&rsquo;importance du vote<\/a><\/p>\n<p>Antenne-Centre : <a href=\"https:\/\/www.antennecentre.tv\/replay\/emission\/le-18-dix-huit\/le-18-18-02052024\/21083\">LE 18 \/ DIX HUIT (du 2\/05\/2024)<\/a><\/p>\n<p>Sudinfo : <a href=\"https:\/\/www.sudinfo.be\/id841748\/article\/2024-05-29\/la-culture-pop-pour-doper-la-democratie\">La culture pop pour doper la d\u00e9mocratie<\/a><\/p>\n<h2><\/h2>\n<h2>2019, Sherlock et Watson<\/h2>\n<p>Transform\u00e9\u00b7e\u00b7s pour l\u2019occasion en Sherlock et en Docteur Watson, les \u00e9tudiant\u00b7e\u00b7s de l\u2019\u00c9cole de Droit de l\u2019UMONS-ULB vous accueillent dans leur escape room \u00e9lectoral. Avec leur aide, les \u00e9lecteurs et \u00e9lectrices seront invit\u00e9\u00b7e\u00b7s \u00e0 r\u00e9soudre ces \u00e9nigmes \u00e9lectorales et \u00e0 d\u00e9verrouiller leurs cadenas d\u00e9mocratiques !<\/p>\n<p>L\u2019Escape Room \u00e9lectoral est une initiative p\u00e9dagogique \u00ab 3R \u00bb, mise sur pied par Anne-Emmanuelle Bourgaux, professeure de Droit constitutionnel et d\u2019Histoire du Droit, et qui a \u00e9t\u00e9 pr\u00e9sent\u00e9e lors du Printemps des Sciences, les 30 et 31 mars 2019 au Lotto Mons Expo.<\/p>\n<p>L\u2019Escape Room \u00e9lectoral a ensuite \u00e9t\u00e9 propos\u00e9 \u00e0 120 \u00e9l\u00e8ves de rh\u00e9to, le 10 mai 2019, dans la Salle Acad\u00e9mique de l\u2019UMONS.<\/p>\n<p>Deux semaines plus tard, nous allions nous rendre aux urnes. Un triple scrutin r\u00e9gional, f\u00e9d\u00e9ral et europ\u00e9en dont les enjeux n&rsquo;\u00e9taient pas toujours facile \u00e0 cerner.<\/p>\n<p>Plus r\u00e9cemment, l\u2019activit\u00e9 a \u00e9galement \u00e9t\u00e9 propos\u00e9e aux \u00e9l\u00e8ves de secondaires participant aux <a href=\"https:\/\/www.pac-g.be\/%C3%A9v%C3%A8nement\/on-vote-citoyen-ne\/\" target=\"_blank\" rel=\"noopener\">JOURN\u00c9ES D\u2019\u00c9CHANGES AUTOUR\u00a0 DE L\u2019\u00c9DUCATION AUX \u00c9LECTIONS<\/a> propos\u00e9es par la Maison de la La\u00efcit\u00e9 de La Louvi\u00e8re et la R\u00e9gionale P.A.C.<\/p>\n<hr \/>\n<p><strong>La presse en parle<\/strong><\/p>\n<p>RTBF\u00a0: <a href=\"https:\/\/www.rtbf.be\/article\/escape-game-electoral-quand-les-jeunes-se-melent-de-politique-10218652\" target=\"_blank\" rel=\"noopener\">Escape game \u00e9lectoral\u00a0: quand les jeunes se m\u00ealent de politique<\/a><\/p>\n<p>T\u00e9l\u00e9MB\u00a0: <a href=\"https:\/\/www.telemb.be\/article\/un-escape-game-electoral-lumons\" target=\"_blank\" rel=\"noopener\">Un \u00ab\u00a0escape game\u00a0\u00bb \u00e9lectoral \u00e0 l&rsquo;UMons<\/a><\/p>\n<p>&nbsp;<\/p>\n","protected":false},"excerpt":{"rendered":"<p>2024, Casa de papeleta Les \u00e9tudiant\u2022e\u2022s de l\u2019\u00c9cole de Droit fomentent le casse d\u00e9mocratique du si\u00e8cle ! Leur but ? Vous guider dans les couloirs institutionnels belges et les scrutins de 2024, en moins d\u2019une heure. Les \u00e9tudiants &#8211; renomm\u00e9s pour l\u2019occasion Mons, Quaregnon, Charleroi, La Louvi\u00e8re et Tournai &#8211; et La Profesora Anne-Emmanuelle Bourgaux [&hellip;]<\/p>\n","protected":false},"author":2,"featured_media":2506,"parent":701,"menu_order":0,"comment_status":"closed","ping_status":"closed","template":"","meta":{"footnotes":""},"class_list":["post-1634","page","type-page","status-publish","has-post-thumbnail","hentry"],"yoast_head":"<!-- This site is optimized with the Yoast SEO plugin v27.2 - https:\/\/yoast.com\/product\/yoast-seo-wordpress\/ -->\n<title>Escape Room \u00e9lectoral - Ecole \/ DROIT<\/title>\n<meta name=\"description\" content=\"Initiative p\u00e9dagogique 3R men\u00e9e par Anne-Emmanuelle Bourgaux et les \u00e9tudiants de l&#039;\u00c9cole de Droit UMONS-ULB \u00e0 Mons.\" \/>\n<meta name=\"robots\" content=\"index, follow, max-snippet:-1, max-image-preview:large, max-video-preview:-1\" \/>\n<link rel=\"canonical\" href=\"https:\/\/web.umons.ac.be\/droit\/fr\/lecole-de-droit-bouge\/initiatives-pedagogiques\/escape-room-electoral\/\" \/>\n<meta property=\"og:locale\" content=\"fr_FR\" \/>\n<meta property=\"og:type\" content=\"article\" \/>\n<meta property=\"og:title\" content=\"Escape Room \u00e9lectoral - Ecole \/ DROIT\" \/>\n<meta property=\"og:description\" content=\"Initiative p\u00e9dagogique 3R men\u00e9e par Anne-Emmanuelle Bourgaux et les \u00e9tudiants de l&#039;\u00c9cole de Droit UMONS-ULB \u00e0 Mons.\" \/>\n<meta property=\"og:url\" content=\"https:\/\/web.umons.ac.be\/droit\/fr\/lecole-de-droit-bouge\/initiatives-pedagogiques\/escape-room-electoral\/\" \/>\n<meta property=\"og:site_name\" content=\"Ecole \/ DROIT\" \/>\n<meta property=\"article:modified_time\" content=\"2024-08-06T11:16:23+00:00\" \/>\n<meta property=\"og:image\" content=\"https:\/\/web.umons.ac.be\/app\/uploads\/sites\/7\/2024\/08\/438144889_985861806876462_611938696769738080_n.jpg\" \/>\n\t<meta property=\"og:image:width\" content=\"1536\" \/>\n\t<meta property=\"og:image:height\" content=\"2048\" \/>\n\t<meta property=\"og:image:type\" content=\"image\/jpeg\" \/>\n<meta name=\"twitter:card\" content=\"summary_large_image\" \/>\n<meta name=\"twitter:label1\" content=\"Dur\u00e9e de lecture estim\u00e9e\" \/>\n\t<meta name=\"twitter:data1\" content=\"2 minutes\" \/>\n<script type=\"application\/ld+json\" class=\"yoast-schema-graph\">{\"@context\":\"https:\/\/schema.org\",\"@graph\":[{\"@type\":\"WebPage\",\"@id\":\"https:\/\/web.umons.ac.be\/droit\/fr\/lecole-de-droit-bouge\/initiatives-pedagogiques\/escape-room-electoral\/\",\"url\":\"https:\/\/web.umons.ac.be\/droit\/fr\/lecole-de-droit-bouge\/initiatives-pedagogiques\/escape-room-electoral\/\",\"name\":\"Escape Room \u00e9lectoral - Ecole \/ DROIT\",\"isPartOf\":{\"@id\":\"https:\/\/web.umons.ac.be\/droit\/#website\"},\"primaryImageOfPage\":{\"@id\":\"https:\/\/web.umons.ac.be\/droit\/fr\/lecole-de-droit-bouge\/initiatives-pedagogiques\/escape-room-electoral\/#primaryimage\"},\"image\":{\"@id\":\"https:\/\/web.umons.ac.be\/droit\/fr\/lecole-de-droit-bouge\/initiatives-pedagogiques\/escape-room-electoral\/#primaryimage\"},\"thumbnailUrl\":\"https:\/\/web.umons.ac.be\/app\/uploads\/sites\/7\/2024\/08\/438144889_985861806876462_611938696769738080_n.jpg\",\"datePublished\":\"2022-08-31T13:33:16+00:00\",\"dateModified\":\"2024-08-06T11:16:23+00:00\",\"description\":\"Initiative p\u00e9dagogique 3R men\u00e9e par Anne-Emmanuelle Bourgaux et les \u00e9tudiants de l'\u00c9cole de Droit UMONS-ULB \u00e0 Mons.\",\"breadcrumb\":{\"@id\":\"https:\/\/web.umons.ac.be\/droit\/fr\/lecole-de-droit-bouge\/initiatives-pedagogiques\/escape-room-electoral\/#breadcrumb\"},\"inLanguage\":\"fr-FR\",\"potentialAction\":[{\"@type\":\"ReadAction\",\"target\":[\"https:\/\/web.umons.ac.be\/droit\/fr\/lecole-de-droit-bouge\/initiatives-pedagogiques\/escape-room-electoral\/\"]}]},{\"@type\":\"ImageObject\",\"inLanguage\":\"fr-FR\",\"@id\":\"https:\/\/web.umons.ac.be\/droit\/fr\/lecole-de-droit-bouge\/initiatives-pedagogiques\/escape-room-electoral\/#primaryimage\",\"url\":\"https:\/\/web.umons.ac.be\/app\/uploads\/sites\/7\/2024\/08\/438144889_985861806876462_611938696769738080_n.jpg\",\"contentUrl\":\"https:\/\/web.umons.ac.be\/app\/uploads\/sites\/7\/2024\/08\/438144889_985861806876462_611938696769738080_n.jpg\",\"width\":1536,\"height\":2048},{\"@type\":\"BreadcrumbList\",\"@id\":\"https:\/\/web.umons.ac.be\/droit\/fr\/lecole-de-droit-bouge\/initiatives-pedagogiques\/escape-room-electoral\/#breadcrumb\",\"itemListElement\":[{\"@type\":\"ListItem\",\"position\":1,\"name\":\"Accueil\",\"item\":\"https:\/\/web.umons.ac.be\/droit\/\"},{\"@type\":\"ListItem\",\"position\":2,\"name\":\"L\u2019\u00c9cole de Droit bouge !\",\"item\":\"https:\/\/web.umons.ac.be\/droit\/fr\/lecole-de-droit-bouge\/\"},{\"@type\":\"ListItem\",\"position\":3,\"name\":\"Initiatives p\u00e9dagogiques\",\"item\":\"https:\/\/web.umons.ac.be\/droit\/fr\/lecole-de-droit-bouge\/initiatives-pedagogiques\/\"},{\"@type\":\"ListItem\",\"position\":4,\"name\":\"Escape Room \u00e9lectoral\"}]},{\"@type\":\"WebSite\",\"@id\":\"https:\/\/web.umons.ac.be\/droit\/#website\",\"url\":\"https:\/\/web.umons.ac.be\/droit\/\",\"name\":\"Ecole \/ DROIT\",\"description\":\"hgqdfjkghqdfjk\",\"potentialAction\":[{\"@type\":\"SearchAction\",\"target\":{\"@type\":\"EntryPoint\",\"urlTemplate\":\"https:\/\/web.umons.ac.be\/droit\/?s={search_term_string}\"},\"query-input\":{\"@type\":\"PropertyValueSpecification\",\"valueRequired\":true,\"valueName\":\"search_term_string\"}}],\"inLanguage\":\"fr-FR\"}]}<\/script>\n<!-- \/ Yoast SEO plugin. -->","yoast_head_json":{"title":"Escape Room \u00e9lectoral - Ecole \/ DROIT","description":"Initiative p\u00e9dagogique 3R men\u00e9e par Anne-Emmanuelle Bourgaux et les \u00e9tudiants de l'\u00c9cole de Droit UMONS-ULB \u00e0 Mons.","robots":{"index":"index","follow":"follow","max-snippet":"max-snippet:-1","max-image-preview":"max-image-preview:large","max-video-preview":"max-video-preview:-1"},"canonical":"https:\/\/web.umons.ac.be\/droit\/fr\/lecole-de-droit-bouge\/initiatives-pedagogiques\/escape-room-electoral\/","og_locale":"fr_FR","og_type":"article","og_title":"Escape Room \u00e9lectoral - Ecole \/ DROIT","og_description":"Initiative p\u00e9dagogique 3R men\u00e9e par Anne-Emmanuelle Bourgaux et les \u00e9tudiants de l'\u00c9cole de Droit UMONS-ULB \u00e0 Mons.","og_url":"https:\/\/web.umons.ac.be\/droit\/fr\/lecole-de-droit-bouge\/initiatives-pedagogiques\/escape-room-electoral\/","og_site_name":"Ecole \/ DROIT","article_modified_time":"2024-08-06T11:16:23+00:00","og_image":[{"width":1536,"height":2048,"url":"https:\/\/web.umons.ac.be\/app\/uploads\/sites\/7\/2024\/08\/438144889_985861806876462_611938696769738080_n.jpg","type":"image\/jpeg"}],"twitter_card":"summary_large_image","twitter_misc":{"Dur\u00e9e de lecture estim\u00e9e":"2 minutes"},"schema":{"@context":"https:\/\/schema.org","@graph":[{"@type":"WebPage","@id":"https:\/\/web.umons.ac.be\/droit\/fr\/lecole-de-droit-bouge\/initiatives-pedagogiques\/escape-room-electoral\/","url":"https:\/\/web.umons.ac.be\/droit\/fr\/lecole-de-droit-bouge\/initiatives-pedagogiques\/escape-room-electoral\/","name":"Escape Room \u00e9lectoral - Ecole \/ DROIT","isPartOf":{"@id":"https:\/\/web.umons.ac.be\/droit\/#website"},"primaryImageOfPage":{"@id":"https:\/\/web.umons.ac.be\/droit\/fr\/lecole-de-droit-bouge\/initiatives-pedagogiques\/escape-room-electoral\/#primaryimage"},"image":{"@id":"https:\/\/web.umons.ac.be\/droit\/fr\/lecole-de-droit-bouge\/initiatives-pedagogiques\/escape-room-electoral\/#primaryimage"},"thumbnailUrl":"https:\/\/web.umons.ac.be\/app\/uploads\/sites\/7\/2024\/08\/438144889_985861806876462_611938696769738080_n.jpg","datePublished":"2022-08-31T13:33:16+00:00","dateModified":"2024-08-06T11:16:23+00:00","description":"Initiative p\u00e9dagogique 3R men\u00e9e par Anne-Emmanuelle Bourgaux et les \u00e9tudiants de l'\u00c9cole de Droit UMONS-ULB \u00e0 Mons.","breadcrumb":{"@id":"https:\/\/web.umons.ac.be\/droit\/fr\/lecole-de-droit-bouge\/initiatives-pedagogiques\/escape-room-electoral\/#breadcrumb"},"inLanguage":"fr-FR","potentialAction":[{"@type":"ReadAction","target":["https:\/\/web.umons.ac.be\/droit\/fr\/lecole-de-droit-bouge\/initiatives-pedagogiques\/escape-room-electoral\/"]}]},{"@type":"ImageObject","inLanguage":"fr-FR","@id":"https:\/\/web.umons.ac.be\/droit\/fr\/lecole-de-droit-bouge\/initiatives-pedagogiques\/escape-room-electoral\/#primaryimage","url":"https:\/\/web.umons.ac.be\/app\/uploads\/sites\/7\/2024\/08\/438144889_985861806876462_611938696769738080_n.jpg","contentUrl":"https:\/\/web.umons.ac.be\/app\/uploads\/sites\/7\/2024\/08\/438144889_985861806876462_611938696769738080_n.jpg","width":1536,"height":2048},{"@type":"BreadcrumbList","@id":"https:\/\/web.umons.ac.be\/droit\/fr\/lecole-de-droit-bouge\/initiatives-pedagogiques\/escape-room-electoral\/#breadcrumb","itemListElement":[{"@type":"ListItem","position":1,"name":"Accueil","item":"https:\/\/web.umons.ac.be\/droit\/"},{"@type":"ListItem","position":2,"name":"L\u2019\u00c9cole de Droit bouge !","item":"https:\/\/web.umons.ac.be\/droit\/fr\/lecole-de-droit-bouge\/"},{"@type":"ListItem","position":3,"name":"Initiatives p\u00e9dagogiques","item":"https:\/\/web.umons.ac.be\/droit\/fr\/lecole-de-droit-bouge\/initiatives-pedagogiques\/"},{"@type":"ListItem","position":4,"name":"Escape Room \u00e9lectoral"}]},{"@type":"WebSite","@id":"https:\/\/web.umons.ac.be\/droit\/#website","url":"https:\/\/web.umons.ac.be\/droit\/","name":"Ecole \/ DROIT","description":"hgqdfjkghqdfjk","potentialAction":[{"@type":"SearchAction","target":{"@type":"EntryPoint","urlTemplate":"https:\/\/web.umons.ac.be\/droit\/?s={search_term_string}"},"query-input":{"@type":"PropertyValueSpecification","valueRequired":true,"valueName":"search_term_string"}}],"inLanguage":"fr-FR"}]}},"lang":"fr","translations":{"fr":1634},"pll_sync_post":[],"_links":{"self":[{"href":"https:\/\/web.umons.ac.be\/droit\/wp-json\/wp\/v2\/pages\/1634","targetHints":{"allow":["GET"]}}],"collection":[{"href":"https:\/\/web.umons.ac.be\/droit\/wp-json\/wp\/v2\/pages"}],"about":[{"href":"https:\/\/web.umons.ac.be\/droit\/wp-json\/wp\/v2\/types\/page"}],"author":[{"embeddable":true,"href":"https:\/\/web.umons.ac.be\/droit\/wp-json\/wp\/v2\/users\/2"}],"replies":[{"embeddable":true,"href":"https:\/\/web.umons.ac.be\/droit\/wp-json\/wp\/v2\/comments?post=1634"}],"version-history":[{"count":3,"href":"https:\/\/web.umons.ac.be\/droit\/wp-json\/wp\/v2\/pages\/1634\/revisions"}],"predecessor-version":[{"id":2452,"href":"https:\/\/web.umons.ac.be\/droit\/wp-json\/wp\/v2\/pages\/1634\/revisions\/2452"}],"up":[{"embeddable":true,"href":"https:\/\/web.umons.ac.be\/droit\/wp-json\/wp\/v2\/pages\/701"}],"wp:featuredmedia":[{"embeddable":true,"href":"https:\/\/web.umons.ac.be\/droit\/wp-json\/wp\/v2\/media\/2506"}],"wp:attachment":[{"href":"https:\/\/web.umons.ac.be\/droit\/wp-json\/wp\/v2\/media?parent=1634"}],"curies":[{"name":"wp","href":"https:\/\/api.w.org\/{rel}","templated":true}]}}