{"id":1645,"date":"2022-08-31T15:40:56","date_gmt":"2022-08-31T13:40:56","guid":{"rendered":"https:\/\/web.umons.ac.be\/droit\/?page_id=1645"},"modified":"2023-09-15T15:01:12","modified_gmt":"2023-09-15T13:01:12","slug":"secrets-dhistoire-en-hainaut","status":"publish","type":"page","link":"https:\/\/web.umons.ac.be\/droit\/fr\/lecole-de-droit-bouge\/initiatives-pedagogiques\/secrets-dhistoire-en-hainaut\/","title":{"rendered":"Secrets d\u2019histoire en Hainaut"},"content":{"rendered":"<div class=\"xdj266r x11i5rnm xat24cr x1mh8g0r x1vvkbs x126k92a\">\n<h1 dir=\"auto\">Les \u00e9tudiant.e.s de l\u2019\u00c9cole de Droit se transforment en <span class=\"xt0psk2\">St\u00e9phane Bern<\/span> pour vous faire d\u00e9couvrir le Hainaut \u00e0 la mode \u201cSecrets d\u2019Histoire\u201d !<\/h1>\n<\/div>\n<div class=\"x11i5rnm xat24cr x1mh8g0r x1vvkbs xtlvy1s x126k92a\">\n<div dir=\"auto\"><\/div>\n<p dir=\"auto\" style=\"text-align: left;\">De 2020 \u00e0 2022, les \u00e9tudiant.e.s ont \u00e9t\u00e9 invit\u00e9.e.s \u00e0 pr\u00e9senter leur travail, r\u00e9alis\u00e9 dans le cadre du cours d\u2019Histoire du Droit, comme s\u2019ils pr\u00e9sentaient une \u00e9mission de Secrets d\u2019Histoire. Le tournage de leur vid\u00e9o a souvent \u00e9t\u00e9 compliqu\u00e9 par les mesures sanitaires mises en place \u00e0 l\u2019\u00e9poque. Mais, dans un contexte de fermeture des universit\u00e9s, ce tournage a aussi \u00e9t\u00e9 l\u2019occasion de se retrouver en plein air et d\u2019\u00e9chapper \u00e0 la solitude des kots et chambres d\u2019\u00e9tudiant.<\/p>\n<p dir=\"auto\"><span style=\"font-size: 14px;\">L\u2019Histoire, le savoir, la cr\u00e9ativit\u00e9, la solidarit\u00e9 de groupe en rem\u00e8de \u00e0 l\u2019isolement, au stress et \u00e0 l\u2019enfermement : What else ?<\/span><\/p>\n<\/div>\n<p class=\"x11i5rnm xat24cr x1mh8g0r x1vvkbs xtlvy1s x126k92a\" style=\"text-align: left;\">\n<div dir=\"auto\"><\/div>\n<p class=\"x11i5rnm xat24cr x1mh8g0r x1vvkbs xtlvy1s x126k92a\" style=\"text-align: left;\">\n<div dir=\"auto\">Parce que \u00ab scientia vincere tenebras \u00bb, en cette rentr\u00e9e 2023, nous pouvons enfin vous pr\u00e9senter le fruit de ce travail, \u00e0 l\u2019occasion de la Welcome Week de l\u2019UMONS.<\/div>\n<div dir=\"auto\"><\/div>\n<div dir=\"auto\"><span style=\"font-size: 14px;\">Venez assister \u00e0 la projection de leurs court-m\u00e9trages et d\u00e9couvrez l\u2019histoire m\u00e9connue du Hainaut ! Vous y rencontrerez notamment l\u2019\u00e9mouvante Marie de Bourgogne, la tr\u00e9pidante Jacqueline de Bavi\u00e8re, le m\u00e9connu Nicolas Neufch\u00e2tel (dit Lucidel) \u2013 qui a donn\u00e9 son nom \u00e0 une aile du B\u00e2timent Warocqu\u00e9 ! \u2013 ou encore l\u2019Abbaye de Bonne-Esp\u00e9rance comme vous ne l\u2019avez jamais vue.<\/span><\/div>\n<p class=\"x11i5rnm xat24cr x1mh8g0r x1vvkbs xtlvy1s x126k92a\" style=\"text-align: left;\">\n<p class=\"x11i5rnm xat24cr x1mh8g0r x1vvkbs xtlvy1s x126k92a\">Venez assister \u00e0 la projection de leurs court-m\u00e9trages et d\u00e9couvrez l\u2019histoire m\u00e9connue du Hainaut ! Vous y rencontrerez notamment l\u2019\u00e9mouvante Marie de Bourgogne, la tr\u00e9pidante Jacqueline de Bavi\u00e8re, le m\u00e9connu Nicolas Neufch\u00e2tel (dit Lucidel) \u2013 qui a donn\u00e9 son nom \u00e0 une aile du B\u00e2timent Warocqu\u00e9 ! \u2013 ou encore l\u2019Abbaye de Bonne-Esp\u00e9rance comme vous ne l\u2019avez jamais vue.<\/p>\n<h2>Une initiative 3R dans le cadre du cours d\u2019Histoire du Droit<\/h2>\n<p>Cette activit\u00e9 est n\u00e9e d\u2019une initiative 3R, mise en place par la Professeure Anne-Emmanuelle Bourgaux et ses assistant.e.s Aurore Joncret, Margot Celli, Sonia Ba\u00ef et Vincent Martin-Schmets.<\/p>\n<h3 class=\"x11i5rnm xat24cr x1mh8g0r x1vvkbs xtlvy1s x126k92a\">Informations pratiques<\/h3>\n<ul>\n<li>Vendredi 15 septembre 2023<\/li>\n<li>Entr\u00e9e libre, sans r\u00e9servation.<\/li>\n<li>Adresse :<br \/>\nB\u00e2timent Rosa Parks<br \/>\nAuditoire Landercy<br \/>\n9, Avenue Fr\u00e8re Orban<br \/>\n7000 Mons<\/li>\n<\/ul>\n","protected":false},"excerpt":{"rendered":"<p>Les \u00e9tudiant.e.s de l\u2019\u00c9cole de Droit se transforment en St\u00e9phane Bern pour vous faire d\u00e9couvrir le Hainaut \u00e0 la mode \u201cSecrets d\u2019Histoire\u201d ! De 2020 \u00e0 2022, les \u00e9tudiant.e.s ont \u00e9t\u00e9 invit\u00e9.e.s \u00e0 pr\u00e9senter leur travail, r\u00e9alis\u00e9 dans le cadre du cours d\u2019Histoire du Droit, comme s\u2019ils pr\u00e9sentaient une \u00e9mission de Secrets d\u2019Histoire. Le tournage [&hellip;]<\/p>\n","protected":false},"author":2,"featured_media":2042,"parent":701,"menu_order":0,"comment_status":"closed","ping_status":"closed","template":"","meta":{"footnotes":""},"class_list":["post-1645","page","type-page","status-publish","has-post-thumbnail","hentry"],"yoast_head":"<!-- This site is optimized with the Yoast SEO plugin v27.2 - https:\/\/yoast.com\/product\/yoast-seo-wordpress\/ -->\n<title>Secrets d\u2019histoire en Hainaut - Ecole \/ DROIT<\/title>\n<meta name=\"description\" content=\"Secrets d&#039;Histoire en Hainaut. Une initiative p\u00e9dagogique 3R men\u00e9e par Anne-Emmanuelle Bourgaux \u00e0 l&#039;\u00c9cole de Droit ULB-UMONS.\" \/>\n<meta name=\"robots\" content=\"index, follow, max-snippet:-1, max-image-preview:large, max-video-preview:-1\" \/>\n<link rel=\"canonical\" href=\"https:\/\/web.umons.ac.be\/droit\/fr\/lecole-de-droit-bouge\/initiatives-pedagogiques\/secrets-dhistoire-en-hainaut\/\" \/>\n<meta property=\"og:locale\" content=\"fr_FR\" \/>\n<meta property=\"og:type\" content=\"article\" \/>\n<meta property=\"og:title\" content=\"Secrets d\u2019histoire en Hainaut - Ecole \/ DROIT\" \/>\n<meta property=\"og:description\" content=\"Secrets d&#039;Histoire en Hainaut. Une initiative p\u00e9dagogique 3R men\u00e9e par Anne-Emmanuelle Bourgaux \u00e0 l&#039;\u00c9cole de Droit ULB-UMONS.\" \/>\n<meta property=\"og:url\" content=\"https:\/\/web.umons.ac.be\/droit\/fr\/lecole-de-droit-bouge\/initiatives-pedagogiques\/secrets-dhistoire-en-hainaut\/\" \/>\n<meta property=\"og:site_name\" content=\"Ecole \/ DROIT\" \/>\n<meta property=\"article:modified_time\" content=\"2023-09-15T13:01:12+00:00\" \/>\n<meta property=\"og:image\" content=\"https:\/\/web.umons.ac.be\/app\/uploads\/sites\/7\/2023\/08\/Affiche-Secrets-dHistoire-en-Hainaut-4-1024x576.png\" \/>\n\t<meta property=\"og:image:width\" content=\"1024\" \/>\n\t<meta property=\"og:image:height\" content=\"576\" \/>\n\t<meta property=\"og:image:type\" content=\"image\/png\" \/>\n<meta name=\"twitter:card\" content=\"summary_large_image\" \/>\n<meta name=\"twitter:label1\" content=\"Dur\u00e9e de lecture estim\u00e9e\" \/>\n\t<meta name=\"twitter:data1\" content=\"2 minutes\" \/>\n<script type=\"application\/ld+json\" class=\"yoast-schema-graph\">{\"@context\":\"https:\/\/schema.org\",\"@graph\":[{\"@type\":\"WebPage\",\"@id\":\"https:\/\/web.umons.ac.be\/droit\/fr\/lecole-de-droit-bouge\/initiatives-pedagogiques\/secrets-dhistoire-en-hainaut\/\",\"url\":\"https:\/\/web.umons.ac.be\/droit\/fr\/lecole-de-droit-bouge\/initiatives-pedagogiques\/secrets-dhistoire-en-hainaut\/\",\"name\":\"Secrets d\u2019histoire en Hainaut - Ecole \/ DROIT\",\"isPartOf\":{\"@id\":\"https:\/\/web.umons.ac.be\/droit\/#website\"},\"primaryImageOfPage\":{\"@id\":\"https:\/\/web.umons.ac.be\/droit\/fr\/lecole-de-droit-bouge\/initiatives-pedagogiques\/secrets-dhistoire-en-hainaut\/#primaryimage\"},\"image\":{\"@id\":\"https:\/\/web.umons.ac.be\/droit\/fr\/lecole-de-droit-bouge\/initiatives-pedagogiques\/secrets-dhistoire-en-hainaut\/#primaryimage\"},\"thumbnailUrl\":\"https:\/\/web.umons.ac.be\/app\/uploads\/sites\/7\/2023\/08\/Affiche-Secrets-dHistoire-en-Hainaut-4.png\",\"datePublished\":\"2022-08-31T13:40:56+00:00\",\"dateModified\":\"2023-09-15T13:01:12+00:00\",\"description\":\"Secrets d'Histoire en Hainaut. Une initiative p\u00e9dagogique 3R men\u00e9e par Anne-Emmanuelle Bourgaux \u00e0 l'\u00c9cole de Droit ULB-UMONS.\",\"breadcrumb\":{\"@id\":\"https:\/\/web.umons.ac.be\/droit\/fr\/lecole-de-droit-bouge\/initiatives-pedagogiques\/secrets-dhistoire-en-hainaut\/#breadcrumb\"},\"inLanguage\":\"fr-FR\",\"potentialAction\":[{\"@type\":\"ReadAction\",\"target\":[\"https:\/\/web.umons.ac.be\/droit\/fr\/lecole-de-droit-bouge\/initiatives-pedagogiques\/secrets-dhistoire-en-hainaut\/\"]}]},{\"@type\":\"ImageObject\",\"inLanguage\":\"fr-FR\",\"@id\":\"https:\/\/web.umons.ac.be\/droit\/fr\/lecole-de-droit-bouge\/initiatives-pedagogiques\/secrets-dhistoire-en-hainaut\/#primaryimage\",\"url\":\"https:\/\/web.umons.ac.be\/app\/uploads\/sites\/7\/2023\/08\/Affiche-Secrets-dHistoire-en-Hainaut-4.png\",\"contentUrl\":\"https:\/\/web.umons.ac.be\/app\/uploads\/sites\/7\/2023\/08\/Affiche-Secrets-dHistoire-en-Hainaut-4.png\",\"width\":1900,\"height\":1068},{\"@type\":\"BreadcrumbList\",\"@id\":\"https:\/\/web.umons.ac.be\/droit\/fr\/lecole-de-droit-bouge\/initiatives-pedagogiques\/secrets-dhistoire-en-hainaut\/#breadcrumb\",\"itemListElement\":[{\"@type\":\"ListItem\",\"position\":1,\"name\":\"Accueil\",\"item\":\"https:\/\/web.umons.ac.be\/droit\/\"},{\"@type\":\"ListItem\",\"position\":2,\"name\":\"L\u2019\u00c9cole de Droit bouge !\",\"item\":\"https:\/\/web.umons.ac.be\/droit\/fr\/lecole-de-droit-bouge\/\"},{\"@type\":\"ListItem\",\"position\":3,\"name\":\"Initiatives p\u00e9dagogiques\",\"item\":\"https:\/\/web.umons.ac.be\/droit\/fr\/lecole-de-droit-bouge\/initiatives-pedagogiques\/\"},{\"@type\":\"ListItem\",\"position\":4,\"name\":\"Secrets d\u2019histoire en Hainaut\"}]},{\"@type\":\"WebSite\",\"@id\":\"https:\/\/web.umons.ac.be\/droit\/#website\",\"url\":\"https:\/\/web.umons.ac.be\/droit\/\",\"name\":\"Ecole \/ DROIT\",\"description\":\"hgqdfjkghqdfjk\",\"potentialAction\":[{\"@type\":\"SearchAction\",\"target\":{\"@type\":\"EntryPoint\",\"urlTemplate\":\"https:\/\/web.umons.ac.be\/droit\/?s={search_term_string}\"},\"query-input\":{\"@type\":\"PropertyValueSpecification\",\"valueRequired\":true,\"valueName\":\"search_term_string\"}}],\"inLanguage\":\"fr-FR\"}]}<\/script>\n<!-- \/ Yoast SEO plugin. -->","yoast_head_json":{"title":"Secrets d\u2019histoire en Hainaut - Ecole \/ DROIT","description":"Secrets d'Histoire en Hainaut. Une initiative p\u00e9dagogique 3R men\u00e9e par Anne-Emmanuelle Bourgaux \u00e0 l'\u00c9cole de Droit ULB-UMONS.","robots":{"index":"index","follow":"follow","max-snippet":"max-snippet:-1","max-image-preview":"max-image-preview:large","max-video-preview":"max-video-preview:-1"},"canonical":"https:\/\/web.umons.ac.be\/droit\/fr\/lecole-de-droit-bouge\/initiatives-pedagogiques\/secrets-dhistoire-en-hainaut\/","og_locale":"fr_FR","og_type":"article","og_title":"Secrets d\u2019histoire en Hainaut - Ecole \/ DROIT","og_description":"Secrets d'Histoire en Hainaut. Une initiative p\u00e9dagogique 3R men\u00e9e par Anne-Emmanuelle Bourgaux \u00e0 l'\u00c9cole de Droit ULB-UMONS.","og_url":"https:\/\/web.umons.ac.be\/droit\/fr\/lecole-de-droit-bouge\/initiatives-pedagogiques\/secrets-dhistoire-en-hainaut\/","og_site_name":"Ecole \/ DROIT","article_modified_time":"2023-09-15T13:01:12+00:00","og_image":[{"width":1024,"height":576,"url":"https:\/\/web.umons.ac.be\/app\/uploads\/sites\/7\/2023\/08\/Affiche-Secrets-dHistoire-en-Hainaut-4-1024x576.png","type":"image\/png"}],"twitter_card":"summary_large_image","twitter_misc":{"Dur\u00e9e de lecture estim\u00e9e":"2 minutes"},"schema":{"@context":"https:\/\/schema.org","@graph":[{"@type":"WebPage","@id":"https:\/\/web.umons.ac.be\/droit\/fr\/lecole-de-droit-bouge\/initiatives-pedagogiques\/secrets-dhistoire-en-hainaut\/","url":"https:\/\/web.umons.ac.be\/droit\/fr\/lecole-de-droit-bouge\/initiatives-pedagogiques\/secrets-dhistoire-en-hainaut\/","name":"Secrets d\u2019histoire en Hainaut - Ecole \/ DROIT","isPartOf":{"@id":"https:\/\/web.umons.ac.be\/droit\/#website"},"primaryImageOfPage":{"@id":"https:\/\/web.umons.ac.be\/droit\/fr\/lecole-de-droit-bouge\/initiatives-pedagogiques\/secrets-dhistoire-en-hainaut\/#primaryimage"},"image":{"@id":"https:\/\/web.umons.ac.be\/droit\/fr\/lecole-de-droit-bouge\/initiatives-pedagogiques\/secrets-dhistoire-en-hainaut\/#primaryimage"},"thumbnailUrl":"https:\/\/web.umons.ac.be\/app\/uploads\/sites\/7\/2023\/08\/Affiche-Secrets-dHistoire-en-Hainaut-4.png","datePublished":"2022-08-31T13:40:56+00:00","dateModified":"2023-09-15T13:01:12+00:00","description":"Secrets d'Histoire en Hainaut. Une initiative p\u00e9dagogique 3R men\u00e9e par Anne-Emmanuelle Bourgaux \u00e0 l'\u00c9cole de Droit ULB-UMONS.","breadcrumb":{"@id":"https:\/\/web.umons.ac.be\/droit\/fr\/lecole-de-droit-bouge\/initiatives-pedagogiques\/secrets-dhistoire-en-hainaut\/#breadcrumb"},"inLanguage":"fr-FR","potentialAction":[{"@type":"ReadAction","target":["https:\/\/web.umons.ac.be\/droit\/fr\/lecole-de-droit-bouge\/initiatives-pedagogiques\/secrets-dhistoire-en-hainaut\/"]}]},{"@type":"ImageObject","inLanguage":"fr-FR","@id":"https:\/\/web.umons.ac.be\/droit\/fr\/lecole-de-droit-bouge\/initiatives-pedagogiques\/secrets-dhistoire-en-hainaut\/#primaryimage","url":"https:\/\/web.umons.ac.be\/app\/uploads\/sites\/7\/2023\/08\/Affiche-Secrets-dHistoire-en-Hainaut-4.png","contentUrl":"https:\/\/web.umons.ac.be\/app\/uploads\/sites\/7\/2023\/08\/Affiche-Secrets-dHistoire-en-Hainaut-4.png","width":1900,"height":1068},{"@type":"BreadcrumbList","@id":"https:\/\/web.umons.ac.be\/droit\/fr\/lecole-de-droit-bouge\/initiatives-pedagogiques\/secrets-dhistoire-en-hainaut\/#breadcrumb","itemListElement":[{"@type":"ListItem","position":1,"name":"Accueil","item":"https:\/\/web.umons.ac.be\/droit\/"},{"@type":"ListItem","position":2,"name":"L\u2019\u00c9cole de Droit bouge !","item":"https:\/\/web.umons.ac.be\/droit\/fr\/lecole-de-droit-bouge\/"},{"@type":"ListItem","position":3,"name":"Initiatives p\u00e9dagogiques","item":"https:\/\/web.umons.ac.be\/droit\/fr\/lecole-de-droit-bouge\/initiatives-pedagogiques\/"},{"@type":"ListItem","position":4,"name":"Secrets d\u2019histoire en Hainaut"}]},{"@type":"WebSite","@id":"https:\/\/web.umons.ac.be\/droit\/#website","url":"https:\/\/web.umons.ac.be\/droit\/","name":"Ecole \/ DROIT","description":"hgqdfjkghqdfjk","potentialAction":[{"@type":"SearchAction","target":{"@type":"EntryPoint","urlTemplate":"https:\/\/web.umons.ac.be\/droit\/?s={search_term_string}"},"query-input":{"@type":"PropertyValueSpecification","valueRequired":true,"valueName":"search_term_string"}}],"inLanguage":"fr-FR"}]}},"lang":"fr","translations":{"fr":1645},"pll_sync_post":[],"_links":{"self":[{"href":"https:\/\/web.umons.ac.be\/droit\/wp-json\/wp\/v2\/pages\/1645","targetHints":{"allow":["GET"]}}],"collection":[{"href":"https:\/\/web.umons.ac.be\/droit\/wp-json\/wp\/v2\/pages"}],"about":[{"href":"https:\/\/web.umons.ac.be\/droit\/wp-json\/wp\/v2\/types\/page"}],"author":[{"embeddable":true,"href":"https:\/\/web.umons.ac.be\/droit\/wp-json\/wp\/v2\/users\/2"}],"replies":[{"embeddable":true,"href":"https:\/\/web.umons.ac.be\/droit\/wp-json\/wp\/v2\/comments?post=1645"}],"version-history":[{"count":3,"href":"https:\/\/web.umons.ac.be\/droit\/wp-json\/wp\/v2\/pages\/1645\/revisions"}],"predecessor-version":[{"id":2072,"href":"https:\/\/web.umons.ac.be\/droit\/wp-json\/wp\/v2\/pages\/1645\/revisions\/2072"}],"up":[{"embeddable":true,"href":"https:\/\/web.umons.ac.be\/droit\/wp-json\/wp\/v2\/pages\/701"}],"wp:featuredmedia":[{"embeddable":true,"href":"https:\/\/web.umons.ac.be\/droit\/wp-json\/wp\/v2\/media\/2042"}],"wp:attachment":[{"href":"https:\/\/web.umons.ac.be\/droit\/wp-json\/wp\/v2\/media?parent=1645"}],"curies":[{"name":"wp","href":"https:\/\/api.w.org\/{rel}","templated":true}]}}