{"id":297,"date":"2017-07-03T16:54:43","date_gmt":"2017-07-03T14:54:43","guid":{"rendered":"https:\/\/web.umons.ac.be\/droit\/?page_id=297"},"modified":"2017-07-11T11:52:36","modified_gmt":"2017-07-11T09:52:36","slug":"temoignages-denseignants","status":"publish","type":"page","link":"https:\/\/web.umons.ac.be\/droit\/fr\/etudes\/temoignages-denseignants\/","title":{"rendered":"T\u00e9moignages d&rsquo;enseignants"},"content":{"rendered":"<start-cask-shortcode-wrapper>\n<blockquote class=\"shortcode-testimonial scheme-right\">\n    <div class=\"testimonial-quote\">\n        <div>Au sein du Bachelier en Droit \u00e0 Mons, il est possible de nouer une relation p\u00e9dagogique entre enseignant et \u00e9tudiant(e)s bas\u00e9e sur la connaissance mutuelle et le dialogue.\r\n\r\nL\u2019enseignement \u00e0 taille h&hellip;<\/div>\n                <a href=\"#testimonial-modal-181\" class=\"button-secondary open-testimonial scheme-border scheme-color-hover-important\">\n            Poursuivre la lecture <span class=\"icon umons-icon-tail-right\" aria-hidden=\"true\"><\/span>\n        <\/a>\n            <\/div>\n    <div class=\"testimonial-author\">\n                <div class=\"testimonial-picture\">\n            <img decoding=\"async\" src=\"https:\/\/web.umons.ac.be\/app\/uploads\/sites\/7\/2017\/05\/Anne-E.-Bourgaux-80x80.jpg\" alt=\"\" \/>\n        <\/div>\n                <div class=\"testimonial-text\">\n            <div class=\"testimonial-identity\">\n                <span class=\"testimonial-author-name\">Anne-Emmanuelle Bourgaux<\/span>\n                            <\/div>\n            <div class=\"testimonial-meta\">\n                                <span class=\"testimonial-position\">Constitutionnaliste Enseignante (Histoire du Droit et des Institutions, BAB1 et Droit constitutionnel, BAB2<\/span>\n                                            <\/div>\n        <\/div>\n    <\/div>\n<\/blockquote>\n<div id=\"testimonial-modal-181\" class=\"testimonial-modal-wrap normal\" style=\"display: none;\">\n    <div class=\"shortcode-testimonial-modal\">\n        <blockquote class=\"shortcode-testimonial\">\n            <div class=\"testimonial-quote editor-front\">\n                                <blockquote class=\"highlighted-quote\">Au sein du Bachelier en Droit \u00e0 Mons, il est possible de nouer une relation p\u00e9dagogique entre enseignant et \u00e9tudiant(e)s bas\u00e9e sur la connaissance mutuelle et le dialogue.<\/blockquote>\n                                                <div class=\"testimonial-full-quote\"><p>Au sein du Bachelier en Droit \u00e0 Mons, il est possible de nouer une relation p\u00e9dagogique entre enseignant et \u00e9tudiant(e)s bas\u00e9e sur la connaissance mutuelle et le dialogue.<\/p>\n<p>L\u2019enseignement \u00e0 taille humaine permet aussi de privil\u00e9gier une p\u00e9dagogie active : les \u00e9tudiant(e)s sont invit\u00e9(e)s \u00e0 s\u2019investir dans la mati\u00e8re, \u00e0 l\u2019approcher de mani\u00e8re critique et \u00e0 la d\u00e9battre.<\/p>\n<p>L\u2019enseignement universitaire prend donc tout son sens : il ne forme pas seulement les \u00e9tudiants \u00e0 une discipline. Il les aide \u00e0 se construire en tant qu\u2019acteurs de la soci\u00e9t\u00e9 de demain.<\/p>\n<\/div>\n                            <\/div>\n            <div class=\"testimonial-author\">\n                                <div class=\"testimonial-picture\">\n                    <img decoding=\"async\" src=\"https:\/\/web.umons.ac.be\/app\/uploads\/sites\/7\/2017\/05\/Anne-E.-Bourgaux-80x80.jpg\" alt=\"\" \/>\n                <\/div>\n                                <div class=\"testimonial-text\">\n                    <div class=\"testimonial-identity\">\n                        <span class=\"testimonial-author-name\">Anne-Emmanuelle Bourgaux<\/span>\n                                            <\/div>\n                    <div class=\"testimonial-meta\">\n                                                <span class=\"testimonial-position\">Constitutionnaliste Enseignante (Histoire du Droit et des Institutions, BAB1 et Droit constitutionnel, BAB2<\/span>\n                                                                    <\/div>\n                <\/div>\n            <\/div>\n        <\/blockquote>\n    <\/div>\n<\/div>\n<end-cask-shortcode-wrapper>\n<p>&nbsp;<\/p>\n<start-cask-shortcode-wrapper>\n<blockquote class=\"shortcode-testimonial scheme-right\">\n    <div class=\"testimonial-quote\">\n        <div>L\u2019ambiance sur le campus de Mons est agr\u00e9able et j\u2019y b\u00e9n\u00e9ficie de la chance de donner cours pour un auditoire assez restreint.\r\n\r\nJ\u2019en profite pour d\u00e9velopper des m\u00e9thodes interactives d\u2019enseignement,&hellip;<\/div>\n                <a href=\"#testimonial-modal-183\" class=\"button-secondary open-testimonial scheme-border scheme-color-hover-important\">\n            Poursuivre la lecture <span class=\"icon umons-icon-tail-right\" aria-hidden=\"true\"><\/span>\n        <\/a>\n            <\/div>\n    <div class=\"testimonial-author\">\n                <div class=\"testimonial-picture\">\n            <img decoding=\"async\" src=\"https:\/\/web.umons.ac.be\/app\/uploads\/sites\/7\/2017\/05\/Barbara-Truffin-80x80.jpg\" alt=\"\" \/>\n        <\/div>\n                <div class=\"testimonial-text\">\n            <div class=\"testimonial-identity\">\n                <span class=\"testimonial-author-name\">Barbara  Truffin<\/span>\n                            <\/div>\n            <div class=\"testimonial-meta\">\n                                <span class=\"testimonial-position\">Anthropologue juridique Enseignante (Introduction au Droit, BAB1)<\/span>\n                                            <\/div>\n        <\/div>\n    <\/div>\n<\/blockquote>\n<div id=\"testimonial-modal-183\" class=\"testimonial-modal-wrap normal\" style=\"display: none;\">\n    <div class=\"shortcode-testimonial-modal\">\n        <blockquote class=\"shortcode-testimonial\">\n            <div class=\"testimonial-quote editor-front\">\n                                <blockquote class=\"highlighted-quote\">L\u2019ambiance sur le campus de Mons est agr\u00e9able et j\u2019y b\u00e9n\u00e9ficie de la chance de donner cours pour un auditoire assez restreint. J\u2019en profite pour d\u00e9velopper des m\u00e9thodes interactives d\u2019enseignement, en proposant une s\u00e9rie d\u2019exercices et de petits cas pratiques tout au long du cours qui permettent aux \u00e9tudiants de mieux comprendre les concepts et\u2026<\/blockquote>\n                                                <div class=\"testimonial-full-quote\"><p>L\u2019ambiance sur le campus de Mons est agr\u00e9able et j\u2019y b\u00e9n\u00e9ficie de la chance de donner cours pour un auditoire assez restreint.<\/p>\n<p>J\u2019en profite pour d\u00e9velopper des m\u00e9thodes interactives d\u2019enseignement, en proposant une s\u00e9rie d\u2019exercices et de petits cas pratiques tout au long du cours qui permettent aux \u00e9tudiants de mieux comprendre les concepts et d\u2019organiser une mati\u00e8re abstraite et assez neuve pour eux.<\/p>\n<p>Cette proximit\u00e9 me donne \u00e9galement l\u2019occasion de mieux conna\u00eetre mes \u00e9tudiants et de prendre le temps de discuter avec eux.<\/p>\n<\/div>\n                            <\/div>\n            <div class=\"testimonial-author\">\n                                <div class=\"testimonial-picture\">\n                    <img decoding=\"async\" src=\"https:\/\/web.umons.ac.be\/app\/uploads\/sites\/7\/2017\/05\/Barbara-Truffin-80x80.jpg\" alt=\"\" \/>\n                <\/div>\n                                <div class=\"testimonial-text\">\n                    <div class=\"testimonial-identity\">\n                        <span class=\"testimonial-author-name\">Barbara  Truffin<\/span>\n                                            <\/div>\n                    <div class=\"testimonial-meta\">\n                                                <span class=\"testimonial-position\">Anthropologue juridique Enseignante (Introduction au Droit, BAB1)<\/span>\n                                                                    <\/div>\n                <\/div>\n            <\/div>\n        <\/blockquote>\n    <\/div>\n<\/div>\n<end-cask-shortcode-wrapper>\n<p>&nbsp;<\/p>\n<start-cask-shortcode-wrapper>\n<blockquote class=\"shortcode-testimonial scheme-right\">\n    <div class=\"testimonial-quote\">\n        <div>Je garde de tr\u00e8s\u00a0bons souvenirs de\u00a0mon passage \u00e0 Mons,\u00a0notamment le contact\u00a0personnel avec les professeurs,\u00a0l\u2019organisation\u00a0et la convivialit\u00e9. J\u2019ai encore des contacts avec\u00a0bon nombre d\u2019autres \u00e9tudian&hellip;<\/div>\n                <a href=\"#testimonial-modal-190\" class=\"button-secondary open-testimonial scheme-border scheme-color-hover-important\">\n            Poursuivre la lecture <span class=\"icon umons-icon-tail-right\" aria-hidden=\"true\"><\/span>\n        <\/a>\n            <\/div>\n    <div class=\"testimonial-author\">\n                <div class=\"testimonial-picture\">\n            <img decoding=\"async\" src=\"https:\/\/web.umons.ac.be\/app\/uploads\/sites\/7\/2017\/05\/Local-EWH-23024-0-Adobe-Acrobat-Pro-DC-10-80x80.jpg\" alt=\"\" \/>\n        <\/div>\n                <div class=\"testimonial-text\">\n            <div class=\"testimonial-identity\">\n                <span class=\"testimonial-author-name\">C\u00e9line Estas<\/span>\n                            <\/div>\n            <div class=\"testimonial-meta\">\n                                <span class=\"testimonial-position\">Avocate d\u2019affaires et enseignante<\/span>\n                                            <\/div>\n        <\/div>\n    <\/div>\n<\/blockquote>\n<div id=\"testimonial-modal-190\" class=\"testimonial-modal-wrap normal\" style=\"display: none;\">\n    <div class=\"shortcode-testimonial-modal\">\n        <blockquote class=\"shortcode-testimonial\">\n            <div class=\"testimonial-quote editor-front\">\n                                <blockquote class=\"highlighted-quote\">Je garde de tr\u00e8s bons souvenirs de mon passage \u00e0 Mons, notamment le contact personnel avec les professeurs, l\u2019organisation et la convivialit\u00e9.<\/blockquote>\n                                                <div class=\"testimonial-full-quote\"><p>Je garde de tr\u00e8s\u00a0bons souvenirs de\u00a0mon passage \u00e0 Mons,\u00a0notamment le contact\u00a0personnel avec les professeurs,\u00a0l\u2019organisation\u00a0et la convivialit\u00e9. J\u2019ai encore des contacts avec\u00a0bon nombre d\u2019autres \u00e9tudiants de ma promotion\u00a0\u00e0 Mons, qui sont rest\u00e9s de tr\u00e8s bons amis. Actuellement,\u00a0je travaille dans un cabinet d\u2019avocats\u00a0d\u2019affaires international \u00e0 Bruxelles, sp\u00e9cialis\u00e9s en\u00a0droit public et administratif, et donne des cours\u00a0pratiques en droit constitutionnel \u00e0 l\u2019Universit\u00e9 de\u00a0Mons (Bachelier en Droit).<\/p>\n<\/div>\n                            <\/div>\n            <div class=\"testimonial-author\">\n                                <div class=\"testimonial-picture\">\n                    <img decoding=\"async\" src=\"https:\/\/web.umons.ac.be\/app\/uploads\/sites\/7\/2017\/05\/Local-EWH-23024-0-Adobe-Acrobat-Pro-DC-10-80x80.jpg\" alt=\"\" \/>\n                <\/div>\n                                <div class=\"testimonial-text\">\n                    <div class=\"testimonial-identity\">\n                        <span class=\"testimonial-author-name\">C\u00e9line Estas<\/span>\n                                            <\/div>\n                    <div class=\"testimonial-meta\">\n                                                <span class=\"testimonial-position\">Avocate d\u2019affaires et enseignante<\/span>\n                                                                    <\/div>\n                <\/div>\n            <\/div>\n        <\/blockquote>\n    <\/div>\n<\/div>\n<end-cask-shortcode-wrapper>\n","protected":false},"excerpt":{"rendered":"<p>&nbsp; &nbsp;<\/p>\n","protected":false},"author":2,"featured_media":0,"parent":259,"menu_order":6,"comment_status":"closed","ping_status":"closed","template":"","meta":{"footnotes":""},"class_list":["post-297","page","type-page","status-publish","hentry"],"yoast_head":"<!-- This site is optimized with the Yoast SEO plugin v27.2 - https:\/\/yoast.com\/product\/yoast-seo-wordpress\/ -->\n<title>T\u00e9moignages d&#039;enseignants - Ecole \/ DROIT<\/title>\n<meta name=\"robots\" content=\"index, follow, max-snippet:-1, max-image-preview:large, max-video-preview:-1\" \/>\n<link rel=\"canonical\" href=\"https:\/\/web.umons.ac.be\/droit\/fr\/etudes\/temoignages-denseignants\/\" \/>\n<meta property=\"og:locale\" content=\"fr_FR\" \/>\n<meta property=\"og:type\" content=\"article\" \/>\n<meta property=\"og:title\" content=\"T\u00e9moignages d&#039;enseignants - Ecole \/ DROIT\" \/>\n<meta property=\"og:description\" content=\"&nbsp; &nbsp;\" \/>\n<meta property=\"og:url\" content=\"https:\/\/web.umons.ac.be\/droit\/fr\/etudes\/temoignages-denseignants\/\" \/>\n<meta property=\"og:site_name\" content=\"Ecole \/ DROIT\" \/>\n<meta property=\"article:modified_time\" content=\"2017-07-11T09:52:36+00:00\" \/>\n<meta name=\"twitter:card\" content=\"summary_large_image\" \/>\n<script type=\"application\/ld+json\" class=\"yoast-schema-graph\">{\"@context\":\"https:\/\/schema.org\",\"@graph\":[{\"@type\":\"WebPage\",\"@id\":\"https:\/\/web.umons.ac.be\/droit\/fr\/etudes\/temoignages-denseignants\/\",\"url\":\"https:\/\/web.umons.ac.be\/droit\/fr\/etudes\/temoignages-denseignants\/\",\"name\":\"T\u00e9moignages d'enseignants - Ecole \/ DROIT\",\"isPartOf\":{\"@id\":\"https:\/\/web.umons.ac.be\/droit\/#website\"},\"datePublished\":\"2017-07-03T14:54:43+00:00\",\"dateModified\":\"2017-07-11T09:52:36+00:00\",\"breadcrumb\":{\"@id\":\"https:\/\/web.umons.ac.be\/droit\/fr\/etudes\/temoignages-denseignants\/#breadcrumb\"},\"inLanguage\":\"fr-FR\",\"potentialAction\":[{\"@type\":\"ReadAction\",\"target\":[\"https:\/\/web.umons.ac.be\/droit\/fr\/etudes\/temoignages-denseignants\/\"]}]},{\"@type\":\"BreadcrumbList\",\"@id\":\"https:\/\/web.umons.ac.be\/droit\/fr\/etudes\/temoignages-denseignants\/#breadcrumb\",\"itemListElement\":[{\"@type\":\"ListItem\",\"position\":1,\"name\":\"Accueil\",\"item\":\"https:\/\/web.umons.ac.be\/droit\/\"},{\"@type\":\"ListItem\",\"position\":2,\"name\":\"Etudes\",\"item\":\"https:\/\/web.umons.ac.be\/droit\/fr\/etudes\/\"},{\"@type\":\"ListItem\",\"position\":3,\"name\":\"T\u00e9moignages d&rsquo;enseignants\"}]},{\"@type\":\"WebSite\",\"@id\":\"https:\/\/web.umons.ac.be\/droit\/#website\",\"url\":\"https:\/\/web.umons.ac.be\/droit\/\",\"name\":\"Ecole \/ DROIT\",\"description\":\"hgqdfjkghqdfjk\",\"potentialAction\":[{\"@type\":\"SearchAction\",\"target\":{\"@type\":\"EntryPoint\",\"urlTemplate\":\"https:\/\/web.umons.ac.be\/droit\/?s={search_term_string}\"},\"query-input\":{\"@type\":\"PropertyValueSpecification\",\"valueRequired\":true,\"valueName\":\"search_term_string\"}}],\"inLanguage\":\"fr-FR\"}]}<\/script>\n<!-- \/ Yoast SEO plugin. -->","yoast_head_json":{"title":"T\u00e9moignages d'enseignants - Ecole \/ DROIT","robots":{"index":"index","follow":"follow","max-snippet":"max-snippet:-1","max-image-preview":"max-image-preview:large","max-video-preview":"max-video-preview:-1"},"canonical":"https:\/\/web.umons.ac.be\/droit\/fr\/etudes\/temoignages-denseignants\/","og_locale":"fr_FR","og_type":"article","og_title":"T\u00e9moignages d'enseignants - Ecole \/ DROIT","og_description":"&nbsp; &nbsp;","og_url":"https:\/\/web.umons.ac.be\/droit\/fr\/etudes\/temoignages-denseignants\/","og_site_name":"Ecole \/ DROIT","article_modified_time":"2017-07-11T09:52:36+00:00","twitter_card":"summary_large_image","schema":{"@context":"https:\/\/schema.org","@graph":[{"@type":"WebPage","@id":"https:\/\/web.umons.ac.be\/droit\/fr\/etudes\/temoignages-denseignants\/","url":"https:\/\/web.umons.ac.be\/droit\/fr\/etudes\/temoignages-denseignants\/","name":"T\u00e9moignages d'enseignants - Ecole \/ DROIT","isPartOf":{"@id":"https:\/\/web.umons.ac.be\/droit\/#website"},"datePublished":"2017-07-03T14:54:43+00:00","dateModified":"2017-07-11T09:52:36+00:00","breadcrumb":{"@id":"https:\/\/web.umons.ac.be\/droit\/fr\/etudes\/temoignages-denseignants\/#breadcrumb"},"inLanguage":"fr-FR","potentialAction":[{"@type":"ReadAction","target":["https:\/\/web.umons.ac.be\/droit\/fr\/etudes\/temoignages-denseignants\/"]}]},{"@type":"BreadcrumbList","@id":"https:\/\/web.umons.ac.be\/droit\/fr\/etudes\/temoignages-denseignants\/#breadcrumb","itemListElement":[{"@type":"ListItem","position":1,"name":"Accueil","item":"https:\/\/web.umons.ac.be\/droit\/"},{"@type":"ListItem","position":2,"name":"Etudes","item":"https:\/\/web.umons.ac.be\/droit\/fr\/etudes\/"},{"@type":"ListItem","position":3,"name":"T\u00e9moignages d&rsquo;enseignants"}]},{"@type":"WebSite","@id":"https:\/\/web.umons.ac.be\/droit\/#website","url":"https:\/\/web.umons.ac.be\/droit\/","name":"Ecole \/ DROIT","description":"hgqdfjkghqdfjk","potentialAction":[{"@type":"SearchAction","target":{"@type":"EntryPoint","urlTemplate":"https:\/\/web.umons.ac.be\/droit\/?s={search_term_string}"},"query-input":{"@type":"PropertyValueSpecification","valueRequired":true,"valueName":"search_term_string"}}],"inLanguage":"fr-FR"}]}},"lang":"fr","translations":{"fr":297,"en":630},"pll_sync_post":[],"_links":{"self":[{"href":"https:\/\/web.umons.ac.be\/droit\/wp-json\/wp\/v2\/pages\/297","targetHints":{"allow":["GET"]}}],"collection":[{"href":"https:\/\/web.umons.ac.be\/droit\/wp-json\/wp\/v2\/pages"}],"about":[{"href":"https:\/\/web.umons.ac.be\/droit\/wp-json\/wp\/v2\/types\/page"}],"author":[{"embeddable":true,"href":"https:\/\/web.umons.ac.be\/droit\/wp-json\/wp\/v2\/users\/2"}],"replies":[{"embeddable":true,"href":"https:\/\/web.umons.ac.be\/droit\/wp-json\/wp\/v2\/comments?post=297"}],"version-history":[{"count":0,"href":"https:\/\/web.umons.ac.be\/droit\/wp-json\/wp\/v2\/pages\/297\/revisions"}],"up":[{"embeddable":true,"href":"https:\/\/web.umons.ac.be\/droit\/wp-json\/wp\/v2\/pages\/259"}],"wp:attachment":[{"href":"https:\/\/web.umons.ac.be\/droit\/wp-json\/wp\/v2\/media?parent=297"}],"curies":[{"name":"wp","href":"https:\/\/api.w.org\/{rel}","templated":true}]}}