{"id":642,"date":"2018-01-17T11:05:53","date_gmt":"2018-01-17T10:05:53","guid":{"rendered":"https:\/\/web.umons.ac.be\/droit\/?page_id=642"},"modified":"2018-01-17T11:05:53","modified_gmt":"2018-01-17T10:05:53","slug":"la-vie-etudiante","status":"publish","type":"page","link":"https:\/\/web.umons.ac.be\/droit\/en\/about-the-school\/la-vie-etudiante\/","title":{"rendered":"Student Life"},"content":{"rendered":"<p>While a university is a place for learning, it is equally, and perhaps above all, a place where students can learn about their place in society. Campus life offers many opportunities to reinforce the relationship between students and allows them to build new friendships.<\/p>\n<p><img loading=\"lazy\" decoding=\"async\" class=\"alignleft size-full wp-image-643\" src=\"https:\/\/web.umons.ac.be\/app\/uploads\/sites\/7\/2017\/05\/Local-EWH-23024-0-Adobe-Acrobat-Pro-DC-7.jpg\" alt=\"\" width=\"272\" height=\"230\" srcset=\"https:\/\/web.umons.ac.be\/app\/uploads\/sites\/7\/2017\/05\/Local-EWH-23024-0-Adobe-Acrobat-Pro-DC-7.jpg 272w, https:\/\/web.umons.ac.be\/app\/uploads\/sites\/7\/2017\/05\/Local-EWH-23024-0-Adobe-Acrobat-Pro-DC-7-30x25.jpg 30w, https:\/\/web.umons.ac.be\/app\/uploads\/sites\/7\/2017\/05\/Local-EWH-23024-0-Adobe-Acrobat-Pro-DC-7-60x51.jpg 60w\" sizes=\"auto, (max-width: 272px) 100vw, 272px\" \/><\/p>\n<p>While UMONS organises festive and sporting events for everyone to enjoy, like the Coupe\u00a0du Mons or the 4h cuistax (karting), the Law School organises numerous events for its students, in order to, amongst other things, bridge the gap between student life and professional life (conferences, meetings with legal professionals and companies, visits to political and legal institutions, information sessions about Master\u2019s programmes, etc.).<\/p>\n<p>The Assembl\u00e9e G\u00e9n\u00e9rale des Etudiants (AGE) for the Law School is also a place for exchanges, support and fun, and is a great way to meet other students from the same course.<\/p>\n<start-cask-shortcode-wrapper>\n<blockquote class=\"shortcode-testimonial scheme-right\">\n    <div class=\"testimonial-quote\">\n        <div>AGEs are organisations designed to encourage student integration in the faculty and provide activities for the students to enjoy throughout their student life.\r\n\r\nThe Law School AGE is active througho&hellip;<\/div>\n                <a href=\"#testimonial-modal-510\" class=\"button-secondary open-testimonial scheme-border scheme-color-hover-important\">\n            Poursuivre la lecture <span class=\"icon umons-icon-tail-right\" aria-hidden=\"true\"><\/span>\n        <\/a>\n            <\/div>\n    <div class=\"testimonial-author\">\n                <div class=\"testimonial-picture\">\n            <img decoding=\"async\" src=\"https:\/\/web.umons.ac.be\/app\/uploads\/sites\/7\/2017\/05\/Camille-Brison_milieu-80x80.jpg\" alt=\"\" \/>\n        <\/div>\n                <div class=\"testimonial-text\">\n            <div class=\"testimonial-identity\">\n                <span class=\"testimonial-author-name\">Camille  Brison<\/span>\n                            <\/div>\n            <div class=\"testimonial-meta\">\n                                                <span class=\"testimonial-group\">BAB3<\/span>\n                            <\/div>\n        <\/div>\n    <\/div>\n<\/blockquote>\n<div id=\"testimonial-modal-510\" class=\"testimonial-modal-wrap normal\" style=\"display: none;\">\n    <div class=\"shortcode-testimonial-modal\">\n        <blockquote class=\"shortcode-testimonial\">\n            <div class=\"testimonial-quote editor-front\">\n                                <blockquote class=\"highlighted-quote\">AGEs are organisations designed to encourage student integration in the faculty and provide activities for the students to enjoy throughout their student life.<\/blockquote>\n                                                <div class=\"testimonial-full-quote\"><p>AGEs are organisations designed to encourage student integration in the faculty and provide activities for the students to enjoy throughout their student life.<\/p>\n<p>The Law School AGE is active throughout the year and participates in many activities, like the Academic Ball, the <em>4 heures cuistax <\/em>(karting), as well as numerous events, which allow students to meet up outside of their courses to spend time together in a more relaxed atmosphere.<\/p>\n<\/div>\n                            <\/div>\n            <div class=\"testimonial-author\">\n                                <div class=\"testimonial-picture\">\n                    <img decoding=\"async\" src=\"https:\/\/web.umons.ac.be\/app\/uploads\/sites\/7\/2017\/05\/Camille-Brison_milieu-80x80.jpg\" alt=\"\" \/>\n                <\/div>\n                                <div class=\"testimonial-text\">\n                    <div class=\"testimonial-identity\">\n                        <span class=\"testimonial-author-name\">Camille  Brison<\/span>\n                                            <\/div>\n                    <div class=\"testimonial-meta\">\n                                                                        <span class=\"testimonial-group\">(BAB3)<\/span>\n                                            <\/div>\n                <\/div>\n            <\/div>\n        <\/blockquote>\n    <\/div>\n<\/div>\n<end-cask-shortcode-wrapper>\n","protected":false},"excerpt":{"rendered":"<p>While a university is a place for learning, it is equally, and perhaps above all, a place where students can learn about their place in society. Campus life offers many opportunities to reinforce the relationship between students and allows them to build new friendships. While UMONS organises festive and sporting events for everyone to enjoy, [&hellip;]<\/p>\n","protected":false},"author":2,"featured_media":0,"parent":339,"menu_order":4,"comment_status":"closed","ping_status":"closed","template":"","meta":{"footnotes":""},"class_list":["post-642","page","type-page","status-publish","hentry"],"yoast_head":"<!-- This site is optimized with the Yoast SEO plugin v27.2 - https:\/\/yoast.com\/product\/yoast-seo-wordpress\/ -->\n<title>Student Life - Ecole \/ DROIT<\/title>\n<meta name=\"robots\" content=\"index, follow, max-snippet:-1, max-image-preview:large, max-video-preview:-1\" \/>\n<link rel=\"canonical\" href=\"https:\/\/web.umons.ac.be\/droit\/en\/about-the-school\/la-vie-etudiante\/\" \/>\n<meta property=\"og:locale\" content=\"fr_FR\" \/>\n<meta property=\"og:type\" content=\"article\" \/>\n<meta property=\"og:title\" content=\"Student Life - Ecole \/ DROIT\" \/>\n<meta property=\"og:description\" content=\"While a university is a place for learning, it is equally, and perhaps above all, a place where students can learn about their place in society. Campus life offers many opportunities to reinforce the relationship between students and allows them to build new friendships. While UMONS organises festive and sporting events for everyone to enjoy, [&hellip;]\" \/>\n<meta property=\"og:url\" content=\"https:\/\/web.umons.ac.be\/droit\/en\/about-the-school\/la-vie-etudiante\/\" \/>\n<meta property=\"og:site_name\" content=\"Ecole \/ DROIT\" \/>\n<meta property=\"og:image\" content=\"https:\/\/web.umons.ac.be\/app\/uploads\/sites\/7\/2017\/05\/Local-EWH-23024-0-Adobe-Acrobat-Pro-DC-7.jpg\" \/>\n<meta name=\"twitter:card\" content=\"summary_large_image\" \/>\n<meta name=\"twitter:label1\" content=\"Dur\u00e9e de lecture estim\u00e9e\" \/>\n\t<meta name=\"twitter:data1\" content=\"1 minute\" \/>\n<script type=\"application\/ld+json\" class=\"yoast-schema-graph\">{\"@context\":\"https:\/\/schema.org\",\"@graph\":[{\"@type\":\"WebPage\",\"@id\":\"https:\/\/web.umons.ac.be\/droit\/en\/about-the-school\/la-vie-etudiante\/\",\"url\":\"https:\/\/web.umons.ac.be\/droit\/en\/about-the-school\/la-vie-etudiante\/\",\"name\":\"Student Life - Ecole \/ DROIT\",\"isPartOf\":{\"@id\":\"https:\/\/web.umons.ac.be\/droit\/#website\"},\"primaryImageOfPage\":{\"@id\":\"https:\/\/web.umons.ac.be\/droit\/en\/about-the-school\/la-vie-etudiante\/#primaryimage\"},\"image\":{\"@id\":\"https:\/\/web.umons.ac.be\/droit\/en\/about-the-school\/la-vie-etudiante\/#primaryimage\"},\"thumbnailUrl\":\"https:\/\/web.umons.ac.be\/app\/uploads\/sites\/7\/2017\/05\/Local-EWH-23024-0-Adobe-Acrobat-Pro-DC-7.jpg\",\"datePublished\":\"2018-01-17T10:05:53+00:00\",\"breadcrumb\":{\"@id\":\"https:\/\/web.umons.ac.be\/droit\/en\/about-the-school\/la-vie-etudiante\/#breadcrumb\"},\"inLanguage\":\"fr-FR\",\"potentialAction\":[{\"@type\":\"ReadAction\",\"target\":[\"https:\/\/web.umons.ac.be\/droit\/en\/about-the-school\/la-vie-etudiante\/\"]}]},{\"@type\":\"ImageObject\",\"inLanguage\":\"fr-FR\",\"@id\":\"https:\/\/web.umons.ac.be\/droit\/en\/about-the-school\/la-vie-etudiante\/#primaryimage\",\"url\":\"https:\/\/web.umons.ac.be\/app\/uploads\/sites\/7\/2017\/05\/Local-EWH-23024-0-Adobe-Acrobat-Pro-DC-7.jpg\",\"contentUrl\":\"https:\/\/web.umons.ac.be\/app\/uploads\/sites\/7\/2017\/05\/Local-EWH-23024-0-Adobe-Acrobat-Pro-DC-7.jpg\"},{\"@type\":\"BreadcrumbList\",\"@id\":\"https:\/\/web.umons.ac.be\/droit\/en\/about-the-school\/la-vie-etudiante\/#breadcrumb\",\"itemListElement\":[{\"@type\":\"ListItem\",\"position\":1,\"name\":\"Accueil\",\"item\":\"https:\/\/web.umons.ac.be\/droit\/\"},{\"@type\":\"ListItem\",\"position\":2,\"name\":\"About the UMONS Law School\",\"item\":\"https:\/\/web.umons.ac.be\/droit\/en\/about-the-school\/\"},{\"@type\":\"ListItem\",\"position\":3,\"name\":\"Student Life\"}]},{\"@type\":\"WebSite\",\"@id\":\"https:\/\/web.umons.ac.be\/droit\/#website\",\"url\":\"https:\/\/web.umons.ac.be\/droit\/\",\"name\":\"Ecole \/ DROIT\",\"description\":\"hgqdfjkghqdfjk\",\"potentialAction\":[{\"@type\":\"SearchAction\",\"target\":{\"@type\":\"EntryPoint\",\"urlTemplate\":\"https:\/\/web.umons.ac.be\/droit\/?s={search_term_string}\"},\"query-input\":{\"@type\":\"PropertyValueSpecification\",\"valueRequired\":true,\"valueName\":\"search_term_string\"}}],\"inLanguage\":\"fr-FR\"}]}<\/script>\n<!-- \/ Yoast SEO plugin. -->","yoast_head_json":{"title":"Student Life - Ecole \/ DROIT","robots":{"index":"index","follow":"follow","max-snippet":"max-snippet:-1","max-image-preview":"max-image-preview:large","max-video-preview":"max-video-preview:-1"},"canonical":"https:\/\/web.umons.ac.be\/droit\/en\/about-the-school\/la-vie-etudiante\/","og_locale":"fr_FR","og_type":"article","og_title":"Student Life - Ecole \/ DROIT","og_description":"While a university is a place for learning, it is equally, and perhaps above all, a place where students can learn about their place in society. Campus life offers many opportunities to reinforce the relationship between students and allows them to build new friendships. While UMONS organises festive and sporting events for everyone to enjoy, [&hellip;]","og_url":"https:\/\/web.umons.ac.be\/droit\/en\/about-the-school\/la-vie-etudiante\/","og_site_name":"Ecole \/ DROIT","og_image":[{"url":"https:\/\/web.umons.ac.be\/app\/uploads\/sites\/7\/2017\/05\/Local-EWH-23024-0-Adobe-Acrobat-Pro-DC-7.jpg","type":"","width":"","height":""}],"twitter_card":"summary_large_image","twitter_misc":{"Dur\u00e9e de lecture estim\u00e9e":"1 minute"},"schema":{"@context":"https:\/\/schema.org","@graph":[{"@type":"WebPage","@id":"https:\/\/web.umons.ac.be\/droit\/en\/about-the-school\/la-vie-etudiante\/","url":"https:\/\/web.umons.ac.be\/droit\/en\/about-the-school\/la-vie-etudiante\/","name":"Student Life - Ecole \/ DROIT","isPartOf":{"@id":"https:\/\/web.umons.ac.be\/droit\/#website"},"primaryImageOfPage":{"@id":"https:\/\/web.umons.ac.be\/droit\/en\/about-the-school\/la-vie-etudiante\/#primaryimage"},"image":{"@id":"https:\/\/web.umons.ac.be\/droit\/en\/about-the-school\/la-vie-etudiante\/#primaryimage"},"thumbnailUrl":"https:\/\/web.umons.ac.be\/app\/uploads\/sites\/7\/2017\/05\/Local-EWH-23024-0-Adobe-Acrobat-Pro-DC-7.jpg","datePublished":"2018-01-17T10:05:53+00:00","breadcrumb":{"@id":"https:\/\/web.umons.ac.be\/droit\/en\/about-the-school\/la-vie-etudiante\/#breadcrumb"},"inLanguage":"fr-FR","potentialAction":[{"@type":"ReadAction","target":["https:\/\/web.umons.ac.be\/droit\/en\/about-the-school\/la-vie-etudiante\/"]}]},{"@type":"ImageObject","inLanguage":"fr-FR","@id":"https:\/\/web.umons.ac.be\/droit\/en\/about-the-school\/la-vie-etudiante\/#primaryimage","url":"https:\/\/web.umons.ac.be\/app\/uploads\/sites\/7\/2017\/05\/Local-EWH-23024-0-Adobe-Acrobat-Pro-DC-7.jpg","contentUrl":"https:\/\/web.umons.ac.be\/app\/uploads\/sites\/7\/2017\/05\/Local-EWH-23024-0-Adobe-Acrobat-Pro-DC-7.jpg"},{"@type":"BreadcrumbList","@id":"https:\/\/web.umons.ac.be\/droit\/en\/about-the-school\/la-vie-etudiante\/#breadcrumb","itemListElement":[{"@type":"ListItem","position":1,"name":"Accueil","item":"https:\/\/web.umons.ac.be\/droit\/"},{"@type":"ListItem","position":2,"name":"About the UMONS Law School","item":"https:\/\/web.umons.ac.be\/droit\/en\/about-the-school\/"},{"@type":"ListItem","position":3,"name":"Student Life"}]},{"@type":"WebSite","@id":"https:\/\/web.umons.ac.be\/droit\/#website","url":"https:\/\/web.umons.ac.be\/droit\/","name":"Ecole \/ DROIT","description":"hgqdfjkghqdfjk","potentialAction":[{"@type":"SearchAction","target":{"@type":"EntryPoint","urlTemplate":"https:\/\/web.umons.ac.be\/droit\/?s={search_term_string}"},"query-input":{"@type":"PropertyValueSpecification","valueRequired":true,"valueName":"search_term_string"}}],"inLanguage":"fr-FR"}]}},"lang":"en","translations":{"en":642,"fr":292},"pll_sync_post":[],"_links":{"self":[{"href":"https:\/\/web.umons.ac.be\/droit\/wp-json\/wp\/v2\/pages\/642","targetHints":{"allow":["GET"]}}],"collection":[{"href":"https:\/\/web.umons.ac.be\/droit\/wp-json\/wp\/v2\/pages"}],"about":[{"href":"https:\/\/web.umons.ac.be\/droit\/wp-json\/wp\/v2\/types\/page"}],"author":[{"embeddable":true,"href":"https:\/\/web.umons.ac.be\/droit\/wp-json\/wp\/v2\/users\/2"}],"replies":[{"embeddable":true,"href":"https:\/\/web.umons.ac.be\/droit\/wp-json\/wp\/v2\/comments?post=642"}],"version-history":[{"count":2,"href":"https:\/\/web.umons.ac.be\/droit\/wp-json\/wp\/v2\/pages\/642\/revisions"}],"predecessor-version":[{"id":645,"href":"https:\/\/web.umons.ac.be\/droit\/wp-json\/wp\/v2\/pages\/642\/revisions\/645"}],"up":[{"embeddable":true,"href":"https:\/\/web.umons.ac.be\/droit\/wp-json\/wp\/v2\/pages\/339"}],"wp:attachment":[{"href":"https:\/\/web.umons.ac.be\/droit\/wp-json\/wp\/v2\/media?parent=642"}],"curies":[{"name":"wp","href":"https:\/\/api.w.org\/{rel}","templated":true}]}}