{"id":84,"date":"2019-11-22T15:34:33","date_gmt":"2019-11-22T14:34:33","guid":{"rendered":"https:\/\/web.umons.ac.be\/efe\/?page_id=84"},"modified":"2024-04-23T15:50:25","modified_gmt":"2024-04-23T13:50:25","slug":"les-autorites-et-membres","status":"publish","type":"page","link":"https:\/\/web.umons.ac.be\/efe\/fr\/a-propos-de-lecole\/les-autorites-et-membres\/","title":{"rendered":"Les Autorit\u00e9s"},"content":{"rendered":"<h2>Autorit\u00e9s<\/h2>\n<p><strong><a href=\"https:\/\/web.umons.ac.be\/app\/uploads\/sites\/42\/2019\/11\/Antoine-Derobertmasure.png\"><img loading=\"lazy\" decoding=\"async\" class=\"alignleft wp-image-85 size-thumbnail\" src=\"https:\/\/web.umons.ac.be\/app\/uploads\/sites\/42\/2019\/11\/Antoine-Derobertmasure-150x150.png\" alt=\"Les autorit\u00e9s : Antoine Derobertmasure, pr\u00e9sident de l'EFE\" width=\"150\" height=\"150\" srcset=\"https:\/\/web.umons.ac.be\/app\/uploads\/sites\/42\/2019\/11\/Antoine-Derobertmasure-150x150.png 150w, https:\/\/web.umons.ac.be\/app\/uploads\/sites\/42\/2019\/11\/Antoine-Derobertmasure-300x300.png 300w, https:\/\/web.umons.ac.be\/app\/uploads\/sites\/42\/2019\/11\/Antoine-Derobertmasure-768x768.png 768w, https:\/\/web.umons.ac.be\/app\/uploads\/sites\/42\/2019\/11\/Antoine-Derobertmasure-1024x1024.png 1024w, https:\/\/web.umons.ac.be\/app\/uploads\/sites\/42\/2019\/11\/Antoine-Derobertmasure-660x660.png 660w, https:\/\/web.umons.ac.be\/app\/uploads\/sites\/42\/2019\/11\/Antoine-Derobertmasure-30x30.png 30w, https:\/\/web.umons.ac.be\/app\/uploads\/sites\/42\/2019\/11\/Antoine-Derobertmasure-80x80.png 80w, https:\/\/web.umons.ac.be\/app\/uploads\/sites\/42\/2019\/11\/Antoine-Derobertmasure-60x60.png 60w, https:\/\/web.umons.ac.be\/app\/uploads\/sites\/42\/2019\/11\/Antoine-Derobertmasure-360x360.png 360w, https:\/\/web.umons.ac.be\/app\/uploads\/sites\/42\/2019\/11\/Antoine-Derobertmasure-400x400.png 400w, https:\/\/web.umons.ac.be\/app\/uploads\/sites\/42\/2019\/11\/Antoine-Derobertmasure-200x200.png 200w, https:\/\/web.umons.ac.be\/app\/uploads\/sites\/42\/2019\/11\/Antoine-Derobertmasure.png 1125w\" sizes=\"auto, (max-width: 150px) 100vw, 150px\" \/><\/a>Pr\u00e9sident\u00a0:<\/strong><br \/>\nAntoine DEROBERTMASURE (FPSE)<br \/>\nM\u00e9thodologie et formation<br \/>\nFacult\u00e9 de Psychologie et Sciences de l\u2019Education<br \/>\n<a href=\"mailto:Antoine.derobertmasure@umons.ac.be\">Antoine.derobertmasure@umons.ac.be<\/a><\/p>\n<p><a href=\"https:\/\/sharepoint1.umons.ac.be\/FR\/universite\/facultes\/fpse\/serviceseetr\/methodo\/membres\/Pages\/AntoineDEROBERTMASURE.aspx\" target=\"_blank\" rel=\"noopener noreferrer\"><em>&#8211;&gt; En savoir plus &#8230;<\/em><\/a><\/p>\n<p>&nbsp;<\/p>\n<p><strong><a href=\"https:\/\/web.umons.ac.be\/app\/uploads\/sites\/42\/2019\/11\/Stephanie-Bridoux.png\"><img loading=\"lazy\" decoding=\"async\" class=\"alignleft wp-image-87 size-thumbnail\" src=\"https:\/\/web.umons.ac.be\/app\/uploads\/sites\/42\/2019\/11\/Stephanie-Bridoux-150x150.png\" alt=\"Les autorit\u00e9s : St\u00e9phanie Bridoux, vice pr\u00e9sidente de l'EFE\" width=\"150\" height=\"150\" srcset=\"https:\/\/web.umons.ac.be\/app\/uploads\/sites\/42\/2019\/11\/Stephanie-Bridoux-150x150.png 150w, https:\/\/web.umons.ac.be\/app\/uploads\/sites\/42\/2019\/11\/Stephanie-Bridoux-300x300.png 300w, https:\/\/web.umons.ac.be\/app\/uploads\/sites\/42\/2019\/11\/Stephanie-Bridoux-768x768.png 768w, https:\/\/web.umons.ac.be\/app\/uploads\/sites\/42\/2019\/11\/Stephanie-Bridoux-1024x1024.png 1024w, https:\/\/web.umons.ac.be\/app\/uploads\/sites\/42\/2019\/11\/Stephanie-Bridoux-660x660.png 660w, https:\/\/web.umons.ac.be\/app\/uploads\/sites\/42\/2019\/11\/Stephanie-Bridoux-30x30.png 30w, https:\/\/web.umons.ac.be\/app\/uploads\/sites\/42\/2019\/11\/Stephanie-Bridoux-80x80.png 80w, https:\/\/web.umons.ac.be\/app\/uploads\/sites\/42\/2019\/11\/Stephanie-Bridoux-60x60.png 60w, https:\/\/web.umons.ac.be\/app\/uploads\/sites\/42\/2019\/11\/Stephanie-Bridoux-360x360.png 360w, https:\/\/web.umons.ac.be\/app\/uploads\/sites\/42\/2019\/11\/Stephanie-Bridoux-400x400.png 400w, https:\/\/web.umons.ac.be\/app\/uploads\/sites\/42\/2019\/11\/Stephanie-Bridoux-200x200.png 200w, https:\/\/web.umons.ac.be\/app\/uploads\/sites\/42\/2019\/11\/Stephanie-Bridoux.png 1125w\" sizes=\"auto, (max-width: 150px) 100vw, 150px\" \/><\/a>Vice-Pr\u00e9sidente :<\/strong><\/p>\n<p>St\u00e9phanie BRIDOUX (FS)<br \/>\nDidactique des disciplines scientifiques<br \/>\nFacult\u00e9 des Sciences<br \/>\n<a href=\"mailto:Stephanie.bridoux@umons.ac.be\">Stephanie.bridoux@umons.ac.be<\/a><\/p>\n<p>&nbsp;<\/p>\n<p><strong>Secr\u00e9taire :<\/strong><\/p>\n<p>La\u00ebtitia Delbart (FPSE-EFE)<\/p>\n<p>Facult\u00e9 de Psychologie et des Sciences de l\u2019Education \/ Ecole de Formation des Enseignants<\/p>\n<p><a href=\"mailto:Laetitia.delbart@umons.ac.be\">Laetitia.delbart@umons.ac.be<\/a><\/p>\n","protected":false},"excerpt":{"rendered":"<p>Autorit\u00e9s Pr\u00e9sident\u00a0: Antoine DEROBERTMASURE (FPSE) M\u00e9thodologie et formation Facult\u00e9 de Psychologie et Sciences de l\u2019Education Antoine.derobertmasure@umons.ac.be &#8211;&gt; En savoir plus &#8230; &nbsp; Vice-Pr\u00e9sidente : St\u00e9phanie BRIDOUX (FS) Didactique des disciplines scientifiques Facult\u00e9 des Sciences Stephanie.bridoux@umons.ac.be &nbsp; Secr\u00e9taire : La\u00ebtitia Delbart (FPSE-EFE) Facult\u00e9 de Psychologie et des Sciences de l\u2019Education \/ Ecole de Formation des Enseignants [&hellip;]<\/p>\n","protected":false},"author":2,"featured_media":0,"parent":89,"menu_order":0,"comment_status":"closed","ping_status":"closed","template":"","meta":{"footnotes":""},"class_list":["post-84","page","type-page","status-publish","hentry"],"yoast_head":"<!-- This site is optimized with the Yoast SEO plugin v27.2 - https:\/\/yoast.com\/product\/yoast-seo-wordpress\/ -->\n<title>Les Autorit\u00e9s - Ecole \/ EFE<\/title>\n<meta name=\"description\" content=\"Les autorit\u00e9s de l&#039;Ecole de Formation des Enseignants sont Antoine Derobertmasure (pr\u00e9sident), St\u00e9phanie Bridoux (vice-pr\u00e9sidente)...\" \/>\n<meta name=\"robots\" content=\"index, follow, max-snippet:-1, max-image-preview:large, max-video-preview:-1\" \/>\n<link rel=\"canonical\" href=\"https:\/\/web.umons.ac.be\/efe\/fr\/a-propos-de-lecole\/les-autorites-et-membres\/\" \/>\n<meta property=\"og:locale\" content=\"fr_FR\" \/>\n<meta property=\"og:type\" content=\"article\" \/>\n<meta property=\"og:title\" content=\"Les Autorit\u00e9s - Ecole \/ EFE\" \/>\n<meta property=\"og:description\" content=\"Les autorit\u00e9s de l&#039;Ecole de Formation des Enseignants sont Antoine Derobertmasure (pr\u00e9sident), St\u00e9phanie Bridoux (vice-pr\u00e9sidente)...\" \/>\n<meta property=\"og:url\" content=\"https:\/\/web.umons.ac.be\/efe\/fr\/a-propos-de-lecole\/les-autorites-et-membres\/\" \/>\n<meta property=\"og:site_name\" content=\"Ecole \/ EFE\" \/>\n<meta property=\"article:modified_time\" content=\"2024-04-23T13:50:25+00:00\" \/>\n<meta property=\"og:image\" content=\"https:\/\/web.umons.ac.be\/app\/uploads\/sites\/42\/2019\/11\/Antoine-Derobertmasure-150x150.png\" \/>\n<meta name=\"twitter:card\" content=\"summary_large_image\" \/>\n<meta name=\"twitter:label1\" content=\"Dur\u00e9e de lecture estim\u00e9e\" \/>\n\t<meta name=\"twitter:data1\" content=\"1 minute\" \/>\n<script type=\"application\/ld+json\" class=\"yoast-schema-graph\">{\"@context\":\"https:\/\/schema.org\",\"@graph\":[{\"@type\":\"WebPage\",\"@id\":\"https:\/\/web.umons.ac.be\/efe\/fr\/a-propos-de-lecole\/les-autorites-et-membres\/\",\"url\":\"https:\/\/web.umons.ac.be\/efe\/fr\/a-propos-de-lecole\/les-autorites-et-membres\/\",\"name\":\"Les Autorit\u00e9s - Ecole \/ EFE\",\"isPartOf\":{\"@id\":\"https:\/\/web.umons.ac.be\/efe\/#website\"},\"primaryImageOfPage\":{\"@id\":\"https:\/\/web.umons.ac.be\/efe\/fr\/a-propos-de-lecole\/les-autorites-et-membres\/#primaryimage\"},\"image\":{\"@id\":\"https:\/\/web.umons.ac.be\/efe\/fr\/a-propos-de-lecole\/les-autorites-et-membres\/#primaryimage\"},\"thumbnailUrl\":\"https:\/\/web.umons.ac.be\/app\/uploads\/sites\/42\/2019\/11\/Antoine-Derobertmasure-150x150.png\",\"datePublished\":\"2019-11-22T14:34:33+00:00\",\"dateModified\":\"2024-04-23T13:50:25+00:00\",\"description\":\"Les autorit\u00e9s de l'Ecole de Formation des Enseignants sont Antoine Derobertmasure (pr\u00e9sident), St\u00e9phanie Bridoux (vice-pr\u00e9sidente)...\",\"breadcrumb\":{\"@id\":\"https:\/\/web.umons.ac.be\/efe\/fr\/a-propos-de-lecole\/les-autorites-et-membres\/#breadcrumb\"},\"inLanguage\":\"fr-FR\",\"potentialAction\":[{\"@type\":\"ReadAction\",\"target\":[\"https:\/\/web.umons.ac.be\/efe\/fr\/a-propos-de-lecole\/les-autorites-et-membres\/\"]}]},{\"@type\":\"ImageObject\",\"inLanguage\":\"fr-FR\",\"@id\":\"https:\/\/web.umons.ac.be\/efe\/fr\/a-propos-de-lecole\/les-autorites-et-membres\/#primaryimage\",\"url\":\"https:\/\/web.umons.ac.be\/app\/uploads\/sites\/42\/2019\/11\/Antoine-Derobertmasure-150x150.png\",\"contentUrl\":\"https:\/\/web.umons.ac.be\/app\/uploads\/sites\/42\/2019\/11\/Antoine-Derobertmasure-150x150.png\"},{\"@type\":\"BreadcrumbList\",\"@id\":\"https:\/\/web.umons.ac.be\/efe\/fr\/a-propos-de-lecole\/les-autorites-et-membres\/#breadcrumb\",\"itemListElement\":[{\"@type\":\"ListItem\",\"position\":1,\"name\":\"Accueil\",\"item\":\"https:\/\/web.umons.ac.be\/efe\/fr\/\"},{\"@type\":\"ListItem\",\"position\":2,\"name\":\"A propos de l&rsquo;\u00e9cole\",\"item\":\"https:\/\/web.umons.ac.be\/efe\/fr\/a-propos-de-lecole\/\"},{\"@type\":\"ListItem\",\"position\":3,\"name\":\"Les Autorit\u00e9s\"}]},{\"@type\":\"WebSite\",\"@id\":\"https:\/\/web.umons.ac.be\/efe\/#website\",\"url\":\"https:\/\/web.umons.ac.be\/efe\/\",\"name\":\"Ecole \/ EFE\",\"description\":\"hgqdfjkghqdfjk\",\"potentialAction\":[{\"@type\":\"SearchAction\",\"target\":{\"@type\":\"EntryPoint\",\"urlTemplate\":\"https:\/\/web.umons.ac.be\/efe\/?s={search_term_string}\"},\"query-input\":{\"@type\":\"PropertyValueSpecification\",\"valueRequired\":true,\"valueName\":\"search_term_string\"}}],\"inLanguage\":\"fr-FR\"}]}<\/script>\n<!-- \/ Yoast SEO plugin. -->","yoast_head_json":{"title":"Les Autorit\u00e9s - Ecole \/ EFE","description":"Les autorit\u00e9s de l'Ecole de Formation des Enseignants sont Antoine Derobertmasure (pr\u00e9sident), St\u00e9phanie Bridoux (vice-pr\u00e9sidente)...","robots":{"index":"index","follow":"follow","max-snippet":"max-snippet:-1","max-image-preview":"max-image-preview:large","max-video-preview":"max-video-preview:-1"},"canonical":"https:\/\/web.umons.ac.be\/efe\/fr\/a-propos-de-lecole\/les-autorites-et-membres\/","og_locale":"fr_FR","og_type":"article","og_title":"Les Autorit\u00e9s - Ecole \/ EFE","og_description":"Les autorit\u00e9s de l'Ecole de Formation des Enseignants sont Antoine Derobertmasure (pr\u00e9sident), St\u00e9phanie Bridoux (vice-pr\u00e9sidente)...","og_url":"https:\/\/web.umons.ac.be\/efe\/fr\/a-propos-de-lecole\/les-autorites-et-membres\/","og_site_name":"Ecole \/ EFE","article_modified_time":"2024-04-23T13:50:25+00:00","og_image":[{"url":"https:\/\/web.umons.ac.be\/app\/uploads\/sites\/42\/2019\/11\/Antoine-Derobertmasure-150x150.png","type":"","width":"","height":""}],"twitter_card":"summary_large_image","twitter_misc":{"Dur\u00e9e de lecture estim\u00e9e":"1 minute"},"schema":{"@context":"https:\/\/schema.org","@graph":[{"@type":"WebPage","@id":"https:\/\/web.umons.ac.be\/efe\/fr\/a-propos-de-lecole\/les-autorites-et-membres\/","url":"https:\/\/web.umons.ac.be\/efe\/fr\/a-propos-de-lecole\/les-autorites-et-membres\/","name":"Les Autorit\u00e9s - Ecole \/ EFE","isPartOf":{"@id":"https:\/\/web.umons.ac.be\/efe\/#website"},"primaryImageOfPage":{"@id":"https:\/\/web.umons.ac.be\/efe\/fr\/a-propos-de-lecole\/les-autorites-et-membres\/#primaryimage"},"image":{"@id":"https:\/\/web.umons.ac.be\/efe\/fr\/a-propos-de-lecole\/les-autorites-et-membres\/#primaryimage"},"thumbnailUrl":"https:\/\/web.umons.ac.be\/app\/uploads\/sites\/42\/2019\/11\/Antoine-Derobertmasure-150x150.png","datePublished":"2019-11-22T14:34:33+00:00","dateModified":"2024-04-23T13:50:25+00:00","description":"Les autorit\u00e9s de l'Ecole de Formation des Enseignants sont Antoine Derobertmasure (pr\u00e9sident), St\u00e9phanie Bridoux (vice-pr\u00e9sidente)...","breadcrumb":{"@id":"https:\/\/web.umons.ac.be\/efe\/fr\/a-propos-de-lecole\/les-autorites-et-membres\/#breadcrumb"},"inLanguage":"fr-FR","potentialAction":[{"@type":"ReadAction","target":["https:\/\/web.umons.ac.be\/efe\/fr\/a-propos-de-lecole\/les-autorites-et-membres\/"]}]},{"@type":"ImageObject","inLanguage":"fr-FR","@id":"https:\/\/web.umons.ac.be\/efe\/fr\/a-propos-de-lecole\/les-autorites-et-membres\/#primaryimage","url":"https:\/\/web.umons.ac.be\/app\/uploads\/sites\/42\/2019\/11\/Antoine-Derobertmasure-150x150.png","contentUrl":"https:\/\/web.umons.ac.be\/app\/uploads\/sites\/42\/2019\/11\/Antoine-Derobertmasure-150x150.png"},{"@type":"BreadcrumbList","@id":"https:\/\/web.umons.ac.be\/efe\/fr\/a-propos-de-lecole\/les-autorites-et-membres\/#breadcrumb","itemListElement":[{"@type":"ListItem","position":1,"name":"Accueil","item":"https:\/\/web.umons.ac.be\/efe\/fr\/"},{"@type":"ListItem","position":2,"name":"A propos de l&rsquo;\u00e9cole","item":"https:\/\/web.umons.ac.be\/efe\/fr\/a-propos-de-lecole\/"},{"@type":"ListItem","position":3,"name":"Les Autorit\u00e9s"}]},{"@type":"WebSite","@id":"https:\/\/web.umons.ac.be\/efe\/#website","url":"https:\/\/web.umons.ac.be\/efe\/","name":"Ecole \/ EFE","description":"hgqdfjkghqdfjk","potentialAction":[{"@type":"SearchAction","target":{"@type":"EntryPoint","urlTemplate":"https:\/\/web.umons.ac.be\/efe\/?s={search_term_string}"},"query-input":{"@type":"PropertyValueSpecification","valueRequired":true,"valueName":"search_term_string"}}],"inLanguage":"fr-FR"}]}},"lang":"fr","translations":{"fr":84},"pll_sync_post":[],"_links":{"self":[{"href":"https:\/\/web.umons.ac.be\/efe\/wp-json\/wp\/v2\/pages\/84","targetHints":{"allow":["GET"]}}],"collection":[{"href":"https:\/\/web.umons.ac.be\/efe\/wp-json\/wp\/v2\/pages"}],"about":[{"href":"https:\/\/web.umons.ac.be\/efe\/wp-json\/wp\/v2\/types\/page"}],"author":[{"embeddable":true,"href":"https:\/\/web.umons.ac.be\/efe\/wp-json\/wp\/v2\/users\/2"}],"replies":[{"embeddable":true,"href":"https:\/\/web.umons.ac.be\/efe\/wp-json\/wp\/v2\/comments?post=84"}],"version-history":[{"count":4,"href":"https:\/\/web.umons.ac.be\/efe\/wp-json\/wp\/v2\/pages\/84\/revisions"}],"predecessor-version":[{"id":1286,"href":"https:\/\/web.umons.ac.be\/efe\/wp-json\/wp\/v2\/pages\/84\/revisions\/1286"}],"up":[{"embeddable":true,"href":"https:\/\/web.umons.ac.be\/efe\/wp-json\/wp\/v2\/pages\/89"}],"wp:attachment":[{"href":"https:\/\/web.umons.ac.be\/efe\/wp-json\/wp\/v2\/media?parent=84"}],"curies":[{"name":"wp","href":"https:\/\/api.w.org\/{rel}","templated":true}]}}