{"version":"1.0","provider_name":"Ecole \/ ESHS","provider_url":"https:\/\/web.umons.ac.be\/eshs","author_name":"L\u00e9a Saintghislain","author_url":"https:\/\/web.umons.ac.be\/eshs\/author\/lsaintghislain\/","title":"Projet Tandem \u00e0 Gand : apprendre les langues autrement - Ecole \/ ESHS","type":"rich","width":600,"height":338,"html":"<blockquote class=\"wp-embedded-content\" data-secret=\"khfIW9wYNR\"><a href=\"https:\/\/web.umons.ac.be\/eshs\/fr\/projet-tandem-a-gand-apprendre-les-langues-autrement\/\">Projet Tandem \u00e0 Gand : apprendre les langues autrement<\/a><\/blockquote><iframe sandbox=\"allow-scripts\" security=\"restricted\" src=\"https:\/\/web.umons.ac.be\/eshs\/fr\/projet-tandem-a-gand-apprendre-les-langues-autrement\/embed\/#?secret=khfIW9wYNR\" width=\"600\" height=\"338\" title=\"\u00ab\u00a0Projet Tandem \u00e0 Gand : apprendre les langues autrement\u00a0\u00bb &#8212; Ecole \/ ESHS\" data-secret=\"khfIW9wYNR\" frameborder=\"0\" marginwidth=\"0\" marginheight=\"0\" scrolling=\"no\" class=\"wp-embedded-content\"><\/iframe><script type=\"text\/javascript\">\n\/* <![CDATA[ *\/\n\/*! This file is auto-generated *\/\n!function(d,l){\"use strict\";l.querySelector&&d.addEventListener&&\"undefined\"!=typeof URL&&(d.wp=d.wp||{},d.wp.receiveEmbedMessage||(d.wp.receiveEmbedMessage=function(e){var t=e.data;if((t||t.secret||t.message||t.value)&&!\/[^a-zA-Z0-9]\/.test(t.secret)){for(var s,r,n,a=l.querySelectorAll('iframe[data-secret=\"'+t.secret+'\"]'),o=l.querySelectorAll('blockquote[data-secret=\"'+t.secret+'\"]'),c=new RegExp(\"^https?:$\",\"i\"),i=0;i<o.length;i++)o[i].style.display=\"none\";for(i=0;i<a.length;i++)s=a[i],e.source===s.contentWindow&&(s.removeAttribute(\"style\"),\"height\"===t.message?(1e3<(r=parseInt(t.value,10))?r=1e3:~~r<200&&(r=200),s.height=r):\"link\"===t.message&&(r=new URL(s.getAttribute(\"src\")),n=new URL(t.value),c.test(n.protocol))&&n.host===r.host&&l.activeElement===s&&(d.top.location.href=t.value))}},d.addEventListener(\"message\",d.wp.receiveEmbedMessage,!1),l.addEventListener(\"DOMContentLoaded\",function(){for(var e,t,s=l.querySelectorAll(\"iframe.wp-embedded-content\"),r=0;r<s.length;r++)(t=(e=s[r]).getAttribute(\"data-secret\"))||(t=Math.random().toString(36).substring(2,12),e.src+=\"#?secret=\"+t,e.setAttribute(\"data-secret\",t)),e.contentWindow.postMessage({message:\"ready\",secret:t},\"*\")},!1)))}(window,document);\n\/\/# sourceURL=https:\/\/web.umons.ac.be\/eshs\/wp-includes\/js\/wp-embed.min.js\n\/* ]]> *\/\n<\/script>\n","thumbnail_url":"https:\/\/web.umons.ac.be\/app\/uploads\/sites\/8\/2026\/02\/Projet_HOGENT-2025-2026.jpg","thumbnail_width":1400,"thumbnail_height":1234,"description":"Ce lundi 23 f\u00e9vrier, nos \u00e9tudiants de troisi\u00e8me bachelier ayant choisi le n\u00e9erlandais ont pris la direction de Gand pour rencontrer leurs partenaires de la HOGENT dans le cadre de la 5\u1d49 \u00e9dition du projet Tandem. Une journ\u00e9e riche en \u00e9changes qui marque le d\u00e9but d\u2019une collaboration acad\u00e9mique et humaine qui se poursuivra durant tout le quadrimestre."}

Léa Saintghislain

Projet Tandem à Gand : apprendre les langues autrement - Ecole / ESHS

<blockquote class="wp-embedded-content" data-secret="khfIW9wYNR"><a href="https://web.umons.ac.be/eshs/fr/projet-tandem-a-gand-apprendre-les-langues-autrement/">Projet Tandem à Gand : apprendre les langues autrement</a></blockquote><iframe sandbox="allow-scripts" security="restricted" src="https://web.umons.ac.be/eshs/fr/projet-tandem-a-gand-apprendre-les-langues-autrement/embed/#?secret=khfIW9wYNR" width="600" height="338" title="« Projet Tandem à Gand : apprendre les langues autrement » &#8212; Ecole / ESHS" data-secret="khfIW9wYNR" frameborder="0" marginwidth="0" marginheight="0" scrolling="no" class="wp-embedded-content"></iframe><script type="text/javascript">
/* <![CDATA[ */
/*! This file is auto-generated */
!function(d,l){"use strict";l.querySelector&&d.addEventListener&&"undefined"!=typeof URL&&(d.wp=d.wp||{},d.wp.receiveEmbedMessage||(d.wp.receiveEmbedMessage=function(e){var t=e.data;if((t||t.secret||t.message||t.value)&&!/[^a-zA-Z0-9]/.test(t.secret)){for(var s,r,n,a=l.querySelectorAll('iframe[data-secret="'+t.secret+'"]'),o=l.querySelectorAll('blockquote[data-secret="'+t.secret+'"]'),c=new RegExp("^https?:$","i"),i=0;i<o.length;i++)o[i].style.display="none";for(i=0;i<a.length;i++)s=a[i],e.source===s.contentWindow&&(s.removeAttribute("style"),"height"===t.message?(1e3<(r=parseInt(t.value,10))?r=1e3:~~r<200&&(r=200),s.height=r):"link"===t.message&&(r=new URL(s.getAttribute("src")),n=new URL(t.value),c.test(n.protocol))&&n.host===r.host&&l.activeElement===s&&(d.top.location.href=t.value))}},d.addEventListener("message",d.wp.receiveEmbedMessage,!1),l.addEventListener("DOMContentLoaded",function(){for(var e,t,s=l.querySelectorAll("iframe.wp-embedded-content"),r=0;r<s.length;r++)(t=(e=s[r]).getAttribute("data-secret"))||(t=Math.random().toString(36).substring(2,12),e.src+="#?secret="+t,e.setAttribute("data-secret",t)),e.contentWindow.postMessage({message:"ready",secret:t},"*")},!1)))}(window,document);
//# sourceURL=https://web.umons.ac.be/eshs/wp-includes/js/wp-embed.min.js
/* ]]> */
</script>

Ce lundi 23 février, nos étudiants de troisième bachelier ayant choisi le néerlandais ont pris la direction de Gand pour rencontrer leurs partenaires de la HOGENT dans le cadre de la 5ᵉ édition du projet Tandem. Une journée riche en échanges qui marque le début d’une collaboration académique et humaine qui se poursuivra durant tout le quadrimestre.
