{"id":174,"date":"2017-06-27T12:01:13","date_gmt":"2017-06-27T10:01:13","guid":{"rendered":"https:\/\/web.umons.ac.be\/eshs\/?page_id=174"},"modified":"2026-03-18T13:41:13","modified_gmt":"2026-03-18T12:41:13","slug":"activites-de-recherche","status":"publish","type":"page","link":"https:\/\/web.umons.ac.be\/eshs\/fr\/activites-de-recherche\/","title":{"rendered":"Activit\u00e9s de recherche"},"content":{"rendered":"<p data-start=\"164\" data-end=\"254\">\u00c0 l\u2019\u00c9cole des Sciences Humaines et Sociales (ESHS), la recherche occupe une place centrale.<\/p>\n<p data-start=\"256\" data-end=\"539\">Nos enseignant\u00b7es-chercheur\u00b7es contribuent activement \u00e0 la production et \u00e0 la diffusion des connaissances, en lien direct avec les enjeux contemporains. Leurs travaux permettent de mieux comprendre les transformations sociales, politiques, culturelles et \u00e9conomiques de nos soci\u00e9t\u00e9s.<\/p>\n<p data-start=\"541\" data-end=\"896\">La recherche \u00e0 l\u2019ESHS se d\u00e9veloppe dans une dynamique collaborative, \u00e0 l\u2019\u00e9chelle locale, nationale et internationale. Elle s\u2019appuie sur des partenariats avec des universit\u00e9s et centres de recherche, des r\u00e9seaux scientifiques, des institutions publiques, des organisations internationales, ainsi que des acteurs associatifs, culturels et socio-\u00e9conomiques.<\/p>\n<p data-start=\"898\" data-end=\"1044\">Ces collaborations favorisent les approches interdisciplinaires, le partage d\u2019expertises et l\u2019ancrage des recherches dans les r\u00e9alit\u00e9s du terrain.<\/p>\n<p data-start=\"1046\" data-end=\"1292\">Cette dynamique scientifique enrichit directement les formations propos\u00e9es \u00e0 l\u2019ESHS. Les \u00e9tudiant\u00b7es b\u00e9n\u00e9ficient ainsi d\u2019un enseignement actualis\u00e9, nourri par la recherche, et sont initi\u00e9\u00b7es aux m\u00e9thodes propres aux sciences humaines et sociales.<\/p>\n<h4 data-start=\"1625\" data-end=\"1660\">Explorer nos activit\u00e9s<\/h4>\n<ul>\n<li><a href=\"https:\/\/web.umons.ac.be\/eshs\/fr\/activites-de-recherche\/services-denseignement-et-de-recherche\/\" target=\"_blank\" rel=\"noopener\">Services d&rsquo;enseignement et de recherche<\/a><\/li>\n<li>Instituts de recherche<\/li>\n<\/ul>\n<p>&nbsp;<\/p>\n","protected":false},"excerpt":{"rendered":"<p>\u00c0 l\u2019\u00c9cole des Sciences Humaines et Sociales (ESHS), la recherche occupe une place centrale. Nos enseignant\u00b7es-chercheur\u00b7es contribuent activement \u00e0 la production et \u00e0 la diffusion des connaissances, en lien direct avec les enjeux contemporains. Leurs travaux permettent de mieux comprendre les transformations sociales, politiques, culturelles et \u00e9conomiques de nos soci\u00e9t\u00e9s. La recherche \u00e0 l\u2019ESHS se [&hellip;]<\/p>\n","protected":false},"author":2,"featured_media":0,"parent":0,"menu_order":5,"comment_status":"closed","ping_status":"closed","template":"","meta":{"footnotes":""},"class_list":["post-174","page","type-page","status-publish","hentry"],"yoast_head":"<!-- This site is optimized with the Yoast SEO plugin v27.2 - https:\/\/yoast.com\/product\/yoast-seo-wordpress\/ -->\n<title>Activit\u00e9s de recherche - Ecole \/ ESHS<\/title>\n<meta name=\"robots\" content=\"index, follow, max-snippet:-1, max-image-preview:large, max-video-preview:-1\" \/>\n<link rel=\"canonical\" href=\"https:\/\/web.umons.ac.be\/eshs\/fr\/activites-de-recherche\/\" \/>\n<meta property=\"og:locale\" content=\"fr_FR\" \/>\n<meta property=\"og:type\" content=\"article\" \/>\n<meta property=\"og:title\" content=\"Activit\u00e9s de recherche - Ecole \/ ESHS\" \/>\n<meta property=\"og:description\" content=\"\u00c0 l\u2019\u00c9cole des Sciences Humaines et Sociales (ESHS), la recherche occupe une place centrale. Nos enseignant\u00b7es-chercheur\u00b7es contribuent activement \u00e0 la production et \u00e0 la diffusion des connaissances, en lien direct avec les enjeux contemporains. Leurs travaux permettent de mieux comprendre les transformations sociales, politiques, culturelles et \u00e9conomiques de nos soci\u00e9t\u00e9s. La recherche \u00e0 l\u2019ESHS se [&hellip;]\" \/>\n<meta property=\"og:url\" content=\"https:\/\/web.umons.ac.be\/eshs\/fr\/activites-de-recherche\/\" \/>\n<meta property=\"og:site_name\" content=\"Ecole \/ ESHS\" \/>\n<meta property=\"article:modified_time\" content=\"2026-03-18T12:41:13+00:00\" \/>\n<meta name=\"twitter:card\" content=\"summary_large_image\" \/>\n<meta name=\"twitter:label1\" content=\"Dur\u00e9e de lecture estim\u00e9e\" \/>\n\t<meta name=\"twitter:data1\" content=\"1 minute\" \/>\n<script type=\"application\/ld+json\" class=\"yoast-schema-graph\">{\"@context\":\"https:\/\/schema.org\",\"@graph\":[{\"@type\":\"WebPage\",\"@id\":\"https:\/\/web.umons.ac.be\/eshs\/fr\/activites-de-recherche\/\",\"url\":\"https:\/\/web.umons.ac.be\/eshs\/fr\/activites-de-recherche\/\",\"name\":\"Activit\u00e9s de recherche - Ecole \/ ESHS\",\"isPartOf\":{\"@id\":\"https:\/\/web.umons.ac.be\/eshs\/#website\"},\"datePublished\":\"2017-06-27T10:01:13+00:00\",\"dateModified\":\"2026-03-18T12:41:13+00:00\",\"breadcrumb\":{\"@id\":\"https:\/\/web.umons.ac.be\/eshs\/fr\/activites-de-recherche\/#breadcrumb\"},\"inLanguage\":\"fr-FR\",\"potentialAction\":[{\"@type\":\"ReadAction\",\"target\":[\"https:\/\/web.umons.ac.be\/eshs\/fr\/activites-de-recherche\/\"]}]},{\"@type\":\"BreadcrumbList\",\"@id\":\"https:\/\/web.umons.ac.be\/eshs\/fr\/activites-de-recherche\/#breadcrumb\",\"itemListElement\":[{\"@type\":\"ListItem\",\"position\":1,\"name\":\"Accueil\",\"item\":\"https:\/\/web.umons.ac.be\/eshs\/fr\/\"},{\"@type\":\"ListItem\",\"position\":2,\"name\":\"Activit\u00e9s de recherche\"}]},{\"@type\":\"WebSite\",\"@id\":\"https:\/\/web.umons.ac.be\/eshs\/#website\",\"url\":\"https:\/\/web.umons.ac.be\/eshs\/\",\"name\":\"Ecole \/ ESHS\",\"description\":\"\",\"potentialAction\":[{\"@type\":\"SearchAction\",\"target\":{\"@type\":\"EntryPoint\",\"urlTemplate\":\"https:\/\/web.umons.ac.be\/eshs\/?s={search_term_string}\"},\"query-input\":{\"@type\":\"PropertyValueSpecification\",\"valueRequired\":true,\"valueName\":\"search_term_string\"}}],\"inLanguage\":\"fr-FR\"}]}<\/script>\n<!-- \/ Yoast SEO plugin. -->","yoast_head_json":{"title":"Activit\u00e9s de recherche - Ecole \/ ESHS","robots":{"index":"index","follow":"follow","max-snippet":"max-snippet:-1","max-image-preview":"max-image-preview:large","max-video-preview":"max-video-preview:-1"},"canonical":"https:\/\/web.umons.ac.be\/eshs\/fr\/activites-de-recherche\/","og_locale":"fr_FR","og_type":"article","og_title":"Activit\u00e9s de recherche - Ecole \/ ESHS","og_description":"\u00c0 l\u2019\u00c9cole des Sciences Humaines et Sociales (ESHS), la recherche occupe une place centrale. Nos enseignant\u00b7es-chercheur\u00b7es contribuent activement \u00e0 la production et \u00e0 la diffusion des connaissances, en lien direct avec les enjeux contemporains. Leurs travaux permettent de mieux comprendre les transformations sociales, politiques, culturelles et \u00e9conomiques de nos soci\u00e9t\u00e9s. La recherche \u00e0 l\u2019ESHS se [&hellip;]","og_url":"https:\/\/web.umons.ac.be\/eshs\/fr\/activites-de-recherche\/","og_site_name":"Ecole \/ ESHS","article_modified_time":"2026-03-18T12:41:13+00:00","twitter_card":"summary_large_image","twitter_misc":{"Dur\u00e9e de lecture estim\u00e9e":"1 minute"},"schema":{"@context":"https:\/\/schema.org","@graph":[{"@type":"WebPage","@id":"https:\/\/web.umons.ac.be\/eshs\/fr\/activites-de-recherche\/","url":"https:\/\/web.umons.ac.be\/eshs\/fr\/activites-de-recherche\/","name":"Activit\u00e9s de recherche - Ecole \/ ESHS","isPartOf":{"@id":"https:\/\/web.umons.ac.be\/eshs\/#website"},"datePublished":"2017-06-27T10:01:13+00:00","dateModified":"2026-03-18T12:41:13+00:00","breadcrumb":{"@id":"https:\/\/web.umons.ac.be\/eshs\/fr\/activites-de-recherche\/#breadcrumb"},"inLanguage":"fr-FR","potentialAction":[{"@type":"ReadAction","target":["https:\/\/web.umons.ac.be\/eshs\/fr\/activites-de-recherche\/"]}]},{"@type":"BreadcrumbList","@id":"https:\/\/web.umons.ac.be\/eshs\/fr\/activites-de-recherche\/#breadcrumb","itemListElement":[{"@type":"ListItem","position":1,"name":"Accueil","item":"https:\/\/web.umons.ac.be\/eshs\/fr\/"},{"@type":"ListItem","position":2,"name":"Activit\u00e9s de recherche"}]},{"@type":"WebSite","@id":"https:\/\/web.umons.ac.be\/eshs\/#website","url":"https:\/\/web.umons.ac.be\/eshs\/","name":"Ecole \/ ESHS","description":"","potentialAction":[{"@type":"SearchAction","target":{"@type":"EntryPoint","urlTemplate":"https:\/\/web.umons.ac.be\/eshs\/?s={search_term_string}"},"query-input":{"@type":"PropertyValueSpecification","valueRequired":true,"valueName":"search_term_string"}}],"inLanguage":"fr-FR"}]}},"lang":"fr","translations":{"fr":174,"en":431},"pll_sync_post":[],"_links":{"self":[{"href":"https:\/\/web.umons.ac.be\/eshs\/wp-json\/wp\/v2\/pages\/174","targetHints":{"allow":["GET"]}}],"collection":[{"href":"https:\/\/web.umons.ac.be\/eshs\/wp-json\/wp\/v2\/pages"}],"about":[{"href":"https:\/\/web.umons.ac.be\/eshs\/wp-json\/wp\/v2\/types\/page"}],"author":[{"embeddable":true,"href":"https:\/\/web.umons.ac.be\/eshs\/wp-json\/wp\/v2\/users\/2"}],"replies":[{"embeddable":true,"href":"https:\/\/web.umons.ac.be\/eshs\/wp-json\/wp\/v2\/comments?post=174"}],"version-history":[{"count":3,"href":"https:\/\/web.umons.ac.be\/eshs\/wp-json\/wp\/v2\/pages\/174\/revisions"}],"predecessor-version":[{"id":2231,"href":"https:\/\/web.umons.ac.be\/eshs\/wp-json\/wp\/v2\/pages\/174\/revisions\/2231"}],"wp:attachment":[{"href":"https:\/\/web.umons.ac.be\/eshs\/wp-json\/wp\/v2\/media?parent=174"}],"curies":[{"name":"wp","href":"https:\/\/api.w.org\/{rel}","templated":true}]}}