{"id":186,"date":"2017-06-29T14:54:06","date_gmt":"2017-06-29T12:54:06","guid":{"rendered":"https:\/\/web.umons.ac.be\/eshs\/?page_id=186"},"modified":"2026-03-31T14:35:53","modified_gmt":"2026-03-31T12:35:53","slug":"services-denseignement-et-de-recherche","status":"publish","type":"page","link":"https:\/\/web.umons.ac.be\/eshs\/fr\/activites-de-recherche\/services-denseignement-et-de-recherche\/","title":{"rendered":"Services d\u2019enseignement et de recherche"},"content":{"rendered":"<p data-start=\"550\" data-end=\"685\">Les services d\u2019enseignement et de recherche structurent les activit\u00e9s scientifiques de l\u2019\u00c9cole des Sciences Humaines et Sociales.<\/p>\n<p data-start=\"687\" data-end=\"836\">Ils rassemblent les \u00e9quipes de recherche autour de disciplines compl\u00e9mentaires, contribuant \u00e0 une compr\u00e9hension approfondie des enjeux contemporains.<\/p>\n<h4 data-section-id=\"6ir43e\" data-start=\"1000\" data-end=\"1020\">Nos services<\/h4>\n<ul>\n<li data-start=\"1022\" data-end=\"1069\"><a href=\"https:\/\/web.umons.ac.be\/eshs\/fr\/activites-de-recherche\/services-denseignement-et-de-recherche\/service-de-sociologie-et-anthropologie\/\" rel=\"noopener\">Service de Sociologie et Anthropologie<\/a><\/li>\n<li data-start=\"1157\" data-end=\"1196\"><a href=\"https:\/\/web.umons.ac.be\/eshs\/fr\/activites-de-recherche\/services-denseignement-et-de-recherche\/service-de-sciences-politiques\/\" rel=\"noopener\">Service de Sciences politiques<\/a><\/li>\n<li data-start=\"1291\" data-end=\"1324\"><a href=\"https:\/\/web.umons.ac.be\/eshs\/fr\/activites-de-recherche\/service-information-et-communication\/\" rel=\"noopener\">Service d&rsquo;Information-Communication<\/a><\/li>\n<\/ul>\n","protected":false},"excerpt":{"rendered":"<p>Les services d\u2019enseignement et de recherche structurent les activit\u00e9s scientifiques de l\u2019\u00c9cole des Sciences Humaines et Sociales. Ils rassemblent les \u00e9quipes de recherche autour de disciplines compl\u00e9mentaires, contribuant \u00e0 une compr\u00e9hension approfondie des enjeux contemporains. Nos services Service de Sociologie et Anthropologie Service de Sciences politiques Service d&rsquo;Information-Communication<\/p>\n","protected":false},"author":2,"featured_media":0,"parent":174,"menu_order":0,"comment_status":"closed","ping_status":"closed","template":"","meta":{"footnotes":""},"class_list":["post-186","page","type-page","status-publish","hentry"],"yoast_head":"<!-- This site is optimized with the Yoast SEO plugin v27.2 - https:\/\/yoast.com\/product\/yoast-seo-wordpress\/ -->\n<title>Services d\u2019enseignement et de recherche - Ecole \/ ESHS<\/title>\n<meta name=\"robots\" content=\"index, follow, max-snippet:-1, max-image-preview:large, max-video-preview:-1\" \/>\n<link rel=\"canonical\" href=\"https:\/\/web.umons.ac.be\/eshs\/fr\/activites-de-recherche\/services-denseignement-et-de-recherche\/\" \/>\n<meta property=\"og:locale\" content=\"fr_FR\" \/>\n<meta property=\"og:type\" content=\"article\" \/>\n<meta property=\"og:title\" content=\"Services d\u2019enseignement et de recherche - Ecole \/ ESHS\" \/>\n<meta property=\"og:description\" content=\"Les services d\u2019enseignement et de recherche structurent les activit\u00e9s scientifiques de l\u2019\u00c9cole des Sciences Humaines et Sociales. Ils rassemblent les \u00e9quipes de recherche autour de disciplines compl\u00e9mentaires, contribuant \u00e0 une compr\u00e9hension approfondie des enjeux contemporains. Nos services Service de Sociologie et Anthropologie Service de Sciences politiques Service d&rsquo;Information-Communication\" \/>\n<meta property=\"og:url\" content=\"https:\/\/web.umons.ac.be\/eshs\/fr\/activites-de-recherche\/services-denseignement-et-de-recherche\/\" \/>\n<meta property=\"og:site_name\" content=\"Ecole \/ ESHS\" \/>\n<meta property=\"article:modified_time\" content=\"2026-03-31T12:35:53+00:00\" \/>\n<meta name=\"twitter:card\" content=\"summary_large_image\" \/>\n<meta name=\"twitter:label1\" content=\"Dur\u00e9e de lecture estim\u00e9e\" \/>\n\t<meta name=\"twitter:data1\" content=\"1 minute\" \/>\n<script type=\"application\/ld+json\" class=\"yoast-schema-graph\">{\"@context\":\"https:\/\/schema.org\",\"@graph\":[{\"@type\":\"WebPage\",\"@id\":\"https:\/\/web.umons.ac.be\/eshs\/fr\/activites-de-recherche\/services-denseignement-et-de-recherche\/\",\"url\":\"https:\/\/web.umons.ac.be\/eshs\/fr\/activites-de-recherche\/services-denseignement-et-de-recherche\/\",\"name\":\"Services d\u2019enseignement et de recherche - Ecole \/ ESHS\",\"isPartOf\":{\"@id\":\"https:\/\/web.umons.ac.be\/eshs\/#website\"},\"datePublished\":\"2017-06-29T12:54:06+00:00\",\"dateModified\":\"2026-03-31T12:35:53+00:00\",\"breadcrumb\":{\"@id\":\"https:\/\/web.umons.ac.be\/eshs\/fr\/activites-de-recherche\/services-denseignement-et-de-recherche\/#breadcrumb\"},\"inLanguage\":\"fr-FR\",\"potentialAction\":[{\"@type\":\"ReadAction\",\"target\":[\"https:\/\/web.umons.ac.be\/eshs\/fr\/activites-de-recherche\/services-denseignement-et-de-recherche\/\"]}]},{\"@type\":\"BreadcrumbList\",\"@id\":\"https:\/\/web.umons.ac.be\/eshs\/fr\/activites-de-recherche\/services-denseignement-et-de-recherche\/#breadcrumb\",\"itemListElement\":[{\"@type\":\"ListItem\",\"position\":1,\"name\":\"Accueil\",\"item\":\"https:\/\/web.umons.ac.be\/eshs\/fr\/\"},{\"@type\":\"ListItem\",\"position\":2,\"name\":\"Activit\u00e9s de recherche\",\"item\":\"https:\/\/web.umons.ac.be\/eshs\/fr\/activites-de-recherche\/\"},{\"@type\":\"ListItem\",\"position\":3,\"name\":\"Services d\u2019enseignement et de recherche\"}]},{\"@type\":\"WebSite\",\"@id\":\"https:\/\/web.umons.ac.be\/eshs\/#website\",\"url\":\"https:\/\/web.umons.ac.be\/eshs\/\",\"name\":\"Ecole \/ ESHS\",\"description\":\"\",\"potentialAction\":[{\"@type\":\"SearchAction\",\"target\":{\"@type\":\"EntryPoint\",\"urlTemplate\":\"https:\/\/web.umons.ac.be\/eshs\/?s={search_term_string}\"},\"query-input\":{\"@type\":\"PropertyValueSpecification\",\"valueRequired\":true,\"valueName\":\"search_term_string\"}}],\"inLanguage\":\"fr-FR\"}]}<\/script>\n<!-- \/ Yoast SEO plugin. -->","yoast_head_json":{"title":"Services d\u2019enseignement et de recherche - Ecole \/ ESHS","robots":{"index":"index","follow":"follow","max-snippet":"max-snippet:-1","max-image-preview":"max-image-preview:large","max-video-preview":"max-video-preview:-1"},"canonical":"https:\/\/web.umons.ac.be\/eshs\/fr\/activites-de-recherche\/services-denseignement-et-de-recherche\/","og_locale":"fr_FR","og_type":"article","og_title":"Services d\u2019enseignement et de recherche - Ecole \/ ESHS","og_description":"Les services d\u2019enseignement et de recherche structurent les activit\u00e9s scientifiques de l\u2019\u00c9cole des Sciences Humaines et Sociales. Ils rassemblent les \u00e9quipes de recherche autour de disciplines compl\u00e9mentaires, contribuant \u00e0 une compr\u00e9hension approfondie des enjeux contemporains. Nos services Service de Sociologie et Anthropologie Service de Sciences politiques Service d&rsquo;Information-Communication","og_url":"https:\/\/web.umons.ac.be\/eshs\/fr\/activites-de-recherche\/services-denseignement-et-de-recherche\/","og_site_name":"Ecole \/ ESHS","article_modified_time":"2026-03-31T12:35:53+00:00","twitter_card":"summary_large_image","twitter_misc":{"Dur\u00e9e de lecture estim\u00e9e":"1 minute"},"schema":{"@context":"https:\/\/schema.org","@graph":[{"@type":"WebPage","@id":"https:\/\/web.umons.ac.be\/eshs\/fr\/activites-de-recherche\/services-denseignement-et-de-recherche\/","url":"https:\/\/web.umons.ac.be\/eshs\/fr\/activites-de-recherche\/services-denseignement-et-de-recherche\/","name":"Services d\u2019enseignement et de recherche - Ecole \/ ESHS","isPartOf":{"@id":"https:\/\/web.umons.ac.be\/eshs\/#website"},"datePublished":"2017-06-29T12:54:06+00:00","dateModified":"2026-03-31T12:35:53+00:00","breadcrumb":{"@id":"https:\/\/web.umons.ac.be\/eshs\/fr\/activites-de-recherche\/services-denseignement-et-de-recherche\/#breadcrumb"},"inLanguage":"fr-FR","potentialAction":[{"@type":"ReadAction","target":["https:\/\/web.umons.ac.be\/eshs\/fr\/activites-de-recherche\/services-denseignement-et-de-recherche\/"]}]},{"@type":"BreadcrumbList","@id":"https:\/\/web.umons.ac.be\/eshs\/fr\/activites-de-recherche\/services-denseignement-et-de-recherche\/#breadcrumb","itemListElement":[{"@type":"ListItem","position":1,"name":"Accueil","item":"https:\/\/web.umons.ac.be\/eshs\/fr\/"},{"@type":"ListItem","position":2,"name":"Activit\u00e9s de recherche","item":"https:\/\/web.umons.ac.be\/eshs\/fr\/activites-de-recherche\/"},{"@type":"ListItem","position":3,"name":"Services d\u2019enseignement et de recherche"}]},{"@type":"WebSite","@id":"https:\/\/web.umons.ac.be\/eshs\/#website","url":"https:\/\/web.umons.ac.be\/eshs\/","name":"Ecole \/ ESHS","description":"","potentialAction":[{"@type":"SearchAction","target":{"@type":"EntryPoint","urlTemplate":"https:\/\/web.umons.ac.be\/eshs\/?s={search_term_string}"},"query-input":{"@type":"PropertyValueSpecification","valueRequired":true,"valueName":"search_term_string"}}],"inLanguage":"fr-FR"}]}},"lang":"fr","translations":{"fr":186,"en":461},"pll_sync_post":[],"_links":{"self":[{"href":"https:\/\/web.umons.ac.be\/eshs\/wp-json\/wp\/v2\/pages\/186","targetHints":{"allow":["GET"]}}],"collection":[{"href":"https:\/\/web.umons.ac.be\/eshs\/wp-json\/wp\/v2\/pages"}],"about":[{"href":"https:\/\/web.umons.ac.be\/eshs\/wp-json\/wp\/v2\/types\/page"}],"author":[{"embeddable":true,"href":"https:\/\/web.umons.ac.be\/eshs\/wp-json\/wp\/v2\/users\/2"}],"replies":[{"embeddable":true,"href":"https:\/\/web.umons.ac.be\/eshs\/wp-json\/wp\/v2\/comments?post=186"}],"version-history":[{"count":3,"href":"https:\/\/web.umons.ac.be\/eshs\/wp-json\/wp\/v2\/pages\/186\/revisions"}],"predecessor-version":[{"id":2262,"href":"https:\/\/web.umons.ac.be\/eshs\/wp-json\/wp\/v2\/pages\/186\/revisions\/2262"}],"up":[{"embeddable":true,"href":"https:\/\/web.umons.ac.be\/eshs\/wp-json\/wp\/v2\/pages\/174"}],"wp:attachment":[{"href":"https:\/\/web.umons.ac.be\/eshs\/wp-json\/wp\/v2\/media?parent=186"}],"curies":[{"name":"wp","href":"https:\/\/api.w.org\/{rel}","templated":true}]}}