{"id":2245,"date":"2026-03-18T13:35:08","date_gmt":"2026-03-18T12:35:08","guid":{"rendered":"https:\/\/web.umons.ac.be\/eshs\/?page_id=2245"},"modified":"2026-03-31T14:42:18","modified_gmt":"2026-03-31T12:42:18","slug":"service-information-et-communication","status":"publish","type":"page","link":"https:\/\/web.umons.ac.be\/eshs\/fr\/activites-de-recherche\/services-denseignement-et-de-recherche\/service-information-et-communication\/","title":{"rendered":"Service Information et Communication"},"content":{"rendered":"<p data-start=\"106\" data-end=\"309\">Le Service Information et Communication d\u00e9veloppe des activit\u00e9s d\u2019enseignement et de recherche centr\u00e9es sur l\u2019analyse des m\u00e9dias, du journalisme et des pratiques communicationnelles contemporaines.<\/p>\n<p data-start=\"311\" data-end=\"489\">Ses membres interviennent principalement dans le Bachelier en Sciences Humaines et Sociales, o\u00f9 ils assurent des enseignements en communication, journalisme et \u00e9tudes des m\u00e9dias.<\/p>\n<h3 data-section-id=\"1h0bqri\" data-start=\"496\" data-end=\"525\">Programmes d\u2019enseignement<\/h3>\n<p data-start=\"527\" data-end=\"679\"><strong data-start=\"527\" data-end=\"573\">Bachelier en Sciences Humaines et Sociales<\/strong><br data-start=\"573\" data-end=\"576\" \/>Introduction aux th\u00e9ories de la communication, aux pratiques journalistiques et \u00e0 l\u2019analyse des m\u00e9dias.<\/p>\n<h3 data-section-id=\"92tl3x\" data-start=\"686\" data-end=\"714\">Exemples d\u2019enseignements<\/h3>\n<p data-start=\"716\" data-end=\"750\"><strong data-start=\"716\" data-end=\"750\">Fondements de la communication<\/strong><\/p>\n<ul data-start=\"751\" data-end=\"807\">\n<li data-section-id=\"afasqb\" data-start=\"751\" data-end=\"783\">\n<p data-start=\"753\" data-end=\"783\">Th\u00e9ories de la communication<\/p>\n<\/li>\n<li data-section-id=\"18jmqma\" data-start=\"784\" data-end=\"807\">\n<p data-start=\"786\" data-end=\"807\">S\u00e9miologie g\u00e9n\u00e9rale<\/p>\n<\/li>\n<\/ul>\n<p data-start=\"809\" data-end=\"824\"><strong data-start=\"809\" data-end=\"824\">Journalisme<\/strong><\/p>\n<ul data-start=\"825\" data-end=\"884\">\n<li data-section-id=\"1sls11r\" data-start=\"825\" data-end=\"856\">\n<p data-start=\"827\" data-end=\"856\">Introduction au journalisme<\/p>\n<\/li>\n<li data-section-id=\"102hud1\" data-start=\"857\" data-end=\"884\">\n<p data-start=\"859\" data-end=\"884\">Pratique du journalisme<\/p>\n<\/li>\n<\/ul>\n<p data-start=\"886\" data-end=\"907\"><strong data-start=\"886\" data-end=\"907\">M\u00e9dias et soci\u00e9t\u00e9<\/strong><\/p>\n<ul data-start=\"908\" data-end=\"995\">\n<li data-section-id=\"1x2p9jk\" data-start=\"908\" data-end=\"933\">\n<p data-start=\"910\" data-end=\"933\">Sociologie des m\u00e9dias<\/p>\n<\/li>\n<li data-section-id=\"111f2og\" data-start=\"934\" data-end=\"963\">\n<p data-start=\"936\" data-end=\"963\">Socio-\u00e9conomie des m\u00e9dias<\/p>\n<\/li>\n<li data-section-id=\"go4fs8\" data-start=\"964\" data-end=\"995\">\n<p data-start=\"966\" data-end=\"995\">Analyse critique des m\u00e9dias<\/p>\n<\/li>\n<\/ul>\n<p data-start=\"997\" data-end=\"1030\"><strong data-start=\"997\" data-end=\"1030\">Pratiques communicationnelles<\/strong><\/p>\n<ul data-start=\"1031\" data-end=\"1063\">\n<li data-section-id=\"1b2eaqj\" data-start=\"1031\" data-end=\"1063\">\n<p data-start=\"1033\" data-end=\"1063\">Pratique de la communication<\/p>\n<\/li>\n<\/ul>\n<h3 data-section-id=\"1vbxyfh\" data-start=\"1070\" data-end=\"1091\">Axes de recherche<\/h3>\n<p data-start=\"1093\" data-end=\"1235\">Les activit\u00e9s de recherche du service s\u2019articulent autour de plusieurs axes li\u00e9s aux transformations du secteur m\u00e9diatique et du journalisme :<\/p>\n<ul data-start=\"1237\" data-end=\"1459\">\n<li data-section-id=\"1odvcne\" data-start=\"1237\" data-end=\"1323\">\n<p data-start=\"1239\" data-end=\"1323\">Identit\u00e9s professionnelles, carri\u00e8res et conditions de travail dans le journalisme<\/p>\n<\/li>\n<li data-section-id=\"11nyei2\" data-start=\"1324\" data-end=\"1381\">\n<p data-start=\"1326\" data-end=\"1381\">\u00c9volutions du secteur m\u00e9diatique et des organisations<\/p>\n<\/li>\n<li data-section-id=\"jfity0\" data-start=\"1382\" data-end=\"1459\">\n<p data-start=\"1384\" data-end=\"1459\">Transformations, innovations et permanences des pratiques journalistiques<\/p>\n<\/li>\n<\/ul>\n<p data-start=\"1461\" data-end=\"1578\">Le service encadre \u00e9galement plusieurs th\u00e8ses de doctorat et participe activement \u00e0 des collaborations scientifiques.<\/p>\n<h3 data-section-id=\"m6aik7\" data-start=\"1585\" data-end=\"1626\">Une recherche en lien avec le terrain<\/h3>\n<p data-start=\"1628\" data-end=\"1870\">Le service est \u00e9troitement associ\u00e9 au Laboratoire des pratiques et des identit\u00e9s journalistiques (LaPIJ), un espace de recherche interuniversitaire (ULB\u2013UMONS) consacr\u00e9 \u00e0 l\u2019analyse des mutations du journalisme et des m\u00e9tiers de l\u2019information.<\/p>\n<p data-start=\"1872\" data-end=\"1997\">Il d\u00e9veloppe \u00e9galement des collaborations avec diff\u00e9rents partenaires institutionnels et acteurs du secteur m\u00e9diatique belge.<\/p>\n<h3 data-section-id=\"c6541j\" data-start=\"2004\" data-end=\"2014\">\u00c9quipe<\/h3>\n<p data-start=\"2016\" data-end=\"2200\">Le service r\u00e9unit des professeur\u00b7es, charg\u00e9\u00b7es de cours, chercheur\u00b7es, assistant\u00b7es et doctorant\u00b7es engag\u00e9s dans l\u2019\u00e9tude des m\u00e9dias et des pratiques communicationnelles contemporaines.<\/p>\n<p data-start=\"2202\" data-end=\"2220\"><a href=\"https:\/\/web.umons.ac.be\/eshs\/fr\/activites-de-recherche\/service-information-et-communication\/equipe-du-service-information-et-communication\/\">D\u00e9couvrir l\u2019\u00e9quipe<\/a><\/p>\n","protected":false},"excerpt":{"rendered":"<p>Le Service Information et Communication d\u00e9veloppe des activit\u00e9s d\u2019enseignement et de recherche centr\u00e9es sur l\u2019analyse des m\u00e9dias, du journalisme et des pratiques communicationnelles contemporaines. Ses membres interviennent principalement dans le Bachelier en Sciences Humaines et Sociales, o\u00f9 ils assurent des enseignements en communication, journalisme et \u00e9tudes des m\u00e9dias. Programmes d\u2019enseignement Bachelier en Sciences Humaines et [&hellip;]<\/p>\n","protected":false},"author":305,"featured_media":0,"parent":186,"menu_order":0,"comment_status":"closed","ping_status":"closed","template":"","meta":{"footnotes":""},"class_list":["post-2245","page","type-page","status-publish","hentry"],"yoast_head":"<!-- This site is optimized with the Yoast SEO plugin v27.2 - https:\/\/yoast.com\/product\/yoast-seo-wordpress\/ -->\n<title>Service Information et Communication - Ecole \/ ESHS<\/title>\n<meta name=\"robots\" content=\"index, follow, max-snippet:-1, max-image-preview:large, max-video-preview:-1\" \/>\n<link rel=\"canonical\" href=\"https:\/\/web.umons.ac.be\/eshs\/fr\/activites-de-recherche\/services-denseignement-et-de-recherche\/service-information-et-communication\/\" \/>\n<meta property=\"og:locale\" content=\"fr_FR\" \/>\n<meta property=\"og:type\" content=\"article\" \/>\n<meta property=\"og:title\" content=\"Service Information et Communication - Ecole \/ ESHS\" \/>\n<meta property=\"og:description\" content=\"Le Service Information et Communication d\u00e9veloppe des activit\u00e9s d\u2019enseignement et de recherche centr\u00e9es sur l\u2019analyse des m\u00e9dias, du journalisme et des pratiques communicationnelles contemporaines. Ses membres interviennent principalement dans le Bachelier en Sciences Humaines et Sociales, o\u00f9 ils assurent des enseignements en communication, journalisme et \u00e9tudes des m\u00e9dias. Programmes d\u2019enseignement Bachelier en Sciences Humaines et [&hellip;]\" \/>\n<meta property=\"og:url\" content=\"https:\/\/web.umons.ac.be\/eshs\/fr\/activites-de-recherche\/services-denseignement-et-de-recherche\/service-information-et-communication\/\" \/>\n<meta property=\"og:site_name\" content=\"Ecole \/ ESHS\" \/>\n<meta property=\"article:modified_time\" content=\"2026-03-31T12:42:18+00:00\" \/>\n<meta name=\"twitter:card\" content=\"summary_large_image\" \/>\n<meta name=\"twitter:label1\" content=\"Dur\u00e9e de lecture estim\u00e9e\" \/>\n\t<meta name=\"twitter:data1\" content=\"2 minutes\" \/>\n<script type=\"application\/ld+json\" class=\"yoast-schema-graph\">{\"@context\":\"https:\/\/schema.org\",\"@graph\":[{\"@type\":\"WebPage\",\"@id\":\"https:\/\/web.umons.ac.be\/eshs\/fr\/activites-de-recherche\/services-denseignement-et-de-recherche\/service-information-et-communication\/\",\"url\":\"https:\/\/web.umons.ac.be\/eshs\/fr\/activites-de-recherche\/services-denseignement-et-de-recherche\/service-information-et-communication\/\",\"name\":\"Service Information et Communication - Ecole \/ ESHS\",\"isPartOf\":{\"@id\":\"https:\/\/web.umons.ac.be\/eshs\/#website\"},\"datePublished\":\"2026-03-18T12:35:08+00:00\",\"dateModified\":\"2026-03-31T12:42:18+00:00\",\"breadcrumb\":{\"@id\":\"https:\/\/web.umons.ac.be\/eshs\/fr\/activites-de-recherche\/services-denseignement-et-de-recherche\/service-information-et-communication\/#breadcrumb\"},\"inLanguage\":\"fr-FR\",\"potentialAction\":[{\"@type\":\"ReadAction\",\"target\":[\"https:\/\/web.umons.ac.be\/eshs\/fr\/activites-de-recherche\/services-denseignement-et-de-recherche\/service-information-et-communication\/\"]}]},{\"@type\":\"BreadcrumbList\",\"@id\":\"https:\/\/web.umons.ac.be\/eshs\/fr\/activites-de-recherche\/services-denseignement-et-de-recherche\/service-information-et-communication\/#breadcrumb\",\"itemListElement\":[{\"@type\":\"ListItem\",\"position\":1,\"name\":\"Accueil\",\"item\":\"https:\/\/web.umons.ac.be\/eshs\/fr\/\"},{\"@type\":\"ListItem\",\"position\":2,\"name\":\"Activit\u00e9s de recherche\",\"item\":\"https:\/\/web.umons.ac.be\/eshs\/fr\/activites-de-recherche\/\"},{\"@type\":\"ListItem\",\"position\":3,\"name\":\"Services d\u2019enseignement et de recherche\",\"item\":\"https:\/\/web.umons.ac.be\/eshs\/fr\/activites-de-recherche\/services-denseignement-et-de-recherche\/\"},{\"@type\":\"ListItem\",\"position\":4,\"name\":\"Service Information et Communication\"}]},{\"@type\":\"WebSite\",\"@id\":\"https:\/\/web.umons.ac.be\/eshs\/#website\",\"url\":\"https:\/\/web.umons.ac.be\/eshs\/\",\"name\":\"Ecole \/ ESHS\",\"description\":\"\",\"potentialAction\":[{\"@type\":\"SearchAction\",\"target\":{\"@type\":\"EntryPoint\",\"urlTemplate\":\"https:\/\/web.umons.ac.be\/eshs\/?s={search_term_string}\"},\"query-input\":{\"@type\":\"PropertyValueSpecification\",\"valueRequired\":true,\"valueName\":\"search_term_string\"}}],\"inLanguage\":\"fr-FR\"}]}<\/script>\n<!-- \/ Yoast SEO plugin. -->","yoast_head_json":{"title":"Service Information et Communication - Ecole \/ ESHS","robots":{"index":"index","follow":"follow","max-snippet":"max-snippet:-1","max-image-preview":"max-image-preview:large","max-video-preview":"max-video-preview:-1"},"canonical":"https:\/\/web.umons.ac.be\/eshs\/fr\/activites-de-recherche\/services-denseignement-et-de-recherche\/service-information-et-communication\/","og_locale":"fr_FR","og_type":"article","og_title":"Service Information et Communication - Ecole \/ ESHS","og_description":"Le Service Information et Communication d\u00e9veloppe des activit\u00e9s d\u2019enseignement et de recherche centr\u00e9es sur l\u2019analyse des m\u00e9dias, du journalisme et des pratiques communicationnelles contemporaines. Ses membres interviennent principalement dans le Bachelier en Sciences Humaines et Sociales, o\u00f9 ils assurent des enseignements en communication, journalisme et \u00e9tudes des m\u00e9dias. Programmes d\u2019enseignement Bachelier en Sciences Humaines et [&hellip;]","og_url":"https:\/\/web.umons.ac.be\/eshs\/fr\/activites-de-recherche\/services-denseignement-et-de-recherche\/service-information-et-communication\/","og_site_name":"Ecole \/ ESHS","article_modified_time":"2026-03-31T12:42:18+00:00","twitter_card":"summary_large_image","twitter_misc":{"Dur\u00e9e de lecture estim\u00e9e":"2 minutes"},"schema":{"@context":"https:\/\/schema.org","@graph":[{"@type":"WebPage","@id":"https:\/\/web.umons.ac.be\/eshs\/fr\/activites-de-recherche\/services-denseignement-et-de-recherche\/service-information-et-communication\/","url":"https:\/\/web.umons.ac.be\/eshs\/fr\/activites-de-recherche\/services-denseignement-et-de-recherche\/service-information-et-communication\/","name":"Service Information et Communication - Ecole \/ ESHS","isPartOf":{"@id":"https:\/\/web.umons.ac.be\/eshs\/#website"},"datePublished":"2026-03-18T12:35:08+00:00","dateModified":"2026-03-31T12:42:18+00:00","breadcrumb":{"@id":"https:\/\/web.umons.ac.be\/eshs\/fr\/activites-de-recherche\/services-denseignement-et-de-recherche\/service-information-et-communication\/#breadcrumb"},"inLanguage":"fr-FR","potentialAction":[{"@type":"ReadAction","target":["https:\/\/web.umons.ac.be\/eshs\/fr\/activites-de-recherche\/services-denseignement-et-de-recherche\/service-information-et-communication\/"]}]},{"@type":"BreadcrumbList","@id":"https:\/\/web.umons.ac.be\/eshs\/fr\/activites-de-recherche\/services-denseignement-et-de-recherche\/service-information-et-communication\/#breadcrumb","itemListElement":[{"@type":"ListItem","position":1,"name":"Accueil","item":"https:\/\/web.umons.ac.be\/eshs\/fr\/"},{"@type":"ListItem","position":2,"name":"Activit\u00e9s de recherche","item":"https:\/\/web.umons.ac.be\/eshs\/fr\/activites-de-recherche\/"},{"@type":"ListItem","position":3,"name":"Services d\u2019enseignement et de recherche","item":"https:\/\/web.umons.ac.be\/eshs\/fr\/activites-de-recherche\/services-denseignement-et-de-recherche\/"},{"@type":"ListItem","position":4,"name":"Service Information et Communication"}]},{"@type":"WebSite","@id":"https:\/\/web.umons.ac.be\/eshs\/#website","url":"https:\/\/web.umons.ac.be\/eshs\/","name":"Ecole \/ ESHS","description":"","potentialAction":[{"@type":"SearchAction","target":{"@type":"EntryPoint","urlTemplate":"https:\/\/web.umons.ac.be\/eshs\/?s={search_term_string}"},"query-input":{"@type":"PropertyValueSpecification","valueRequired":true,"valueName":"search_term_string"}}],"inLanguage":"fr-FR"}]}},"lang":"fr","translations":{"fr":2245},"pll_sync_post":[],"_links":{"self":[{"href":"https:\/\/web.umons.ac.be\/eshs\/wp-json\/wp\/v2\/pages\/2245","targetHints":{"allow":["GET"]}}],"collection":[{"href":"https:\/\/web.umons.ac.be\/eshs\/wp-json\/wp\/v2\/pages"}],"about":[{"href":"https:\/\/web.umons.ac.be\/eshs\/wp-json\/wp\/v2\/types\/page"}],"author":[{"embeddable":true,"href":"https:\/\/web.umons.ac.be\/eshs\/wp-json\/wp\/v2\/users\/305"}],"replies":[{"embeddable":true,"href":"https:\/\/web.umons.ac.be\/eshs\/wp-json\/wp\/v2\/comments?post=2245"}],"version-history":[{"count":2,"href":"https:\/\/web.umons.ac.be\/eshs\/wp-json\/wp\/v2\/pages\/2245\/revisions"}],"predecessor-version":[{"id":2264,"href":"https:\/\/web.umons.ac.be\/eshs\/wp-json\/wp\/v2\/pages\/2245\/revisions\/2264"}],"up":[{"embeddable":true,"href":"https:\/\/web.umons.ac.be\/eshs\/wp-json\/wp\/v2\/pages\/186"}],"wp:attachment":[{"href":"https:\/\/web.umons.ac.be\/eshs\/wp-json\/wp\/v2\/media?parent=2245"}],"curies":[{"name":"wp","href":"https:\/\/api.w.org\/{rel}","templated":true}]}}