{"id":581,"date":"2018-11-21T16:12:28","date_gmt":"2018-11-21T15:12:28","guid":{"rendered":"https:\/\/web.umons.ac.be\/eshs\/?page_id=581"},"modified":"2025-11-20T13:46:42","modified_gmt":"2025-11-20T12:46:42","slug":"reprise-detudes","status":"publish","type":"page","link":"https:\/\/web.umons.ac.be\/eshs\/fr\/reprise-detudes\/","title":{"rendered":"Reprise d&rsquo;\u00e9tudes"},"content":{"rendered":"<header class=\"page-single-header scheme-fau\"><\/header>\n<div class=\"page-single-content\">\n<div class=\"primary editor-front scheme-fau\">\n<p>L\u2019\u00c9cole des Sciences Humaines et Sociales (ESHS) accueille \u00e9galement des personnes souhaitant reprendre leur parcours acad\u00e9mique, que ce soit pour d\u00e9velopper de nouvelles comp\u00e9tences ou faire \u00e9voluer leur carri\u00e8re. Elle s\u2019inscrit dans une perspective d\u2019<strong data-start=\"365\" data-end=\"405\">apprentissage tout au long de la vie<\/strong>, en proposant des formations accessibles \u00e0 un public d\u00e9j\u00e0 engag\u00e9 dans la vie professionnelle.<\/p>\n<p data-start=\"489\" data-end=\"609\">L\u2019ESHS propose un <strong data-start=\"507\" data-end=\"607\">programme de formation continue menant \u00e0 un dipl\u00f4me reconnu par la F\u00e9d\u00e9ration Wallonie-Bruxelles<\/strong> :<\/p>\n<ul data-start=\"611\" data-end=\"660\">\n<li data-start=\"611\" data-end=\"660\">\n<p data-start=\"613\" data-end=\"660\"><strong data-start=\"613\" data-end=\"660\">Master de sp\u00e9cialisation en \u00c9tudes de genre<\/strong><\/p>\n<\/li>\n<\/ul>\n<start-cask-shortcode-wrapper><article class=\"shortcode-training training-small content-block scheme-eshs\">\n\t<a href=\"https:\/\/web.umons.ac.be\/eshs\/fr\/formations\/ms-genres\/\" class=\"training-link scheme-border-hover\">\n\t\t<header class=\"training-small-header\">\n\t\t\t<div class=\"training-small-entity scheme-color\">\n\t\t\t\tEcole \/ ESHS\t\t\t\t\t           \t<img decoding=\"async\" src=\"https:\/\/web.umons.ac.be\/app\/uploads\/sites\/8\/2017\/05\/ESHS.png\" class=\"training-small-entity-logo\" alt=\"Ic\u00f4ne de Ecole \/ ESHS\">\n\t        \t\t\t\t<\/div>\n\t\t\t<div class=\"training-small-degree\">\n\t\t\t\tMaster de sp\u00e9cialisation en\t\t\t<\/div>\n\n\t\t\t<h1 class=\"training-small-title\">Etudes de Genre<\/h1>\n\n\t\t\t\t\t<\/header>\n\t\t\t\t<div class=\"training-small-content\">\n\t\t\t<div class=\"training-small-location\">\n\t\t\t\t<span class=\"icon umons-icon-pin\" aria-hidden=\"true\"><\/span>\n\t\t\t\t<span class=\"location\">Bruxelles<\/span>\n\t\t\t<\/div>\n\n\t\t\t\t\t\t<div class=\"training-small-side-info\">\n\t\t\t\t<ul class=\"training-small-side-info-list\">\n\t\t\t\t\t\t\t\t\t\t<li>\n\t\t\t\t\t\t<div class=\"training-single-schedule\">\n\t\t\t\t\t\t\t<div class=\"label\">Horaire<\/div>\n\t\t\t\t\t\t\t<div class=\"value\">Horaire de jour<\/div>\n\t\t\t\t\t\t<\/div>\n\t\t\t\t\t<\/li>\n\t\t\t\t\t\t\t\t\t\t\t\t\t\t\t<li>\n\t\t\t\t\t\t<div class=\"training-single-credits\">\n\t\t\t\t\t\t\t<div class=\"label\">Cr\u00e9dits ECTS<\/div>\n\t\t\t\t\t\t\t<div class=\"value\">60<\/div>\n\t\t\t\t\t\t<\/div>\n\t\t\t\t\t<\/li>\n\t\t\t\t\t\t\t\t\t\t\t\t\t\t\t<li>\n\t\t\t\t\t\t<div class=\"training-single-languages\">\n\t\t\t\t\t\t\t<div class=\"label\">Langue<\/div>\n\t\t\t\t\t\t\t<div class=\"value\">\n\t\t\t\t\t\t\t\t<span class=\"lang\">Fran\u00e7ais<\/span>\n\t\t\t\t\t\t\t<\/div>\n\t\t\t\t\t\t<\/div>\n\t\t\t\t\t<\/li>\n\t\t\t\t\t\t\t\t\t<\/ul>\n\t\t\t<\/div>\n\t\t\t\t\t<\/div>\n\t\t\t<\/a>\n<\/article>\n<end-cask-shortcode-wrapper>\n<p data-start=\"662\" data-end=\"853\">Ce programme est con\u00e7u pour favoriser la conciliation entre la formation, la vie professionnelle et les responsabilit\u00e9s personnelles. Il offre notamment des am\u00e9nagements possibles, tels que :<\/p>\n<ul data-start=\"854\" data-end=\"928\">\n<li data-start=\"854\" data-end=\"889\">\n<p data-start=\"856\" data-end=\"889\">une organisation horaire adapt\u00e9e,<\/p>\n<\/li>\n<li data-start=\"890\" data-end=\"928\">\n<p data-start=\"892\" data-end=\"928\">un \u00e9talement de la dur\u00e9e des \u00e9tudes.<\/p>\n<\/li>\n<\/ul>\n<h3 data-start=\"935\" data-end=\"983\">Formations p\u00e9dagogiques organis\u00e9es \u00e0 l\u2019UMONS<\/h3>\n<p data-start=\"985\" data-end=\"1168\">\u00c0 l\u2019UMONS, l\u2019organisation des formations menant \u00e0 un <strong data-start=\"1038\" data-end=\"1059\">titre p\u00e9dagogique<\/strong> (<a href=\"https:\/\/web.umons.ac.be\/efe\/fr\/enseignement-maternel-primaire-secondaire\/\" target=\"_blank\" rel=\"noopener\">Master en Enseignement &#8211; Section 5<\/a>, <a href=\"https:\/\/web.umons.ac.be\/efe\/fr\/capaes\/\" target=\"_blank\" rel=\"noopener\">CAPAES<\/a>) est assur\u00e9e par <a href=\"https:\/\/web.umons.ac.be\/efe\/fr\/\" target=\"_blank\" rel=\"noopener\"><strong data-start=\"1121\" data-end=\"1167\">l\u2019\u00c9cole de Formation des Enseignants (EFE)<\/strong><\/a>.<\/p>\n<p data-start=\"1170\" data-end=\"1271\"><strong data-start=\"1170\" data-end=\"1214\">\u00c9cole de Formation des Enseignants (EFE)<\/strong><br data-start=\"1214\" data-end=\"1217\" \/>Place Warocqu\u00e9, 17<br data-start=\"1235\" data-end=\"1238\" \/>7000 Mons<br data-start=\"1247\" data-end=\"1250\" \/>+32 (0) 65 37 32 29<\/p>\n<p data-start=\"1273\" data-end=\"1366\"><strong data-start=\"1273\" data-end=\"1293\">Patricia LAURENT<\/strong><br data-start=\"1293\" data-end=\"1296\" \/>Responsable du secr\u00e9tariat des \u00e9tudes<br data-start=\"1333\" data-end=\"1336\" \/><a class=\"decorated-link cursor-pointer\" href=\"mailto:patricia.laurent@umons.ac.be\" rel=\"noopener\" data-start=\"1336\" data-end=\"1364\">patricia.laurent@umons.ac.be<\/a><\/p>\n<\/div>\n<\/div>\n","protected":false},"excerpt":{"rendered":"<p>L\u2019\u00c9cole des Sciences Humaines et Sociales (ESHS) accueille \u00e9galement des personnes souhaitant reprendre leur parcours acad\u00e9mique, que ce soit pour d\u00e9velopper de nouvelles comp\u00e9tences ou faire \u00e9voluer leur carri\u00e8re. Elle s\u2019inscrit dans une perspective d\u2019apprentissage tout au long de la vie, en proposant des formations accessibles \u00e0 un public d\u00e9j\u00e0 engag\u00e9 dans la vie professionnelle. [&hellip;]<\/p>\n","protected":false},"author":2,"featured_media":0,"parent":0,"menu_order":0,"comment_status":"closed","ping_status":"closed","template":"","meta":{"footnotes":""},"class_list":["post-581","page","type-page","status-publish","hentry"],"yoast_head":"<!-- This site is optimized with the Yoast SEO plugin v27.2 - https:\/\/yoast.com\/product\/yoast-seo-wordpress\/ -->\n<title>Reprise d&#039;\u00e9tudes - Ecole \/ ESHS<\/title>\n<meta name=\"robots\" content=\"index, follow, max-snippet:-1, max-image-preview:large, max-video-preview:-1\" \/>\n<link rel=\"canonical\" href=\"https:\/\/web.umons.ac.be\/eshs\/fr\/reprise-detudes\/\" \/>\n<meta property=\"og:locale\" content=\"fr_FR\" \/>\n<meta property=\"og:type\" content=\"article\" \/>\n<meta property=\"og:title\" content=\"Reprise d&#039;\u00e9tudes - Ecole \/ ESHS\" \/>\n<meta property=\"og:description\" content=\"L\u2019\u00c9cole des Sciences Humaines et Sociales (ESHS) accueille \u00e9galement des personnes souhaitant reprendre leur parcours acad\u00e9mique, que ce soit pour d\u00e9velopper de nouvelles comp\u00e9tences ou faire \u00e9voluer leur carri\u00e8re. Elle s\u2019inscrit dans une perspective d\u2019apprentissage tout au long de la vie, en proposant des formations accessibles \u00e0 un public d\u00e9j\u00e0 engag\u00e9 dans la vie professionnelle. [&hellip;]\" \/>\n<meta property=\"og:url\" content=\"https:\/\/web.umons.ac.be\/eshs\/fr\/reprise-detudes\/\" \/>\n<meta property=\"og:site_name\" content=\"Ecole \/ ESHS\" \/>\n<meta property=\"article:modified_time\" content=\"2025-11-20T12:46:42+00:00\" \/>\n<meta name=\"twitter:card\" content=\"summary_large_image\" \/>\n<meta name=\"twitter:label1\" content=\"Dur\u00e9e de lecture estim\u00e9e\" \/>\n\t<meta name=\"twitter:data1\" content=\"1 minute\" \/>\n<script type=\"application\/ld+json\" class=\"yoast-schema-graph\">{\"@context\":\"https:\/\/schema.org\",\"@graph\":[{\"@type\":\"WebPage\",\"@id\":\"https:\/\/web.umons.ac.be\/eshs\/fr\/reprise-detudes\/\",\"url\":\"https:\/\/web.umons.ac.be\/eshs\/fr\/reprise-detudes\/\",\"name\":\"Reprise d'\u00e9tudes - Ecole \/ ESHS\",\"isPartOf\":{\"@id\":\"https:\/\/web.umons.ac.be\/eshs\/#website\"},\"datePublished\":\"2018-11-21T15:12:28+00:00\",\"dateModified\":\"2025-11-20T12:46:42+00:00\",\"breadcrumb\":{\"@id\":\"https:\/\/web.umons.ac.be\/eshs\/fr\/reprise-detudes\/#breadcrumb\"},\"inLanguage\":\"fr-FR\",\"potentialAction\":[{\"@type\":\"ReadAction\",\"target\":[\"https:\/\/web.umons.ac.be\/eshs\/fr\/reprise-detudes\/\"]}]},{\"@type\":\"BreadcrumbList\",\"@id\":\"https:\/\/web.umons.ac.be\/eshs\/fr\/reprise-detudes\/#breadcrumb\",\"itemListElement\":[{\"@type\":\"ListItem\",\"position\":1,\"name\":\"Accueil\",\"item\":\"https:\/\/web.umons.ac.be\/eshs\/fr\/\"},{\"@type\":\"ListItem\",\"position\":2,\"name\":\"Reprise d&rsquo;\u00e9tudes\"}]},{\"@type\":\"WebSite\",\"@id\":\"https:\/\/web.umons.ac.be\/eshs\/#website\",\"url\":\"https:\/\/web.umons.ac.be\/eshs\/\",\"name\":\"Ecole \/ ESHS\",\"description\":\"\",\"potentialAction\":[{\"@type\":\"SearchAction\",\"target\":{\"@type\":\"EntryPoint\",\"urlTemplate\":\"https:\/\/web.umons.ac.be\/eshs\/?s={search_term_string}\"},\"query-input\":{\"@type\":\"PropertyValueSpecification\",\"valueRequired\":true,\"valueName\":\"search_term_string\"}}],\"inLanguage\":\"fr-FR\"}]}<\/script>\n<!-- \/ Yoast SEO plugin. -->","yoast_head_json":{"title":"Reprise d'\u00e9tudes - Ecole \/ ESHS","robots":{"index":"index","follow":"follow","max-snippet":"max-snippet:-1","max-image-preview":"max-image-preview:large","max-video-preview":"max-video-preview:-1"},"canonical":"https:\/\/web.umons.ac.be\/eshs\/fr\/reprise-detudes\/","og_locale":"fr_FR","og_type":"article","og_title":"Reprise d'\u00e9tudes - Ecole \/ ESHS","og_description":"L\u2019\u00c9cole des Sciences Humaines et Sociales (ESHS) accueille \u00e9galement des personnes souhaitant reprendre leur parcours acad\u00e9mique, que ce soit pour d\u00e9velopper de nouvelles comp\u00e9tences ou faire \u00e9voluer leur carri\u00e8re. Elle s\u2019inscrit dans une perspective d\u2019apprentissage tout au long de la vie, en proposant des formations accessibles \u00e0 un public d\u00e9j\u00e0 engag\u00e9 dans la vie professionnelle. [&hellip;]","og_url":"https:\/\/web.umons.ac.be\/eshs\/fr\/reprise-detudes\/","og_site_name":"Ecole \/ ESHS","article_modified_time":"2025-11-20T12:46:42+00:00","twitter_card":"summary_large_image","twitter_misc":{"Dur\u00e9e de lecture estim\u00e9e":"1 minute"},"schema":{"@context":"https:\/\/schema.org","@graph":[{"@type":"WebPage","@id":"https:\/\/web.umons.ac.be\/eshs\/fr\/reprise-detudes\/","url":"https:\/\/web.umons.ac.be\/eshs\/fr\/reprise-detudes\/","name":"Reprise d'\u00e9tudes - Ecole \/ ESHS","isPartOf":{"@id":"https:\/\/web.umons.ac.be\/eshs\/#website"},"datePublished":"2018-11-21T15:12:28+00:00","dateModified":"2025-11-20T12:46:42+00:00","breadcrumb":{"@id":"https:\/\/web.umons.ac.be\/eshs\/fr\/reprise-detudes\/#breadcrumb"},"inLanguage":"fr-FR","potentialAction":[{"@type":"ReadAction","target":["https:\/\/web.umons.ac.be\/eshs\/fr\/reprise-detudes\/"]}]},{"@type":"BreadcrumbList","@id":"https:\/\/web.umons.ac.be\/eshs\/fr\/reprise-detudes\/#breadcrumb","itemListElement":[{"@type":"ListItem","position":1,"name":"Accueil","item":"https:\/\/web.umons.ac.be\/eshs\/fr\/"},{"@type":"ListItem","position":2,"name":"Reprise d&rsquo;\u00e9tudes"}]},{"@type":"WebSite","@id":"https:\/\/web.umons.ac.be\/eshs\/#website","url":"https:\/\/web.umons.ac.be\/eshs\/","name":"Ecole \/ ESHS","description":"","potentialAction":[{"@type":"SearchAction","target":{"@type":"EntryPoint","urlTemplate":"https:\/\/web.umons.ac.be\/eshs\/?s={search_term_string}"},"query-input":{"@type":"PropertyValueSpecification","valueRequired":true,"valueName":"search_term_string"}}],"inLanguage":"fr-FR"}]}},"lang":"fr","translations":{"fr":581},"pll_sync_post":[],"_links":{"self":[{"href":"https:\/\/web.umons.ac.be\/eshs\/wp-json\/wp\/v2\/pages\/581","targetHints":{"allow":["GET"]}}],"collection":[{"href":"https:\/\/web.umons.ac.be\/eshs\/wp-json\/wp\/v2\/pages"}],"about":[{"href":"https:\/\/web.umons.ac.be\/eshs\/wp-json\/wp\/v2\/types\/page"}],"author":[{"embeddable":true,"href":"https:\/\/web.umons.ac.be\/eshs\/wp-json\/wp\/v2\/users\/2"}],"replies":[{"embeddable":true,"href":"https:\/\/web.umons.ac.be\/eshs\/wp-json\/wp\/v2\/comments?post=581"}],"version-history":[{"count":3,"href":"https:\/\/web.umons.ac.be\/eshs\/wp-json\/wp\/v2\/pages\/581\/revisions"}],"predecessor-version":[{"id":2005,"href":"https:\/\/web.umons.ac.be\/eshs\/wp-json\/wp\/v2\/pages\/581\/revisions\/2005"}],"wp:attachment":[{"href":"https:\/\/web.umons.ac.be\/eshs\/wp-json\/wp\/v2\/media?parent=581"}],"curies":[{"name":"wp","href":"https:\/\/api.w.org\/{rel}","templated":true}]}}