{"id":15,"date":"2021-11-04T12:14:27","date_gmt":"2021-11-04T11:14:27","guid":{"rendered":"https:\/\/web.umons.ac.be\/evol\/activites-de-recherche\/"},"modified":"2021-11-04T12:24:28","modified_gmt":"2021-11-04T11:24:28","slug":"activites-de-recherche","status":"publish","type":"page","link":"https:\/\/web.umons.ac.be\/evol\/activites-de-recherche\/","title":{"rendered":"Activit\u00e9s de recherche"},"content":{"rendered":"<p>Activit\u00e9s de recherche principales du service: g\u00e9nie logiciel, \u00e9cosyst\u00e8mes logiciels, analyses empiriques, evolution logicielle, qualit\u00e9 logicielle, syst\u00e8mes open source, mod\u00e9lisation logicielle, r\u00e9seaux socio-techniques<\/p>\n<hr \/>\n<p>Notre service est, par ailleurs rattach\u00e9 \u00e0 un institut de recherche de l\u2019UMONS :<\/p>\n<start-cask-shortcode-wrapper>\t\t<div class=\"associated-institutes content-block scheme-fs\">\n\t\t\t<ul class=\"institutes-list\">\n\t\t\t\t\t\t\t\t\t\t<li>\n\t\t\t\t\t\t\t<a href=\"https:\/\/web.umons.ac.be\/complexys\" title=\"Go to the website of: Institut \/ Complexys\" class=\"associated-institute\">\n\t\t\t\t\t\t\t\t<img loading=\"lazy\" decoding=\"async\" width=\"1\" height=\"1\" src=\"https:\/\/web.umons.ac.be\/app\/uploads\/sites\/31\/2017\/11\/complexys_logo_fr.svg\" class=\"attachment-thumbnail size-thumbnail\" alt=\"\" \/>\t\t\t\t\t\t\t<\/a>\t\t\t\n\t\t\t\t\t\t<\/li>\n\t\t\t\t\t\t\t\t\t\t<li>\n\t\t\t\t\t\t\t<a href=\"https:\/\/web.umons.ac.be\/infortech\" title=\"Go to the website of: Institut \/ Infortech\" class=\"associated-institute\">\n\t\t\t\t\t\t\t\t<img loading=\"lazy\" decoding=\"async\" width=\"1\" height=\"1\" src=\"https:\/\/web.umons.ac.be\/app\/uploads\/sites\/34\/2017\/12\/infortech_logo_fr.svg\" class=\"attachment-thumbnail size-thumbnail\" alt=\"\" \/>\t\t\t\t\t\t\t<\/a>\t\t\t\n\t\t\t\t\t\t<\/li>\n\t\t\t\t\t\t\t<\/ul>\n\t\t<\/div>\n <end-cask-shortcode-wrapper>\n","protected":false},"excerpt":{"rendered":"<p>Activit\u00e9s de recherche principales du service: g\u00e9nie logiciel, \u00e9cosyst\u00e8mes logiciels, analyses empiriques, evolution logicielle, qualit\u00e9 logicielle, syst\u00e8mes open source, mod\u00e9lisation logicielle, r\u00e9seaux socio-techniques Notre service est, par ailleurs rattach\u00e9 \u00e0 un institut de recherche de l\u2019UMONS :<\/p>\n","protected":false},"author":4,"featured_media":0,"parent":0,"menu_order":0,"comment_status":"closed","ping_status":"closed","template":"","meta":{"footnotes":""},"class_list":["post-15","page","type-page","status-publish","hentry"],"yoast_head":"<!-- This site is optimized with the Yoast SEO plugin v27.2 - https:\/\/yoast.com\/product\/yoast-seo-wordpress\/ -->\n<title>Activit\u00e9s de recherche - Service \/ FS - Software Engineering Lab<\/title>\n<meta name=\"robots\" content=\"index, follow, max-snippet:-1, max-image-preview:large, max-video-preview:-1\" \/>\n<link rel=\"canonical\" href=\"https:\/\/web.umons.ac.be\/evol\/activites-de-recherche\/\" \/>\n<meta property=\"og:locale\" content=\"en_GB\" \/>\n<meta property=\"og:type\" content=\"article\" \/>\n<meta property=\"og:title\" content=\"Activit\u00e9s de recherche - Service \/ FS - Software Engineering Lab\" \/>\n<meta property=\"og:description\" content=\"Activit\u00e9s de recherche principales du service: g\u00e9nie logiciel, \u00e9cosyst\u00e8mes logiciels, analyses empiriques, evolution logicielle, qualit\u00e9 logicielle, syst\u00e8mes open source, mod\u00e9lisation logicielle, r\u00e9seaux socio-techniques Notre service est, par ailleurs rattach\u00e9 \u00e0 un institut de recherche de l\u2019UMONS :\" \/>\n<meta property=\"og:url\" content=\"https:\/\/web.umons.ac.be\/evol\/activites-de-recherche\/\" \/>\n<meta property=\"og:site_name\" content=\"Service \/ FS - Software Engineering Lab\" \/>\n<meta property=\"article:modified_time\" content=\"2021-11-04T11:24:28+00:00\" \/>\n<meta name=\"twitter:card\" content=\"summary_large_image\" \/>\n<meta name=\"twitter:label1\" content=\"Estimated reading time\" \/>\n\t<meta name=\"twitter:data1\" content=\"1 minute\" \/>\n<script type=\"application\/ld+json\" class=\"yoast-schema-graph\">{\"@context\":\"https:\/\/schema.org\",\"@graph\":[{\"@type\":\"WebPage\",\"@id\":\"https:\/\/web.umons.ac.be\/evol\/activites-de-recherche\/\",\"url\":\"https:\/\/web.umons.ac.be\/evol\/activites-de-recherche\/\",\"name\":\"Activit\u00e9s de recherche - Service \/ FS - Software Engineering Lab\",\"isPartOf\":{\"@id\":\"https:\/\/web.umons.ac.be\/evol\/#website\"},\"datePublished\":\"2021-11-04T11:14:27+00:00\",\"dateModified\":\"2021-11-04T11:24:28+00:00\",\"breadcrumb\":{\"@id\":\"https:\/\/web.umons.ac.be\/evol\/activites-de-recherche\/#breadcrumb\"},\"inLanguage\":\"en-GB\",\"potentialAction\":[{\"@type\":\"ReadAction\",\"target\":[\"https:\/\/web.umons.ac.be\/evol\/activites-de-recherche\/\"]}]},{\"@type\":\"BreadcrumbList\",\"@id\":\"https:\/\/web.umons.ac.be\/evol\/activites-de-recherche\/#breadcrumb\",\"itemListElement\":[{\"@type\":\"ListItem\",\"position\":1,\"name\":\"Home\",\"item\":\"https:\/\/web.umons.ac.be\/evol\/\"},{\"@type\":\"ListItem\",\"position\":2,\"name\":\"Activit\u00e9s de recherche\"}]},{\"@type\":\"WebSite\",\"@id\":\"https:\/\/web.umons.ac.be\/evol\/#website\",\"url\":\"https:\/\/web.umons.ac.be\/evol\/\",\"name\":\"Service \/ FS - Software Engineering Lab\",\"description\":\"\",\"potentialAction\":[{\"@type\":\"SearchAction\",\"target\":{\"@type\":\"EntryPoint\",\"urlTemplate\":\"https:\/\/web.umons.ac.be\/evol\/?s={search_term_string}\"},\"query-input\":{\"@type\":\"PropertyValueSpecification\",\"valueRequired\":true,\"valueName\":\"search_term_string\"}}],\"inLanguage\":\"en-GB\"}]}<\/script>\n<!-- \/ Yoast SEO plugin. -->","yoast_head_json":{"title":"Activit\u00e9s de recherche - Service \/ FS - Software Engineering Lab","robots":{"index":"index","follow":"follow","max-snippet":"max-snippet:-1","max-image-preview":"max-image-preview:large","max-video-preview":"max-video-preview:-1"},"canonical":"https:\/\/web.umons.ac.be\/evol\/activites-de-recherche\/","og_locale":"en_GB","og_type":"article","og_title":"Activit\u00e9s de recherche - Service \/ FS - Software Engineering Lab","og_description":"Activit\u00e9s de recherche principales du service: g\u00e9nie logiciel, \u00e9cosyst\u00e8mes logiciels, analyses empiriques, evolution logicielle, qualit\u00e9 logicielle, syst\u00e8mes open source, mod\u00e9lisation logicielle, r\u00e9seaux socio-techniques Notre service est, par ailleurs rattach\u00e9 \u00e0 un institut de recherche de l\u2019UMONS :","og_url":"https:\/\/web.umons.ac.be\/evol\/activites-de-recherche\/","og_site_name":"Service \/ FS - Software Engineering Lab","article_modified_time":"2021-11-04T11:24:28+00:00","twitter_card":"summary_large_image","twitter_misc":{"Estimated reading time":"1 minute"},"schema":{"@context":"https:\/\/schema.org","@graph":[{"@type":"WebPage","@id":"https:\/\/web.umons.ac.be\/evol\/activites-de-recherche\/","url":"https:\/\/web.umons.ac.be\/evol\/activites-de-recherche\/","name":"Activit\u00e9s de recherche - Service \/ FS - Software Engineering Lab","isPartOf":{"@id":"https:\/\/web.umons.ac.be\/evol\/#website"},"datePublished":"2021-11-04T11:14:27+00:00","dateModified":"2021-11-04T11:24:28+00:00","breadcrumb":{"@id":"https:\/\/web.umons.ac.be\/evol\/activites-de-recherche\/#breadcrumb"},"inLanguage":"en-GB","potentialAction":[{"@type":"ReadAction","target":["https:\/\/web.umons.ac.be\/evol\/activites-de-recherche\/"]}]},{"@type":"BreadcrumbList","@id":"https:\/\/web.umons.ac.be\/evol\/activites-de-recherche\/#breadcrumb","itemListElement":[{"@type":"ListItem","position":1,"name":"Home","item":"https:\/\/web.umons.ac.be\/evol\/"},{"@type":"ListItem","position":2,"name":"Activit\u00e9s de recherche"}]},{"@type":"WebSite","@id":"https:\/\/web.umons.ac.be\/evol\/#website","url":"https:\/\/web.umons.ac.be\/evol\/","name":"Service \/ FS - Software Engineering Lab","description":"","potentialAction":[{"@type":"SearchAction","target":{"@type":"EntryPoint","urlTemplate":"https:\/\/web.umons.ac.be\/evol\/?s={search_term_string}"},"query-input":{"@type":"PropertyValueSpecification","valueRequired":true,"valueName":"search_term_string"}}],"inLanguage":"en-GB"}]}},"lang":"fr","translations":{"fr":15,"en":17},"pll_sync_post":[],"_links":{"self":[{"href":"https:\/\/web.umons.ac.be\/evol\/wp-json\/wp\/v2\/pages\/15","targetHints":{"allow":["GET"]}}],"collection":[{"href":"https:\/\/web.umons.ac.be\/evol\/wp-json\/wp\/v2\/pages"}],"about":[{"href":"https:\/\/web.umons.ac.be\/evol\/wp-json\/wp\/v2\/types\/page"}],"author":[{"embeddable":true,"href":"https:\/\/web.umons.ac.be\/evol\/wp-json\/wp\/v2\/users\/4"}],"replies":[{"embeddable":true,"href":"https:\/\/web.umons.ac.be\/evol\/wp-json\/wp\/v2\/comments?post=15"}],"version-history":[{"count":1,"href":"https:\/\/web.umons.ac.be\/evol\/wp-json\/wp\/v2\/pages\/15\/revisions"}],"predecessor-version":[{"id":48,"href":"https:\/\/web.umons.ac.be\/evol\/wp-json\/wp\/v2\/pages\/15\/revisions\/48"}],"wp:attachment":[{"href":"https:\/\/web.umons.ac.be\/evol\/wp-json\/wp\/v2\/media?parent=15"}],"curies":[{"name":"wp","href":"https:\/\/api.w.org\/{rel}","templated":true}]}}