{"version":"1.0","provider_name":"Facult\u00e9 \/ FAU","provider_url":"https:\/\/web.umons.ac.be\/fau","author_name":"Florence Laline","author_url":"https:\/\/web.umons.ac.be\/fau\/author\/flaline\/","title":"\"L'influence du Bauhaus\" Discussion-D\u00e9bat - Facult\u00e9 \/ FAU","type":"rich","width":600,"height":338,"html":"<blockquote class=\"wp-embedded-content\" data-secret=\"J6HZnOgyAo\"><a href=\"https:\/\/web.umons.ac.be\/fau\/fr\/evenements\/linfluence-du-bauhaus-discussion-debat\/\">\u00ab\u00a0L&rsquo;influence du Bauhaus\u00a0\u00bb Discussion-D\u00e9bat<\/a><\/blockquote><iframe sandbox=\"allow-scripts\" security=\"restricted\" src=\"https:\/\/web.umons.ac.be\/fau\/fr\/evenements\/linfluence-du-bauhaus-discussion-debat\/embed\/#?secret=J6HZnOgyAo\" width=\"600\" height=\"338\" title=\"\u00ab\u00a0\u00ab\u00a0L&rsquo;influence du Bauhaus\u00a0\u00bb Discussion-D\u00e9bat\u00a0\u00bb &#8212; Facult\u00e9 \/ FAU\" data-secret=\"J6HZnOgyAo\" frameborder=\"0\" marginwidth=\"0\" marginheight=\"0\" scrolling=\"no\" class=\"wp-embedded-content\"><\/iframe><script type=\"text\/javascript\">\n\/* <![CDATA[ *\/\n\/*! This file is auto-generated *\/\n!function(d,l){\"use strict\";l.querySelector&&d.addEventListener&&\"undefined\"!=typeof URL&&(d.wp=d.wp||{},d.wp.receiveEmbedMessage||(d.wp.receiveEmbedMessage=function(e){var t=e.data;if((t||t.secret||t.message||t.value)&&!\/[^a-zA-Z0-9]\/.test(t.secret)){for(var s,r,n,a=l.querySelectorAll('iframe[data-secret=\"'+t.secret+'\"]'),o=l.querySelectorAll('blockquote[data-secret=\"'+t.secret+'\"]'),c=new RegExp(\"^https?:$\",\"i\"),i=0;i<o.length;i++)o[i].style.display=\"none\";for(i=0;i<a.length;i++)s=a[i],e.source===s.contentWindow&&(s.removeAttribute(\"style\"),\"height\"===t.message?(1e3<(r=parseInt(t.value,10))?r=1e3:~~r<200&&(r=200),s.height=r):\"link\"===t.message&&(r=new URL(s.getAttribute(\"src\")),n=new URL(t.value),c.test(n.protocol))&&n.host===r.host&&l.activeElement===s&&(d.top.location.href=t.value))}},d.addEventListener(\"message\",d.wp.receiveEmbedMessage,!1),l.addEventListener(\"DOMContentLoaded\",function(){for(var e,t,s=l.querySelectorAll(\"iframe.wp-embedded-content\"),r=0;r<s.length;r++)(t=(e=s[r]).getAttribute(\"data-secret\"))||(t=Math.random().toString(36).substring(2,12),e.src+=\"#?secret=\"+t,e.setAttribute(\"data-secret\",t)),e.contentWindow.postMessage({message:\"ready\",secret:t},\"*\")},!1)))}(window,document);\n\/\/# sourceURL=https:\/\/web.umons.ac.be\/fau\/wp-includes\/js\/wp-embed.min.js\n\/* ]]> *\/\n<\/script>\n","description":"Apr\u00e8s une premi\u00e8re conf\u00e9rence pr\u00e9sent\u00e9e par Boris Gresillon autour de l\u2019approche historique, sociologique et politique du Bauhaus, ce nouvel \u00e9v\u00e9nement li\u00e9 au cycle de conf\u00e9rence de l\u2019ann\u00e9e de l\u2019Allemagne \u00e0 l\u2019UMONS regroupera, Freddy Gallez, architecte moderniste convaincu et quatre \u00e9tudiants de deuxi\u00e8me ann\u00e9e de master de la Facult\u00e9 d\u2019Architecture et d\u2019Urbanisme de l\u2019Universit\u00e9 de Mons. [&hellip;]"}

Faculté / FAU

"L'influence du Bauhaus" Discussion-Débat - Faculté / FAU

<blockquote class="wp-embedded-content" data-secret="J6HZnOgyAo"><a href="https://web.umons.ac.be/fau/fr/evenements/linfluence-du-bauhaus-discussion-debat/">« L&rsquo;influence du Bauhaus » Discussion-Débat</a></blockquote><iframe sandbox="allow-scripts" security="restricted" src="https://web.umons.ac.be/fau/fr/evenements/linfluence-du-bauhaus-discussion-debat/embed/#?secret=J6HZnOgyAo" width="600" height="338" title="« « L&rsquo;influence du Bauhaus » Discussion-Débat » &#8212; Faculté / FAU" data-secret="J6HZnOgyAo" frameborder="0" marginwidth="0" marginheight="0" scrolling="no" class="wp-embedded-content"></iframe><script type="text/javascript">
/* <![CDATA[ */
/*! This file is auto-generated */
!function(d,l){"use strict";l.querySelector&&d.addEventListener&&"undefined"!=typeof URL&&(d.wp=d.wp||{},d.wp.receiveEmbedMessage||(d.wp.receiveEmbedMessage=function(e){var t=e.data;if((t||t.secret||t.message||t.value)&&!/[^a-zA-Z0-9]/.test(t.secret)){for(var s,r,n,a=l.querySelectorAll('iframe[data-secret="'+t.secret+'"]'),o=l.querySelectorAll('blockquote[data-secret="'+t.secret+'"]'),c=new RegExp("^https?:$","i"),i=0;i<o.length;i++)o[i].style.display="none";for(i=0;i<a.length;i++)s=a[i],e.source===s.contentWindow&&(s.removeAttribute("style"),"height"===t.message?(1e3<(r=parseInt(t.value,10))?r=1e3:~~r<200&&(r=200),s.height=r):"link"===t.message&&(r=new URL(s.getAttribute("src")),n=new URL(t.value),c.test(n.protocol))&&n.host===r.host&&l.activeElement===s&&(d.top.location.href=t.value))}},d.addEventListener("message",d.wp.receiveEmbedMessage,!1),l.addEventListener("DOMContentLoaded",function(){for(var e,t,s=l.querySelectorAll("iframe.wp-embedded-content"),r=0;r<s.length;r++)(t=(e=s[r]).getAttribute("data-secret"))||(t=Math.random().toString(36).substring(2,12),e.src+="#?secret="+t,e.setAttribute("data-secret",t)),e.contentWindow.postMessage({message:"ready",secret:t},"*")},!1)))}(window,document);
//# sourceURL=https://web.umons.ac.be/fau/wp-includes/js/wp-embed.min.js
/* ]]> */
</script>

Après une première conférence présentée par Boris Gresillon autour de l’approche historique, sociologique et politique du Bauhaus, ce nouvel événement lié au cycle de conférence de l’année de l’Allemagne à l’UMONS regroupera, Freddy Gallez, architecte moderniste convaincu et quatre étudiants de deuxième année de master de la Faculté d’Architecture et d’Urbanisme de l’Université de Mons. [&hellip;]
