{"id":194,"date":"2017-06-26T17:35:50","date_gmt":"2017-06-26T15:35:50","guid":{"rendered":"https:\/\/web.umons.ac.be\/fau\/?page_id=194"},"modified":"2024-05-23T15:34:31","modified_gmt":"2024-05-23T13:34:31","slug":"etudier-larchitecture-a-mons","status":"publish","type":"page","link":"https:\/\/web.umons.ac.be\/fau\/fr\/etudier-larchitecture-a-mons\/","title":{"rendered":"Etudier l\u2019architecture \u00e0 Mons"},"content":{"rendered":"<p><a href=\"https:\/\/web.umons.ac.be\/app\/uploads\/sites\/5\/2024\/05\/Faculte-Rue-dHavre.png\"><img loading=\"lazy\" decoding=\"async\" class=\"alignright wp-image-3073 size-medium\" src=\"https:\/\/web.umons.ac.be\/app\/uploads\/sites\/5\/2024\/05\/Faculte-Rue-dHavre-300x300.png\" alt=\"Etudier l'Architecture \u00e0 Mons, pourquoi ? Le patrimoine architectural ancien et contemporain de la Ville de Mons est exploit\u00e9 dans les nombreux travaux et projets des \u00e9tudiants.\" width=\"300\" height=\"300\" srcset=\"https:\/\/web.umons.ac.be\/app\/uploads\/sites\/5\/2024\/05\/Faculte-Rue-dHavre-300x300.png 300w, https:\/\/web.umons.ac.be\/app\/uploads\/sites\/5\/2024\/05\/Faculte-Rue-dHavre-1024x1024.png 1024w, https:\/\/web.umons.ac.be\/app\/uploads\/sites\/5\/2024\/05\/Faculte-Rue-dHavre-150x150.png 150w, https:\/\/web.umons.ac.be\/app\/uploads\/sites\/5\/2024\/05\/Faculte-Rue-dHavre-768x768.png 768w, https:\/\/web.umons.ac.be\/app\/uploads\/sites\/5\/2024\/05\/Faculte-Rue-dHavre-1536x1536.png 1536w, https:\/\/web.umons.ac.be\/app\/uploads\/sites\/5\/2024\/05\/Faculte-Rue-dHavre-660x660.png 660w, https:\/\/web.umons.ac.be\/app\/uploads\/sites\/5\/2024\/05\/Faculte-Rue-dHavre-30x30.png 30w, https:\/\/web.umons.ac.be\/app\/uploads\/sites\/5\/2024\/05\/Faculte-Rue-dHavre-80x80.png 80w, https:\/\/web.umons.ac.be\/app\/uploads\/sites\/5\/2024\/05\/Faculte-Rue-dHavre-60x60.png 60w, https:\/\/web.umons.ac.be\/app\/uploads\/sites\/5\/2024\/05\/Faculte-Rue-dHavre-360x360.png 360w, https:\/\/web.umons.ac.be\/app\/uploads\/sites\/5\/2024\/05\/Faculte-Rue-dHavre-400x400.png 400w, https:\/\/web.umons.ac.be\/app\/uploads\/sites\/5\/2024\/05\/Faculte-Rue-dHavre-200x200.png 200w, https:\/\/web.umons.ac.be\/app\/uploads\/sites\/5\/2024\/05\/Faculte-Rue-dHavre.png 2000w\" sizes=\"auto, (max-width: 300px) 100vw, 300px\" \/><\/a>Avant d\u2019\u00eatre une ville estudiantine, <a href=\"https:\/\/www.visitmons.be\/\">Mons<\/a> est une Ville d\u2019art et de culture. Son patrimoine architectural ancien et contemporain est exploit\u00e9 dans les nombreux travaux et projets des \u00e9tudiants. Plus largement, l\u2019environnement r\u00e9gional du point de vue du b\u00e2ti, de l\u2019\u00e9conomique et du social offre de nombreuses th\u00e9matiques pour les cours de conception architecturale.<\/p>\n<p>Outre les collaborations <a href=\"https:\/\/web.umons.ac.be\/fr\/facultes-et-ecoles\/\">inter facultaires<\/a> UMONS, la facult\u00e9 entretient \u00e9galement des collaborations privil\u00e9gi\u00e9es avec diff\u00e9rents \u00e9tablissements en Belgique et \u00e0 l\u2019internationale.<\/p>\n<p>De plus l\u2019UMONS fait partie du consortium <a href=\"https:\/\/web.umons.ac.be\/fr\/nos-missions\/luniversite-europeenne-eunice\/\">EUNICE<\/a> regroupant des universit\u00e9s publiques europ\u00e9ennes de recherche, pour la plupart de taille moyenne.<\/p>\n<p>&nbsp;<\/p>\n<start-cask-shortcode-wrapper><end-cask-shortcode-wrapper>\n","protected":false},"excerpt":{"rendered":"<p>Avant d\u2019\u00eatre une ville estudiantine, Mons est une Ville d\u2019art et de culture. Son patrimoine architectural ancien et contemporain est exploit\u00e9 dans les nombreux travaux et projets des \u00e9tudiants. Plus largement, l\u2019environnement r\u00e9gional du point de vue du b\u00e2ti, de l\u2019\u00e9conomique et du social offre de nombreuses th\u00e9matiques pour les cours de conception architecturale. Outre [&hellip;]<\/p>\n","protected":false},"author":2,"featured_media":0,"parent":0,"menu_order":2,"comment_status":"closed","ping_status":"closed","template":"","meta":{"footnotes":""},"class_list":["post-194","page","type-page","status-publish","hentry"],"yoast_head":"<!-- This site is optimized with the Yoast SEO plugin v27.2 - https:\/\/yoast.com\/product\/yoast-seo-wordpress\/ -->\n<title>Etudier l&#039;Architecture \u00e0 Mons<\/title>\n<meta name=\"description\" content=\"Etudier l&#039;Architecture \u00e0 Mons, pourquoi ? Avant d\u2019\u00eatre une ville estudiantine, Mons est une ville d\u2019art et de culture.\" \/>\n<meta name=\"robots\" content=\"index, follow, max-snippet:-1, max-image-preview:large, max-video-preview:-1\" \/>\n<link rel=\"canonical\" href=\"https:\/\/web.umons.ac.be\/fau\/fr\/etudier-larchitecture-a-mons\/\" \/>\n<meta property=\"og:locale\" content=\"fr_FR\" \/>\n<meta property=\"og:type\" content=\"article\" \/>\n<meta property=\"og:title\" content=\"Etudier l&#039;Architecture \u00e0 Mons\" \/>\n<meta property=\"og:description\" content=\"Etudier l&#039;Architecture \u00e0 Mons, pourquoi ? Avant d\u2019\u00eatre une ville estudiantine, Mons est une ville d\u2019art et de culture.\" \/>\n<meta property=\"og:url\" content=\"https:\/\/web.umons.ac.be\/fau\/fr\/etudier-larchitecture-a-mons\/\" \/>\n<meta property=\"og:site_name\" content=\"Facult\u00e9 \/ FAU\" \/>\n<meta property=\"article:modified_time\" content=\"2024-05-23T13:34:31+00:00\" \/>\n<meta property=\"og:image\" content=\"https:\/\/web.umons.ac.be\/app\/uploads\/sites\/5\/2024\/05\/Faculte-Rue-dHavre-300x300.png\" \/>\n<meta name=\"twitter:card\" content=\"summary_large_image\" \/>\n<meta name=\"twitter:label1\" content=\"Dur\u00e9e de lecture estim\u00e9e\" \/>\n\t<meta name=\"twitter:data1\" content=\"1 minute\" \/>\n<script type=\"application\/ld+json\" class=\"yoast-schema-graph\">{\"@context\":\"https:\/\/schema.org\",\"@graph\":[{\"@type\":\"WebPage\",\"@id\":\"https:\/\/web.umons.ac.be\/fau\/fr\/etudier-larchitecture-a-mons\/\",\"url\":\"https:\/\/web.umons.ac.be\/fau\/fr\/etudier-larchitecture-a-mons\/\",\"name\":\"Etudier l'Architecture \u00e0 Mons\",\"isPartOf\":{\"@id\":\"https:\/\/web.umons.ac.be\/fau\/#website\"},\"primaryImageOfPage\":{\"@id\":\"https:\/\/web.umons.ac.be\/fau\/fr\/etudier-larchitecture-a-mons\/#primaryimage\"},\"image\":{\"@id\":\"https:\/\/web.umons.ac.be\/fau\/fr\/etudier-larchitecture-a-mons\/#primaryimage\"},\"thumbnailUrl\":\"https:\/\/web.umons.ac.be\/app\/uploads\/sites\/5\/2024\/05\/Faculte-Rue-dHavre-300x300.png\",\"datePublished\":\"2017-06-26T15:35:50+00:00\",\"dateModified\":\"2024-05-23T13:34:31+00:00\",\"description\":\"Etudier l'Architecture \u00e0 Mons, pourquoi ? Avant d\u2019\u00eatre une ville estudiantine, Mons est une ville d\u2019art et de culture.\",\"breadcrumb\":{\"@id\":\"https:\/\/web.umons.ac.be\/fau\/fr\/etudier-larchitecture-a-mons\/#breadcrumb\"},\"inLanguage\":\"fr-FR\",\"potentialAction\":[{\"@type\":\"ReadAction\",\"target\":[\"https:\/\/web.umons.ac.be\/fau\/fr\/etudier-larchitecture-a-mons\/\"]}]},{\"@type\":\"ImageObject\",\"inLanguage\":\"fr-FR\",\"@id\":\"https:\/\/web.umons.ac.be\/fau\/fr\/etudier-larchitecture-a-mons\/#primaryimage\",\"url\":\"https:\/\/web.umons.ac.be\/app\/uploads\/sites\/5\/2024\/05\/Faculte-Rue-dHavre-300x300.png\",\"contentUrl\":\"https:\/\/web.umons.ac.be\/app\/uploads\/sites\/5\/2024\/05\/Faculte-Rue-dHavre-300x300.png\"},{\"@type\":\"BreadcrumbList\",\"@id\":\"https:\/\/web.umons.ac.be\/fau\/fr\/etudier-larchitecture-a-mons\/#breadcrumb\",\"itemListElement\":[{\"@type\":\"ListItem\",\"position\":1,\"name\":\"Accueil\",\"item\":\"https:\/\/web.umons.ac.be\/fau\/fr\/\"},{\"@type\":\"ListItem\",\"position\":2,\"name\":\"Etudier l\u2019architecture \u00e0 Mons\"}]},{\"@type\":\"WebSite\",\"@id\":\"https:\/\/web.umons.ac.be\/fau\/#website\",\"url\":\"https:\/\/web.umons.ac.be\/fau\/\",\"name\":\"Facult\u00e9 \/ FAU\",\"description\":\"\",\"potentialAction\":[{\"@type\":\"SearchAction\",\"target\":{\"@type\":\"EntryPoint\",\"urlTemplate\":\"https:\/\/web.umons.ac.be\/fau\/?s={search_term_string}\"},\"query-input\":{\"@type\":\"PropertyValueSpecification\",\"valueRequired\":true,\"valueName\":\"search_term_string\"}}],\"inLanguage\":\"fr-FR\"}]}<\/script>\n<!-- \/ Yoast SEO plugin. -->","yoast_head_json":{"title":"Etudier l'Architecture \u00e0 Mons","description":"Etudier l'Architecture \u00e0 Mons, pourquoi ? Avant d\u2019\u00eatre une ville estudiantine, Mons est une ville d\u2019art et de culture.","robots":{"index":"index","follow":"follow","max-snippet":"max-snippet:-1","max-image-preview":"max-image-preview:large","max-video-preview":"max-video-preview:-1"},"canonical":"https:\/\/web.umons.ac.be\/fau\/fr\/etudier-larchitecture-a-mons\/","og_locale":"fr_FR","og_type":"article","og_title":"Etudier l'Architecture \u00e0 Mons","og_description":"Etudier l'Architecture \u00e0 Mons, pourquoi ? Avant d\u2019\u00eatre une ville estudiantine, Mons est une ville d\u2019art et de culture.","og_url":"https:\/\/web.umons.ac.be\/fau\/fr\/etudier-larchitecture-a-mons\/","og_site_name":"Facult\u00e9 \/ FAU","article_modified_time":"2024-05-23T13:34:31+00:00","og_image":[{"url":"https:\/\/web.umons.ac.be\/app\/uploads\/sites\/5\/2024\/05\/Faculte-Rue-dHavre-300x300.png","type":"","width":"","height":""}],"twitter_card":"summary_large_image","twitter_misc":{"Dur\u00e9e de lecture estim\u00e9e":"1 minute"},"schema":{"@context":"https:\/\/schema.org","@graph":[{"@type":"WebPage","@id":"https:\/\/web.umons.ac.be\/fau\/fr\/etudier-larchitecture-a-mons\/","url":"https:\/\/web.umons.ac.be\/fau\/fr\/etudier-larchitecture-a-mons\/","name":"Etudier l'Architecture \u00e0 Mons","isPartOf":{"@id":"https:\/\/web.umons.ac.be\/fau\/#website"},"primaryImageOfPage":{"@id":"https:\/\/web.umons.ac.be\/fau\/fr\/etudier-larchitecture-a-mons\/#primaryimage"},"image":{"@id":"https:\/\/web.umons.ac.be\/fau\/fr\/etudier-larchitecture-a-mons\/#primaryimage"},"thumbnailUrl":"https:\/\/web.umons.ac.be\/app\/uploads\/sites\/5\/2024\/05\/Faculte-Rue-dHavre-300x300.png","datePublished":"2017-06-26T15:35:50+00:00","dateModified":"2024-05-23T13:34:31+00:00","description":"Etudier l'Architecture \u00e0 Mons, pourquoi ? Avant d\u2019\u00eatre une ville estudiantine, Mons est une ville d\u2019art et de culture.","breadcrumb":{"@id":"https:\/\/web.umons.ac.be\/fau\/fr\/etudier-larchitecture-a-mons\/#breadcrumb"},"inLanguage":"fr-FR","potentialAction":[{"@type":"ReadAction","target":["https:\/\/web.umons.ac.be\/fau\/fr\/etudier-larchitecture-a-mons\/"]}]},{"@type":"ImageObject","inLanguage":"fr-FR","@id":"https:\/\/web.umons.ac.be\/fau\/fr\/etudier-larchitecture-a-mons\/#primaryimage","url":"https:\/\/web.umons.ac.be\/app\/uploads\/sites\/5\/2024\/05\/Faculte-Rue-dHavre-300x300.png","contentUrl":"https:\/\/web.umons.ac.be\/app\/uploads\/sites\/5\/2024\/05\/Faculte-Rue-dHavre-300x300.png"},{"@type":"BreadcrumbList","@id":"https:\/\/web.umons.ac.be\/fau\/fr\/etudier-larchitecture-a-mons\/#breadcrumb","itemListElement":[{"@type":"ListItem","position":1,"name":"Accueil","item":"https:\/\/web.umons.ac.be\/fau\/fr\/"},{"@type":"ListItem","position":2,"name":"Etudier l\u2019architecture \u00e0 Mons"}]},{"@type":"WebSite","@id":"https:\/\/web.umons.ac.be\/fau\/#website","url":"https:\/\/web.umons.ac.be\/fau\/","name":"Facult\u00e9 \/ FAU","description":"","potentialAction":[{"@type":"SearchAction","target":{"@type":"EntryPoint","urlTemplate":"https:\/\/web.umons.ac.be\/fau\/?s={search_term_string}"},"query-input":{"@type":"PropertyValueSpecification","valueRequired":true,"valueName":"search_term_string"}}],"inLanguage":"fr-FR"}]}},"lang":"fr","translations":{"fr":194,"en":469},"pll_sync_post":[],"_links":{"self":[{"href":"https:\/\/web.umons.ac.be\/fau\/wp-json\/wp\/v2\/pages\/194","targetHints":{"allow":["GET"]}}],"collection":[{"href":"https:\/\/web.umons.ac.be\/fau\/wp-json\/wp\/v2\/pages"}],"about":[{"href":"https:\/\/web.umons.ac.be\/fau\/wp-json\/wp\/v2\/types\/page"}],"author":[{"embeddable":true,"href":"https:\/\/web.umons.ac.be\/fau\/wp-json\/wp\/v2\/users\/2"}],"replies":[{"embeddable":true,"href":"https:\/\/web.umons.ac.be\/fau\/wp-json\/wp\/v2\/comments?post=194"}],"version-history":[{"count":4,"href":"https:\/\/web.umons.ac.be\/fau\/wp-json\/wp\/v2\/pages\/194\/revisions"}],"predecessor-version":[{"id":3117,"href":"https:\/\/web.umons.ac.be\/fau\/wp-json\/wp\/v2\/pages\/194\/revisions\/3117"}],"wp:attachment":[{"href":"https:\/\/web.umons.ac.be\/fau\/wp-json\/wp\/v2\/media?parent=194"}],"curies":[{"name":"wp","href":"https:\/\/api.w.org\/{rel}","templated":true}]}}