{"id":269,"date":"2017-06-29T15:06:48","date_gmt":"2017-06-29T13:06:48","guid":{"rendered":"https:\/\/web.umons.ac.be\/fau\/?page_id=269"},"modified":"2024-05-08T15:11:41","modified_gmt":"2024-05-08T13:11:41","slug":"a-propos-de-la-faculte","status":"publish","type":"page","link":"https:\/\/web.umons.ac.be\/fau\/fr\/a-propos-de-la-faculte\/","title":{"rendered":"A propos de la facult\u00e9"},"content":{"rendered":"<h2>Les sp\u00e9cificit\u00e9s<\/h2>\n<p>La Facult\u00e9 dispose \u00e9galement de comp\u00e9tences\u00a0sp\u00e9cifiques dans diff\u00e9rents domaines :<\/p>\n<ul>\n<li>la reconversion et la revitalisation des territoires\u00a0marqu\u00e9s par des mutations importantes\u00a0en termes d\u2019activit\u00e9s (friches industrielles, etc.).<\/li>\n<li>l\u2019\u00e9tude du patrimoine architectural dans son\u00a0ancrage r\u00e9gional.<\/li>\n<li>L\u2019\u00e9tude des m\u00e9tabolismes urbains, l\u2019\u00e9cologie\u00a0industrielle et la capacit\u00e9 d\u2019adaptation face\u00a0aux enjeux environnementaux.<\/li>\n<\/ul>\n<p>La Facult\u00e9 d\u2019Architecture et d\u2019Urbanisme\u00a0propose aux \u00e9tudiants de d\u00e9velopper leurs\u00a0comp\u00e9tences au travers de nombreuses activit\u00e9s\u00a0li\u00e9es aux enseignements telles que des\u00a0conf\u00e9rences, des s\u00e9minaires et des workshops.<\/p>\n<p>&nbsp;<\/p>\n","protected":false},"excerpt":{"rendered":"<p>Les sp\u00e9cificit\u00e9s La Facult\u00e9 dispose \u00e9galement de comp\u00e9tences\u00a0sp\u00e9cifiques dans diff\u00e9rents domaines : la reconversion et la revitalisation des territoires\u00a0marqu\u00e9s par des mutations importantes\u00a0en termes d\u2019activit\u00e9s (friches industrielles, etc.). l\u2019\u00e9tude du patrimoine architectural dans son\u00a0ancrage r\u00e9gional. L\u2019\u00e9tude des m\u00e9tabolismes urbains, l\u2019\u00e9cologie\u00a0industrielle et la capacit\u00e9 d\u2019adaptation face\u00a0aux enjeux environnementaux. La Facult\u00e9 d\u2019Architecture et d\u2019Urbanisme\u00a0propose aux \u00e9tudiants de [&hellip;]<\/p>\n","protected":false},"author":2,"featured_media":3066,"parent":0,"menu_order":6,"comment_status":"closed","ping_status":"closed","template":"","meta":{"footnotes":""},"class_list":["post-269","page","type-page","status-publish","has-post-thumbnail","hentry"],"yoast_head":"<!-- This site is optimized with the Yoast SEO plugin v27.2 - https:\/\/yoast.com\/product\/yoast-seo-wordpress\/ -->\n<title>La Facult\u00e9<\/title>\n<meta name=\"description\" content=\"La Facult\u00e9 d\u2019Architecture et d\u2019Urbanisme\u00a0propose aux \u00e9tudiants de d\u00e9velopper leurs\u00a0comp\u00e9tences au travers de nombreuses activit\u00e9s.\" \/>\n<meta name=\"robots\" content=\"index, follow, max-snippet:-1, max-image-preview:large, max-video-preview:-1\" \/>\n<link rel=\"canonical\" href=\"https:\/\/web.umons.ac.be\/fau\/fr\/a-propos-de-la-faculte\/\" \/>\n<meta property=\"og:locale\" content=\"fr_FR\" \/>\n<meta property=\"og:type\" content=\"article\" \/>\n<meta property=\"og:title\" content=\"La Facult\u00e9\" \/>\n<meta property=\"og:description\" content=\"La Facult\u00e9 d\u2019Architecture et d\u2019Urbanisme\u00a0propose aux \u00e9tudiants de d\u00e9velopper leurs\u00a0comp\u00e9tences au travers de nombreuses activit\u00e9s.\" \/>\n<meta property=\"og:url\" content=\"https:\/\/web.umons.ac.be\/fau\/fr\/a-propos-de-la-faculte\/\" \/>\n<meta property=\"og:site_name\" content=\"Facult\u00e9 \/ FAU\" \/>\n<meta property=\"article:modified_time\" content=\"2024-05-08T13:11:41+00:00\" \/>\n<meta property=\"og:image\" content=\"https:\/\/web.umons.ac.be\/app\/uploads\/sites\/5\/2024\/05\/APROPOS1420pxX500px-1024x361.png\" \/>\n\t<meta property=\"og:image:width\" content=\"1024\" \/>\n\t<meta property=\"og:image:height\" content=\"361\" \/>\n\t<meta property=\"og:image:type\" content=\"image\/png\" \/>\n<meta name=\"twitter:card\" content=\"summary_large_image\" \/>\n<meta name=\"twitter:label1\" content=\"Dur\u00e9e de lecture estim\u00e9e\" \/>\n\t<meta name=\"twitter:data1\" content=\"1 minute\" \/>\n<script type=\"application\/ld+json\" class=\"yoast-schema-graph\">{\"@context\":\"https:\/\/schema.org\",\"@graph\":[{\"@type\":\"WebPage\",\"@id\":\"https:\/\/web.umons.ac.be\/fau\/fr\/a-propos-de-la-faculte\/\",\"url\":\"https:\/\/web.umons.ac.be\/fau\/fr\/a-propos-de-la-faculte\/\",\"name\":\"La Facult\u00e9\",\"isPartOf\":{\"@id\":\"https:\/\/web.umons.ac.be\/fau\/#website\"},\"primaryImageOfPage\":{\"@id\":\"https:\/\/web.umons.ac.be\/fau\/fr\/a-propos-de-la-faculte\/#primaryimage\"},\"image\":{\"@id\":\"https:\/\/web.umons.ac.be\/fau\/fr\/a-propos-de-la-faculte\/#primaryimage\"},\"thumbnailUrl\":\"https:\/\/web.umons.ac.be\/app\/uploads\/sites\/5\/2024\/05\/APROPOS1420pxX500px.png\",\"datePublished\":\"2017-06-29T13:06:48+00:00\",\"dateModified\":\"2024-05-08T13:11:41+00:00\",\"description\":\"La Facult\u00e9 d\u2019Architecture et d\u2019Urbanisme\u00a0propose aux \u00e9tudiants de d\u00e9velopper leurs\u00a0comp\u00e9tences au travers de nombreuses activit\u00e9s.\",\"breadcrumb\":{\"@id\":\"https:\/\/web.umons.ac.be\/fau\/fr\/a-propos-de-la-faculte\/#breadcrumb\"},\"inLanguage\":\"fr-FR\",\"potentialAction\":[{\"@type\":\"ReadAction\",\"target\":[\"https:\/\/web.umons.ac.be\/fau\/fr\/a-propos-de-la-faculte\/\"]}]},{\"@type\":\"ImageObject\",\"inLanguage\":\"fr-FR\",\"@id\":\"https:\/\/web.umons.ac.be\/fau\/fr\/a-propos-de-la-faculte\/#primaryimage\",\"url\":\"https:\/\/web.umons.ac.be\/app\/uploads\/sites\/5\/2024\/05\/APROPOS1420pxX500px.png\",\"contentUrl\":\"https:\/\/web.umons.ac.be\/app\/uploads\/sites\/5\/2024\/05\/APROPOS1420pxX500px.png\",\"width\":2840,\"height\":1000},{\"@type\":\"BreadcrumbList\",\"@id\":\"https:\/\/web.umons.ac.be\/fau\/fr\/a-propos-de-la-faculte\/#breadcrumb\",\"itemListElement\":[{\"@type\":\"ListItem\",\"position\":1,\"name\":\"Accueil\",\"item\":\"https:\/\/web.umons.ac.be\/fau\/fr\/\"},{\"@type\":\"ListItem\",\"position\":2,\"name\":\"A propos de la facult\u00e9\"}]},{\"@type\":\"WebSite\",\"@id\":\"https:\/\/web.umons.ac.be\/fau\/#website\",\"url\":\"https:\/\/web.umons.ac.be\/fau\/\",\"name\":\"Facult\u00e9 \/ FAU\",\"description\":\"\",\"potentialAction\":[{\"@type\":\"SearchAction\",\"target\":{\"@type\":\"EntryPoint\",\"urlTemplate\":\"https:\/\/web.umons.ac.be\/fau\/?s={search_term_string}\"},\"query-input\":{\"@type\":\"PropertyValueSpecification\",\"valueRequired\":true,\"valueName\":\"search_term_string\"}}],\"inLanguage\":\"fr-FR\"}]}<\/script>\n<!-- \/ Yoast SEO plugin. -->","yoast_head_json":{"title":"La Facult\u00e9","description":"La Facult\u00e9 d\u2019Architecture et d\u2019Urbanisme\u00a0propose aux \u00e9tudiants de d\u00e9velopper leurs\u00a0comp\u00e9tences au travers de nombreuses activit\u00e9s.","robots":{"index":"index","follow":"follow","max-snippet":"max-snippet:-1","max-image-preview":"max-image-preview:large","max-video-preview":"max-video-preview:-1"},"canonical":"https:\/\/web.umons.ac.be\/fau\/fr\/a-propos-de-la-faculte\/","og_locale":"fr_FR","og_type":"article","og_title":"La Facult\u00e9","og_description":"La Facult\u00e9 d\u2019Architecture et d\u2019Urbanisme\u00a0propose aux \u00e9tudiants de d\u00e9velopper leurs\u00a0comp\u00e9tences au travers de nombreuses activit\u00e9s.","og_url":"https:\/\/web.umons.ac.be\/fau\/fr\/a-propos-de-la-faculte\/","og_site_name":"Facult\u00e9 \/ FAU","article_modified_time":"2024-05-08T13:11:41+00:00","og_image":[{"width":1024,"height":361,"url":"https:\/\/web.umons.ac.be\/app\/uploads\/sites\/5\/2024\/05\/APROPOS1420pxX500px-1024x361.png","type":"image\/png"}],"twitter_card":"summary_large_image","twitter_misc":{"Dur\u00e9e de lecture estim\u00e9e":"1 minute"},"schema":{"@context":"https:\/\/schema.org","@graph":[{"@type":"WebPage","@id":"https:\/\/web.umons.ac.be\/fau\/fr\/a-propos-de-la-faculte\/","url":"https:\/\/web.umons.ac.be\/fau\/fr\/a-propos-de-la-faculte\/","name":"La Facult\u00e9","isPartOf":{"@id":"https:\/\/web.umons.ac.be\/fau\/#website"},"primaryImageOfPage":{"@id":"https:\/\/web.umons.ac.be\/fau\/fr\/a-propos-de-la-faculte\/#primaryimage"},"image":{"@id":"https:\/\/web.umons.ac.be\/fau\/fr\/a-propos-de-la-faculte\/#primaryimage"},"thumbnailUrl":"https:\/\/web.umons.ac.be\/app\/uploads\/sites\/5\/2024\/05\/APROPOS1420pxX500px.png","datePublished":"2017-06-29T13:06:48+00:00","dateModified":"2024-05-08T13:11:41+00:00","description":"La Facult\u00e9 d\u2019Architecture et d\u2019Urbanisme\u00a0propose aux \u00e9tudiants de d\u00e9velopper leurs\u00a0comp\u00e9tences au travers de nombreuses activit\u00e9s.","breadcrumb":{"@id":"https:\/\/web.umons.ac.be\/fau\/fr\/a-propos-de-la-faculte\/#breadcrumb"},"inLanguage":"fr-FR","potentialAction":[{"@type":"ReadAction","target":["https:\/\/web.umons.ac.be\/fau\/fr\/a-propos-de-la-faculte\/"]}]},{"@type":"ImageObject","inLanguage":"fr-FR","@id":"https:\/\/web.umons.ac.be\/fau\/fr\/a-propos-de-la-faculte\/#primaryimage","url":"https:\/\/web.umons.ac.be\/app\/uploads\/sites\/5\/2024\/05\/APROPOS1420pxX500px.png","contentUrl":"https:\/\/web.umons.ac.be\/app\/uploads\/sites\/5\/2024\/05\/APROPOS1420pxX500px.png","width":2840,"height":1000},{"@type":"BreadcrumbList","@id":"https:\/\/web.umons.ac.be\/fau\/fr\/a-propos-de-la-faculte\/#breadcrumb","itemListElement":[{"@type":"ListItem","position":1,"name":"Accueil","item":"https:\/\/web.umons.ac.be\/fau\/fr\/"},{"@type":"ListItem","position":2,"name":"A propos de la facult\u00e9"}]},{"@type":"WebSite","@id":"https:\/\/web.umons.ac.be\/fau\/#website","url":"https:\/\/web.umons.ac.be\/fau\/","name":"Facult\u00e9 \/ FAU","description":"","potentialAction":[{"@type":"SearchAction","target":{"@type":"EntryPoint","urlTemplate":"https:\/\/web.umons.ac.be\/fau\/?s={search_term_string}"},"query-input":{"@type":"PropertyValueSpecification","valueRequired":true,"valueName":"search_term_string"}}],"inLanguage":"fr-FR"}]}},"lang":"fr","translations":{"fr":269,"en":472},"pll_sync_post":[],"_links":{"self":[{"href":"https:\/\/web.umons.ac.be\/fau\/wp-json\/wp\/v2\/pages\/269","targetHints":{"allow":["GET"]}}],"collection":[{"href":"https:\/\/web.umons.ac.be\/fau\/wp-json\/wp\/v2\/pages"}],"about":[{"href":"https:\/\/web.umons.ac.be\/fau\/wp-json\/wp\/v2\/types\/page"}],"author":[{"embeddable":true,"href":"https:\/\/web.umons.ac.be\/fau\/wp-json\/wp\/v2\/users\/2"}],"replies":[{"embeddable":true,"href":"https:\/\/web.umons.ac.be\/fau\/wp-json\/wp\/v2\/comments?post=269"}],"version-history":[{"count":3,"href":"https:\/\/web.umons.ac.be\/fau\/wp-json\/wp\/v2\/pages\/269\/revisions"}],"predecessor-version":[{"id":3072,"href":"https:\/\/web.umons.ac.be\/fau\/wp-json\/wp\/v2\/pages\/269\/revisions\/3072"}],"wp:featuredmedia":[{"embeddable":true,"href":"https:\/\/web.umons.ac.be\/fau\/wp-json\/wp\/v2\/media\/3066"}],"wp:attachment":[{"href":"https:\/\/web.umons.ac.be\/fau\/wp-json\/wp\/v2\/media?parent=269"}],"curies":[{"name":"wp","href":"https:\/\/api.w.org\/{rel}","templated":true}]}}