{"id":2996,"date":"2024-04-11T12:06:02","date_gmt":"2024-04-11T10:06:02","guid":{"rendered":"https:\/\/web.umons.ac.be\/fau\/?page_id=2996"},"modified":"2024-04-11T15:30:30","modified_gmt":"2024-04-11T13:30:30","slug":"architecte-et-ingenieur-specialite-genie-civil-et-batiment","status":"publish","type":"page","link":"https:\/\/web.umons.ac.be\/fau\/en\/architecte-et-ingenieur-specialite-genie-civil-et-batiment\/","title":{"rendered":"Master&rsquo;s degree in Architecture and Engineering specialising in Civil and Building Engineering"},"content":{"rendered":"<p><a href=\"https:\/\/web.umons.ac.be\/app\/uploads\/sites\/5\/2024\/02\/Bi-cursus-1.png\"><img loading=\"lazy\" decoding=\"async\" class=\"alignright wp-image-2997\" src=\"https:\/\/web.umons.ac.be\/app\/uploads\/sites\/5\/2024\/02\/Bi-cursus-1-300x300.png\" alt=\"Architecte et Ing\u00e9nieur sp\u00e9cialit\u00e9 G\u00e9nie Civil et B\u00e2timent\" width=\"160\" height=\"160\" srcset=\"https:\/\/web.umons.ac.be\/app\/uploads\/sites\/5\/2024\/02\/Bi-cursus-1-300x300.png 300w, https:\/\/web.umons.ac.be\/app\/uploads\/sites\/5\/2024\/02\/Bi-cursus-1-150x150.png 150w, https:\/\/web.umons.ac.be\/app\/uploads\/sites\/5\/2024\/02\/Bi-cursus-1-30x30.png 30w, https:\/\/web.umons.ac.be\/app\/uploads\/sites\/5\/2024\/02\/Bi-cursus-1-80x80.png 80w, https:\/\/web.umons.ac.be\/app\/uploads\/sites\/5\/2024\/02\/Bi-cursus-1-60x60.png 60w, https:\/\/web.umons.ac.be\/app\/uploads\/sites\/5\/2024\/02\/Bi-cursus-1-360x360.png 360w, https:\/\/web.umons.ac.be\/app\/uploads\/sites\/5\/2024\/02\/Bi-cursus-1-400x400.png 400w, https:\/\/web.umons.ac.be\/app\/uploads\/sites\/5\/2024\/02\/Bi-cursus-1-200x200.png 200w, https:\/\/web.umons.ac.be\/app\/uploads\/sites\/5\/2024\/02\/Bi-cursus-1.png 500w\" sizes=\"auto, (max-width: 160px) 100vw, 160px\" \/><\/a><\/p>\n<h4>Architecture and Engineering specialising in Civil and Building Engineering in 2 additional years following either course of study<\/h4>\n<p>As long-standing partners, <a href=\"https:\/\/web.umons.ac.be\/fau\/wp-includes\/js\/tinymce\/Facult\u00e9 \/ FAU\/_wp_link_placeholder\">UMONS<\/a> and INSA-UPHF Hauts-de-France are keen to pool their teaching and scientific resources so that their students can benefit from specific training in architecture and engineering. From the next academic year, students with a Master&rsquo;s degree in Architecture from the FAU will be able to register to study engineering specialising in Civil and Building Engineering (GCB). After 2 additional years of study, they will obtain an engineering degree from <a href=\"https:\/\/www.groupe-insa.fr\/preparer\/nos-formations\/ingenieur\/genie-civil-et-batiment\">INSA Hauts-de-France<\/a>. Conversely, students graduating from INSA will have access, under certain conditions, to the Master&rsquo;s degree in Architecture at UMONS.<\/p>\n<start-cask-shortcode-wrapper>    <div class=\"accordion content-block scheme-fau\">\n                <div class=\"accordion-inner\">\n            <div class=\"accordion-bellow\">\n                <button class=\"accordion-bellow-toggle scheme-background-hover\" data-target=\"#accordion-content-6617e4dbdfd69\">\n                    <span class=\"icon umons-icon-chevron-down\" aria-hidden=\"true\"><\/span> Benefits of training                <\/button>\n            <\/div>\n            <div id=\"accordion-content-6617e4dbdfd69\" class=\"accordion-content\">\n            \t<div class=\"inner editor-front\">\n            \t\t<p>The <a href=\"https:\/\/www.groupe-insa.fr\/preparer\/nos-formations\/ingenieur\/genie-civil-et-batiment\">GCB specialisation<\/a> is designed to train construction managers with solid skills in digital, architectural and civil engineering. The aim of this course is to train engineers in the construction sector who are capable of exploiting digital technologies throughout the various phases of the built product, with a global vision of the act of building. Civil engineering and building engineers must be able to understand the entire life cycle as part of a BIM approach.<\/p>\n            \t<\/div>\n            <\/div>\n        <\/div>\n                <div class=\"accordion-inner\">\n            <div class=\"accordion-bellow\">\n                <button class=\"accordion-bellow-toggle scheme-background-hover\" data-target=\"#accordion-content-6617e51a09a60\">\n                    <span class=\"icon umons-icon-chevron-down\" aria-hidden=\"true\"><\/span> Some specific skills of the GCB speciality                <\/button>\n            <\/div>\n            <div id=\"accordion-content-6617e51a09a60\" class=\"accordion-content\">\n            \t<div class=\"inner editor-front\">\n            \t\t<ul>\n<li>Mastering engineering methods and tools: identifying, modelling and solving problems, even unfamiliar and incompletely defined ones, using IT tools, analysing and designing systems &lt; Mastering software for designing and analysing geographical data<\/li>\n<li>Mastering software specific to a technical field<\/li>\n<li>Defining, modelling, developing and managing databases and the digital mock-up of a construction project<\/li>\n<li>Defining, organising and managing interoperability between modelling, design and project monitoring tools<\/li>\n<li>Designing, implementing, testing and validating innovative solutions, methods, products, systems and services.<\/li>\n<li>Developing solutions tailored to the specific features of the project in terms of construction techniques and cooperative approaches, such as the drafting of \u00ab\u00a0BIM\u00a0\u00bb partnership charters<\/li>\n<li>Incorporating recent technologies into projects, linked to advances in home automation and urban planning<\/li>\n<\/ul>\n            \t<\/div>\n            <\/div>\n        <\/div>\n                <div class=\"accordion-inner\">\n            <div class=\"accordion-bellow\">\n                <button class=\"accordion-bellow-toggle scheme-background-hover\" data-target=\"#accordion-content-6617e55f3dc5f\">\n                    <span class=\"icon umons-icon-chevron-down\" aria-hidden=\"true\"><\/span> Potential occupations identified                <\/button>\n            <\/div>\n            <div id=\"accordion-content-6617e55f3dc5f\" class=\"accordion-content\">\n            \t<div class=\"inner editor-front\">\n            \t\t<ul>\n<li>BIM Manager<\/li>\n<li>BIM Coordinator<\/li>\n<li>Design Engineer<\/li>\n<li>Construction Economics Engineer<\/li>\n<li>Building and engineering expert &#8211; Building technology<\/li>\n<li>Technical Building Control Manager<\/li>\n<li>Works Engineer, Asset Manager<\/li>\n<\/ul>\n            \t<\/div>\n            <\/div>\n        <\/div>\n            <\/div>\n<end-cask-shortcode-wrapper>\n<h4>Partners<\/h4>\n<p><a href=\"https:\/\/web.umons.ac.be\/app\/uploads\/sites\/5\/2024\/02\/UMONS-INSA.png\"><img loading=\"lazy\" decoding=\"async\" class=\"alignnone wp-image-2998\" src=\"https:\/\/web.umons.ac.be\/app\/uploads\/sites\/5\/2024\/02\/UMONS-INSA-300x86.png\" alt=\"\" width=\"373\" height=\"107\" srcset=\"https:\/\/web.umons.ac.be\/app\/uploads\/sites\/5\/2024\/02\/UMONS-INSA-300x86.png 300w, https:\/\/web.umons.ac.be\/app\/uploads\/sites\/5\/2024\/02\/UMONS-INSA-1024x294.png 1024w, https:\/\/web.umons.ac.be\/app\/uploads\/sites\/5\/2024\/02\/UMONS-INSA-768x220.png 768w, https:\/\/web.umons.ac.be\/app\/uploads\/sites\/5\/2024\/02\/UMONS-INSA-1536x441.png 1536w, https:\/\/web.umons.ac.be\/app\/uploads\/sites\/5\/2024\/02\/UMONS-INSA-2048x588.png 2048w, https:\/\/web.umons.ac.be\/app\/uploads\/sites\/5\/2024\/02\/UMONS-INSA-1600x459.png 1600w, https:\/\/web.umons.ac.be\/app\/uploads\/sites\/5\/2024\/02\/UMONS-INSA-30x9.png 30w, https:\/\/web.umons.ac.be\/app\/uploads\/sites\/5\/2024\/02\/UMONS-INSA-60x17.png 60w, https:\/\/web.umons.ac.be\/app\/uploads\/sites\/5\/2024\/02\/UMONS-INSA-360x103.png 360w\" sizes=\"auto, (max-width: 373px) 100vw, 373px\" \/><\/a><\/p>\n<p>&nbsp;<\/p>\n","protected":false},"excerpt":{"rendered":"<p>Architecture and Engineering specialising in Civil and Building Engineering in 2 additional years following either course of study As long-standing partners, UMONS and INSA-UPHF Hauts-de-France are keen to pool their teaching and scientific resources so that their students can benefit from specific training in architecture and engineering. From the next academic year, students with a [&hellip;]<\/p>\n","protected":false},"author":3,"featured_media":0,"parent":0,"menu_order":0,"comment_status":"closed","ping_status":"closed","template":"","meta":{"footnotes":""},"class_list":["post-2996","page","type-page","status-publish","hentry"],"yoast_head":"<!-- This site is optimized with the Yoast SEO plugin v27.2 - https:\/\/yoast.com\/product\/yoast-seo-wordpress\/ -->\n<title>Architecte et Ing\u00e9nieur sp\u00e9cialit\u00e9 G\u00e9nie Civil et B\u00e2timent<\/title>\n<meta name=\"description\" content=\"Architecte et Ing\u00e9nieur sp\u00e9cialit\u00e9 G\u00e9nie Civil et B\u00e2timent - Bi-cursus innovant UMONS &amp; INSA menant \u00e0 une double diplomation.\" \/>\n<meta name=\"robots\" content=\"index, follow, max-snippet:-1, max-image-preview:large, max-video-preview:-1\" \/>\n<link rel=\"canonical\" href=\"https:\/\/web.umons.ac.be\/fau\/en\/architecte-et-ingenieur-specialite-genie-civil-et-batiment\/\" \/>\n<meta property=\"og:locale\" content=\"fr_FR\" \/>\n<meta property=\"og:type\" content=\"article\" \/>\n<meta property=\"og:title\" content=\"Architecte et Ing\u00e9nieur sp\u00e9cialit\u00e9 G\u00e9nie Civil et B\u00e2timent\" \/>\n<meta property=\"og:description\" content=\"Architecte et Ing\u00e9nieur sp\u00e9cialit\u00e9 G\u00e9nie Civil et B\u00e2timent - Bi-cursus innovant UMONS &amp; INSA menant \u00e0 une double diplomation.\" \/>\n<meta property=\"og:url\" content=\"https:\/\/web.umons.ac.be\/fau\/en\/architecte-et-ingenieur-specialite-genie-civil-et-batiment\/\" \/>\n<meta property=\"og:site_name\" content=\"Facult\u00e9 \/ FAU\" \/>\n<meta property=\"article:modified_time\" content=\"2024-04-11T13:30:30+00:00\" \/>\n<meta property=\"og:image\" content=\"https:\/\/web.umons.ac.be\/app\/uploads\/sites\/5\/2024\/02\/Bi-cursus-1-300x300.png\" \/>\n<meta name=\"twitter:card\" content=\"summary_large_image\" \/>\n<meta name=\"twitter:label1\" content=\"Dur\u00e9e de lecture estim\u00e9e\" \/>\n\t<meta name=\"twitter:data1\" content=\"1 minute\" \/>\n<script type=\"application\/ld+json\" class=\"yoast-schema-graph\">{\"@context\":\"https:\/\/schema.org\",\"@graph\":[{\"@type\":\"WebPage\",\"@id\":\"https:\/\/web.umons.ac.be\/fau\/en\/architecte-et-ingenieur-specialite-genie-civil-et-batiment\/\",\"url\":\"https:\/\/web.umons.ac.be\/fau\/en\/architecte-et-ingenieur-specialite-genie-civil-et-batiment\/\",\"name\":\"Architecte et Ing\u00e9nieur sp\u00e9cialit\u00e9 G\u00e9nie Civil et B\u00e2timent\",\"isPartOf\":{\"@id\":\"https:\/\/web.umons.ac.be\/fau\/#website\"},\"primaryImageOfPage\":{\"@id\":\"https:\/\/web.umons.ac.be\/fau\/en\/architecte-et-ingenieur-specialite-genie-civil-et-batiment\/#primaryimage\"},\"image\":{\"@id\":\"https:\/\/web.umons.ac.be\/fau\/en\/architecte-et-ingenieur-specialite-genie-civil-et-batiment\/#primaryimage\"},\"thumbnailUrl\":\"https:\/\/web.umons.ac.be\/app\/uploads\/sites\/5\/2024\/02\/Bi-cursus-1-300x300.png\",\"datePublished\":\"2024-04-11T10:06:02+00:00\",\"dateModified\":\"2024-04-11T13:30:30+00:00\",\"description\":\"Architecte et Ing\u00e9nieur sp\u00e9cialit\u00e9 G\u00e9nie Civil et B\u00e2timent - Bi-cursus innovant UMONS & INSA menant \u00e0 une double diplomation.\",\"breadcrumb\":{\"@id\":\"https:\/\/web.umons.ac.be\/fau\/en\/architecte-et-ingenieur-specialite-genie-civil-et-batiment\/#breadcrumb\"},\"inLanguage\":\"fr-FR\",\"potentialAction\":[{\"@type\":\"ReadAction\",\"target\":[\"https:\/\/web.umons.ac.be\/fau\/en\/architecte-et-ingenieur-specialite-genie-civil-et-batiment\/\"]}]},{\"@type\":\"ImageObject\",\"inLanguage\":\"fr-FR\",\"@id\":\"https:\/\/web.umons.ac.be\/fau\/en\/architecte-et-ingenieur-specialite-genie-civil-et-batiment\/#primaryimage\",\"url\":\"https:\/\/web.umons.ac.be\/app\/uploads\/sites\/5\/2024\/02\/Bi-cursus-1-300x300.png\",\"contentUrl\":\"https:\/\/web.umons.ac.be\/app\/uploads\/sites\/5\/2024\/02\/Bi-cursus-1-300x300.png\"},{\"@type\":\"BreadcrumbList\",\"@id\":\"https:\/\/web.umons.ac.be\/fau\/en\/architecte-et-ingenieur-specialite-genie-civil-et-batiment\/#breadcrumb\",\"itemListElement\":[{\"@type\":\"ListItem\",\"position\":1,\"name\":\"Accueil\",\"item\":\"https:\/\/web.umons.ac.be\/fau\/fr\/\"},{\"@type\":\"ListItem\",\"position\":2,\"name\":\"Master&rsquo;s degree in Architecture and Engineering specialising in Civil and Building Engineering\"}]},{\"@type\":\"WebSite\",\"@id\":\"https:\/\/web.umons.ac.be\/fau\/#website\",\"url\":\"https:\/\/web.umons.ac.be\/fau\/\",\"name\":\"Facult\u00e9 \/ FAU\",\"description\":\"\",\"potentialAction\":[{\"@type\":\"SearchAction\",\"target\":{\"@type\":\"EntryPoint\",\"urlTemplate\":\"https:\/\/web.umons.ac.be\/fau\/?s={search_term_string}\"},\"query-input\":{\"@type\":\"PropertyValueSpecification\",\"valueRequired\":true,\"valueName\":\"search_term_string\"}}],\"inLanguage\":\"fr-FR\"}]}<\/script>\n<!-- \/ Yoast SEO plugin. -->","yoast_head_json":{"title":"Architecte et Ing\u00e9nieur sp\u00e9cialit\u00e9 G\u00e9nie Civil et B\u00e2timent","description":"Architecte et Ing\u00e9nieur sp\u00e9cialit\u00e9 G\u00e9nie Civil et B\u00e2timent - Bi-cursus innovant UMONS & INSA menant \u00e0 une double diplomation.","robots":{"index":"index","follow":"follow","max-snippet":"max-snippet:-1","max-image-preview":"max-image-preview:large","max-video-preview":"max-video-preview:-1"},"canonical":"https:\/\/web.umons.ac.be\/fau\/en\/architecte-et-ingenieur-specialite-genie-civil-et-batiment\/","og_locale":"fr_FR","og_type":"article","og_title":"Architecte et Ing\u00e9nieur sp\u00e9cialit\u00e9 G\u00e9nie Civil et B\u00e2timent","og_description":"Architecte et Ing\u00e9nieur sp\u00e9cialit\u00e9 G\u00e9nie Civil et B\u00e2timent - Bi-cursus innovant UMONS & INSA menant \u00e0 une double diplomation.","og_url":"https:\/\/web.umons.ac.be\/fau\/en\/architecte-et-ingenieur-specialite-genie-civil-et-batiment\/","og_site_name":"Facult\u00e9 \/ FAU","article_modified_time":"2024-04-11T13:30:30+00:00","og_image":[{"url":"https:\/\/web.umons.ac.be\/app\/uploads\/sites\/5\/2024\/02\/Bi-cursus-1-300x300.png","type":"","width":"","height":""}],"twitter_card":"summary_large_image","twitter_misc":{"Dur\u00e9e de lecture estim\u00e9e":"1 minute"},"schema":{"@context":"https:\/\/schema.org","@graph":[{"@type":"WebPage","@id":"https:\/\/web.umons.ac.be\/fau\/en\/architecte-et-ingenieur-specialite-genie-civil-et-batiment\/","url":"https:\/\/web.umons.ac.be\/fau\/en\/architecte-et-ingenieur-specialite-genie-civil-et-batiment\/","name":"Architecte et Ing\u00e9nieur sp\u00e9cialit\u00e9 G\u00e9nie Civil et B\u00e2timent","isPartOf":{"@id":"https:\/\/web.umons.ac.be\/fau\/#website"},"primaryImageOfPage":{"@id":"https:\/\/web.umons.ac.be\/fau\/en\/architecte-et-ingenieur-specialite-genie-civil-et-batiment\/#primaryimage"},"image":{"@id":"https:\/\/web.umons.ac.be\/fau\/en\/architecte-et-ingenieur-specialite-genie-civil-et-batiment\/#primaryimage"},"thumbnailUrl":"https:\/\/web.umons.ac.be\/app\/uploads\/sites\/5\/2024\/02\/Bi-cursus-1-300x300.png","datePublished":"2024-04-11T10:06:02+00:00","dateModified":"2024-04-11T13:30:30+00:00","description":"Architecte et Ing\u00e9nieur sp\u00e9cialit\u00e9 G\u00e9nie Civil et B\u00e2timent - Bi-cursus innovant UMONS & INSA menant \u00e0 une double diplomation.","breadcrumb":{"@id":"https:\/\/web.umons.ac.be\/fau\/en\/architecte-et-ingenieur-specialite-genie-civil-et-batiment\/#breadcrumb"},"inLanguage":"fr-FR","potentialAction":[{"@type":"ReadAction","target":["https:\/\/web.umons.ac.be\/fau\/en\/architecte-et-ingenieur-specialite-genie-civil-et-batiment\/"]}]},{"@type":"ImageObject","inLanguage":"fr-FR","@id":"https:\/\/web.umons.ac.be\/fau\/en\/architecte-et-ingenieur-specialite-genie-civil-et-batiment\/#primaryimage","url":"https:\/\/web.umons.ac.be\/app\/uploads\/sites\/5\/2024\/02\/Bi-cursus-1-300x300.png","contentUrl":"https:\/\/web.umons.ac.be\/app\/uploads\/sites\/5\/2024\/02\/Bi-cursus-1-300x300.png"},{"@type":"BreadcrumbList","@id":"https:\/\/web.umons.ac.be\/fau\/en\/architecte-et-ingenieur-specialite-genie-civil-et-batiment\/#breadcrumb","itemListElement":[{"@type":"ListItem","position":1,"name":"Accueil","item":"https:\/\/web.umons.ac.be\/fau\/fr\/"},{"@type":"ListItem","position":2,"name":"Master&rsquo;s degree in Architecture and Engineering specialising in Civil and Building Engineering"}]},{"@type":"WebSite","@id":"https:\/\/web.umons.ac.be\/fau\/#website","url":"https:\/\/web.umons.ac.be\/fau\/","name":"Facult\u00e9 \/ FAU","description":"","potentialAction":[{"@type":"SearchAction","target":{"@type":"EntryPoint","urlTemplate":"https:\/\/web.umons.ac.be\/fau\/?s={search_term_string}"},"query-input":{"@type":"PropertyValueSpecification","valueRequired":true,"valueName":"search_term_string"}}],"inLanguage":"fr-FR"}]}},"lang":"en","translations":{"en":2996,"fr":2798},"pll_sync_post":[],"_links":{"self":[{"href":"https:\/\/web.umons.ac.be\/fau\/wp-json\/wp\/v2\/pages\/2996","targetHints":{"allow":["GET"]}}],"collection":[{"href":"https:\/\/web.umons.ac.be\/fau\/wp-json\/wp\/v2\/pages"}],"about":[{"href":"https:\/\/web.umons.ac.be\/fau\/wp-json\/wp\/v2\/types\/page"}],"author":[{"embeddable":true,"href":"https:\/\/web.umons.ac.be\/fau\/wp-json\/wp\/v2\/users\/3"}],"replies":[{"embeddable":true,"href":"https:\/\/web.umons.ac.be\/fau\/wp-json\/wp\/v2\/comments?post=2996"}],"version-history":[{"count":3,"href":"https:\/\/web.umons.ac.be\/fau\/wp-json\/wp\/v2\/pages\/2996\/revisions"}],"predecessor-version":[{"id":3021,"href":"https:\/\/web.umons.ac.be\/fau\/wp-json\/wp\/v2\/pages\/2996\/revisions\/3021"}],"wp:attachment":[{"href":"https:\/\/web.umons.ac.be\/fau\/wp-json\/wp\/v2\/media?parent=2996"}],"curies":[{"name":"wp","href":"https:\/\/api.w.org\/{rel}","templated":true}]}}