{"id":347,"date":"2017-07-12T14:47:27","date_gmt":"2017-07-12T12:47:27","guid":{"rendered":"https:\/\/web.umons.ac.be\/fau\/?page_id=347"},"modified":"2025-12-18T11:31:52","modified_gmt":"2025-12-18T10:31:52","slug":"associations-etudiants","status":"publish","type":"page","link":"https:\/\/web.umons.ac.be\/fau\/fr\/a-propos-de-la-faculte\/associations-etudiants\/","title":{"rendered":"Associations des Etudiants"},"content":{"rendered":"<p>L\u2019Assembl\u00e9e G\u00e9n\u00e9rale des Etudiants (AGE) et le Comit\u00e9 des F\u00eates sont deux associations d&rsquo;\u00e9tudiants qui cohabitent pour animer la vie estudiantine, culturelle et sportive de la Facult\u00e9 d&rsquo;Architecture et d&rsquo;Urbanisme. Ces associations proposent des syst\u00e8mes de parrainages. Par cons\u00e9quent, un partage des connaissances et une entraide s&rsquo;\u00e9tablit entre les \u00e9tudiants. Elles sont \u00e9galement actives et motiv\u00e9es pour repr\u00e9senter fi\u00e8rement la facult\u00e9 et ses couleurs lors de diff\u00e9rents \u00e9v\u00e8nements universitaires Montois.<\/p>\n<p>Les \u00e9tudiants participent au <strong>Conseil Facultaire<\/strong> (CFAC) selon les modalit\u00e9s du d\u00e9cret relatif \u00e0 la participation et \u00e0 la repr\u00e9sentation estudiantines dans l\u2019enseignement sup\u00e9rieurs. Des \u00e9tudiants sont d\u00e9sign\u00e9s pour repr\u00e9senter leurs coll\u00e8gues lors des diff\u00e9rents \u00e9changes et votes du Conseil Facultaire avec une voix d\u00e9lib\u00e9ratoire.<\/p>\n<h2>Assembl\u00e9e G\u00e9n\u00e9rale des Etudiants<\/h2>\n<p>L\u2019Assembl\u00e9e G\u00e9n\u00e9rale des Etudiants (AGE) se compose d\u2019\u00e9tudiants de Bachelier et Master. L&rsquo;AGE a pour but de faciliter les contacts entre les \u00e9tudiants, les professeurs et les services administratifs de la facult\u00e9. Elle pr\u00e9sente et explique aux nouveaux \u00e9tudiants de d\u00e9but de cycle de Bachelier le fonctionnement de la facult\u00e9 et de l\u2019universit\u00e9.<\/p>\n<p>L\u2019AGE Archi participe au d\u00e9veloppement des activit\u00e9s sportives, culturelles et festives. Par exemple, chaque semaine, L\u2019AGE organise des s\u00e9ances d\u2019initiation et d\u2019entrainement \u00e0 diff\u00e9rents sports et des visites p\u00e9riodiques. Elle organise \u00e9galement des projections et des \u00e9changes en lien avec la discipline architecturale. Aussi, durant l\u2019ann\u00e9e, plusieurs \u00e9v\u00e9nements festifs sont programm\u00e9s afin de cr\u00e9er des liens de parrainage et de partage entres les \u00e9tudiants.<\/p>\n<h5>Equipe 2025-2026 :<\/h5>\n<ul>\n<li><a href=\"https:\/\/web.umons.ac.be\/app\/uploads\/sites\/5\/2022\/02\/Age-Archi-New.jpg\"><img loading=\"lazy\" decoding=\"async\" class=\"size-medium wp-image-2085 alignright\" src=\"https:\/\/web.umons.ac.be\/app\/uploads\/sites\/5\/2022\/02\/Age-Archi-New-300x300.jpg\" alt=\"\" width=\"300\" height=\"300\" srcset=\"https:\/\/web.umons.ac.be\/app\/uploads\/sites\/5\/2022\/02\/Age-Archi-New-300x300.jpg 300w, https:\/\/web.umons.ac.be\/app\/uploads\/sites\/5\/2022\/02\/Age-Archi-New-150x150.jpg 150w, https:\/\/web.umons.ac.be\/app\/uploads\/sites\/5\/2022\/02\/Age-Archi-New-768x768.jpg 768w, https:\/\/web.umons.ac.be\/app\/uploads\/sites\/5\/2022\/02\/Age-Archi-New-660x660.jpg 660w, https:\/\/web.umons.ac.be\/app\/uploads\/sites\/5\/2022\/02\/Age-Archi-New-30x30.jpg 30w, https:\/\/web.umons.ac.be\/app\/uploads\/sites\/5\/2022\/02\/Age-Archi-New-80x80.jpg 80w, https:\/\/web.umons.ac.be\/app\/uploads\/sites\/5\/2022\/02\/Age-Archi-New-60x60.jpg 60w, https:\/\/web.umons.ac.be\/app\/uploads\/sites\/5\/2022\/02\/Age-Archi-New-360x360.jpg 360w, https:\/\/web.umons.ac.be\/app\/uploads\/sites\/5\/2022\/02\/Age-Archi-New-400x400.jpg 400w, https:\/\/web.umons.ac.be\/app\/uploads\/sites\/5\/2022\/02\/Age-Archi-New-200x200.jpg 200w, https:\/\/web.umons.ac.be\/app\/uploads\/sites\/5\/2022\/02\/Age-Archi-New.jpg 1000w\" sizes=\"auto, (max-width: 300px) 100vw, 300px\" \/><\/a>Flavien LORIMIER &#8211; Pr\u00e9sident<\/li>\n<li>Melissandre SERONT &#8211; Vice-<span style=\"font-family: 'Helvetica Neue', Helvetica, Arial, sans-serif; font-size: 14px; font-style: normal; font-weight: 400;\">Pr\u00e9sidente<\/span><\/li>\n<li>Bruno MARTIN &#8211; Secr\u00e9taire<\/li>\n<li>Florian VANDAMME &#8211; Tr\u00e9sorier<\/li>\n<li>Louis DOGIMONT &#8211; Coordinateur<\/li>\n<li>Wyatt GENIN &#8211; D\u00e9l\u00e9gu\u00e9 P\u00e9dagogique<\/li>\n<li>L\u00e9a ETHODET &#8211; D\u00e9l\u00e9gu\u00e9 Event<\/li>\n<li>Jade RICHIERO &#8211; D\u00e9l\u00e9gu\u00e9 Event<\/li>\n<li>Sandy WANIS &#8211; D\u00e9l\u00e9gu\u00e9 Event<\/li>\n<li>Valentine TRAUTMANN &#8211; D\u00e9l\u00e9gu\u00e9 Art &amp; Culture &#8211; R\u00e9f\u00e9rent ERASMUS<\/li>\n<li>Aymane ISENBORGHTS &#8211; D\u00e9l\u00e9gu\u00e9 Foot<\/li>\n<\/ul>\n<p><em>Plus d\u2019infos<\/em> : <a href=\"https:\/\/www.facebook.com\/age.archi?ref=br_rs\">AGE Archi<\/a> &#8211;<span style=\"font-family: 'Helvetica Neue', Helvetica, Arial, sans-serif; font-size: 14px; font-style: normal; font-variant-ligatures: normal; font-variant-caps: normal; font-weight: 400;\">\u00a0<\/span><a style=\"font-style: normal; font-variant-ligatures: normal; font-variant-caps: normal; font-family: 'Helvetica Neue', Helvetica, Arial, sans-serif; font-size: 14px; color: #de3369;\" href=\"mailto:age.archi@umons.ac.be\">age.archi@umons.ac.be<\/a><\/p>\n<h2>Comit\u00e9 des F\u00eates<\/h2>\n<p>Le Comit\u00e9 des F\u00eates Archi, est compos\u00e9 d\u2019\u00e9tudiants baptis\u00e9s de Bachelier et Master. Il repr\u00e9sente l\u2019un des 7 cercles \u00e9tudiants de l\u2019UMONS \u00e0 savoir : \u00ab Le Cercle Archi \u00bb. Sa mission est de promouvoir les activit\u00e9s festives, sportives et culturelles ainsi que le folklore de la facult\u00e9. Il met \u00e9galement en place des services d\u2019aides aux \u00e9tudiants.<\/p>\n<p>Durant l\u2019ann\u00e9e, le Comit\u00e9 organise de nombreuses activit\u00e9s dont certaines sont ouvertes \u00e0 tous comme le Bal Acad\u00e9mique de la Facult\u00e9, la Semaine Proven\u00e7ale, la Descente de la Lesse. Il organise \u00e9galement des activit\u00e9s r\u00e9serv\u00e9es aux \u00e9tudiants baptis\u00e9s comme la Bleusaille, la Saint Nicolas, l\u2019Equipe Folklore de la Coupe du Mons et de nombreuses \u00ab Guindailles \u00bb.<\/p>\n<h5>Equipe 2026 :<\/h5>\n<ul>\n<li>Justin LHOST LOPEZ &#8211; Pr\u00e9sident<a href=\"https:\/\/web.umons.ac.be\/fau\/fr\/a-propos-de-la-faculte\/associations-etudiants-architecture-urbanisme\/comite-des-fetes-2\/\" rel=\"attachment wp-att-1806\"><img loading=\"lazy\" decoding=\"async\" class=\"size-medium wp-image-1806 alignright\" src=\"https:\/\/web.umons.ac.be\/app\/uploads\/sites\/5\/2021\/06\/Comite-des-Fetes-300x206.png\" alt=\"\" width=\"300\" height=\"206\" srcset=\"https:\/\/web.umons.ac.be\/app\/uploads\/sites\/5\/2021\/06\/Comite-des-Fetes-300x206.png 300w, https:\/\/web.umons.ac.be\/app\/uploads\/sites\/5\/2021\/06\/Comite-des-Fetes-1024x703.png 1024w, https:\/\/web.umons.ac.be\/app\/uploads\/sites\/5\/2021\/06\/Comite-des-Fetes-768x527.png 768w, https:\/\/web.umons.ac.be\/app\/uploads\/sites\/5\/2021\/06\/Comite-des-Fetes-1536x1054.png 1536w, https:\/\/web.umons.ac.be\/app\/uploads\/sites\/5\/2021\/06\/Comite-des-Fetes-962x660.png 962w, https:\/\/web.umons.ac.be\/app\/uploads\/sites\/5\/2021\/06\/Comite-des-Fetes-30x21.png 30w, https:\/\/web.umons.ac.be\/app\/uploads\/sites\/5\/2021\/06\/Comite-des-Fetes-60x41.png 60w, https:\/\/web.umons.ac.be\/app\/uploads\/sites\/5\/2021\/06\/Comite-des-Fetes-360x247.png 360w, https:\/\/web.umons.ac.be\/app\/uploads\/sites\/5\/2021\/06\/Comite-des-Fetes.png 2048w\" sizes=\"auto, (max-width: 300px) 100vw, 300px\" \/><\/a><\/li>\n<li>Juliette GHEERARDYN &#8211; Pr\u00e9sidente<\/li>\n<li>Alessia CARBONE &#8211; Tr\u00e9sorier<\/li>\n<li>Na\u00ebl DEJASSE &#8211; Secr\u00e9taire<\/li>\n<li>Lilou QUENON &#8211; Culture<\/li>\n<li>L\u00e9onie DEPREZ &#8211; Folklore<\/li>\n<li>Louy RONSMANS &#8211; Bar<\/li>\n<li>Simon BLOMMAERT &#8211; Sport<\/li>\n<\/ul>\n<p><em>Plus d&rsquo;infos<\/em> : <a href=\"https:\/\/www.facebook.com\/profile.php?id=100011495945296\">Comit\u00e9 des F\u00eates<\/a><\/p>\n","protected":false},"excerpt":{"rendered":"<p>L\u2019Assembl\u00e9e G\u00e9n\u00e9rale des Etudiants (AGE) et le Comit\u00e9 des F\u00eates sont deux associations d&rsquo;\u00e9tudiants qui cohabitent pour animer la vie estudiantine, culturelle et sportive de la Facult\u00e9 d&rsquo;Architecture et d&rsquo;Urbanisme. Ces associations proposent des syst\u00e8mes de parrainages. Par cons\u00e9quent, un partage des connaissances et une entraide s&rsquo;\u00e9tablit entre les \u00e9tudiants. Elles sont \u00e9galement actives et [&hellip;]<\/p>\n","protected":false},"author":2,"featured_media":0,"parent":269,"menu_order":6,"comment_status":"closed","ping_status":"closed","template":"","meta":{"footnotes":""},"class_list":["post-347","page","type-page","status-publish","hentry"],"yoast_head":"<!-- This site is optimized with the Yoast SEO plugin v27.2 - https:\/\/yoast.com\/product\/yoast-seo-wordpress\/ -->\n<title>Pr\u00e9sentation des Associations des Etudiants de la FA+U - UMONS<\/title>\n<meta name=\"description\" content=\"Associations des Etudiants : l&#039;Assembl\u00e9e G\u00e9n\u00e9rale des Etudiants et le Comit\u00e9 des F\u00eates animent la vie estudiantine, culturelle et sportive.\" \/>\n<meta name=\"robots\" content=\"index, follow, max-snippet:-1, max-image-preview:large, max-video-preview:-1\" \/>\n<link rel=\"canonical\" href=\"https:\/\/web.umons.ac.be\/fau\/fr\/a-propos-de-la-faculte\/associations-etudiants\/\" \/>\n<meta property=\"og:locale\" content=\"fr_FR\" \/>\n<meta property=\"og:type\" content=\"article\" \/>\n<meta property=\"og:title\" content=\"Pr\u00e9sentation des Associations des Etudiants de la FA+U - UMONS\" \/>\n<meta property=\"og:description\" content=\"Associations des Etudiants : l&#039;Assembl\u00e9e G\u00e9n\u00e9rale des Etudiants et le Comit\u00e9 des F\u00eates animent la vie estudiantine, culturelle et sportive.\" \/>\n<meta property=\"og:url\" content=\"https:\/\/web.umons.ac.be\/fau\/fr\/a-propos-de-la-faculte\/associations-etudiants\/\" \/>\n<meta property=\"og:site_name\" content=\"Facult\u00e9 \/ FAU\" \/>\n<meta property=\"article:modified_time\" content=\"2025-12-18T10:31:52+00:00\" \/>\n<meta property=\"og:image\" content=\"https:\/\/web.umons.ac.be\/app\/uploads\/sites\/5\/2022\/02\/Age-Archi-New.jpg\" \/>\n\t<meta property=\"og:image:width\" content=\"1000\" \/>\n\t<meta property=\"og:image:height\" content=\"1000\" \/>\n\t<meta property=\"og:image:type\" content=\"image\/jpeg\" \/>\n<meta name=\"twitter:card\" content=\"summary_large_image\" \/>\n<meta name=\"twitter:label1\" content=\"Dur\u00e9e de lecture estim\u00e9e\" \/>\n\t<meta name=\"twitter:data1\" content=\"3 minutes\" \/>\n<script type=\"application\/ld+json\" class=\"yoast-schema-graph\">{\"@context\":\"https:\/\/schema.org\",\"@graph\":[{\"@type\":\"WebPage\",\"@id\":\"https:\/\/web.umons.ac.be\/fau\/fr\/a-propos-de-la-faculte\/associations-etudiants\/\",\"url\":\"https:\/\/web.umons.ac.be\/fau\/fr\/a-propos-de-la-faculte\/associations-etudiants\/\",\"name\":\"Pr\u00e9sentation des Associations des Etudiants de la FA+U - UMONS\",\"isPartOf\":{\"@id\":\"https:\/\/web.umons.ac.be\/fau\/#website\"},\"primaryImageOfPage\":{\"@id\":\"https:\/\/web.umons.ac.be\/fau\/fr\/a-propos-de-la-faculte\/associations-etudiants\/#primaryimage\"},\"image\":{\"@id\":\"https:\/\/web.umons.ac.be\/fau\/fr\/a-propos-de-la-faculte\/associations-etudiants\/#primaryimage\"},\"thumbnailUrl\":\"https:\/\/web.umons.ac.be\/app\/uploads\/sites\/5\/2022\/02\/Age-Archi-New-300x300.jpg\",\"datePublished\":\"2017-07-12T12:47:27+00:00\",\"dateModified\":\"2025-12-18T10:31:52+00:00\",\"description\":\"Associations des Etudiants : l'Assembl\u00e9e G\u00e9n\u00e9rale des Etudiants et le Comit\u00e9 des F\u00eates animent la vie estudiantine, culturelle et sportive.\",\"breadcrumb\":{\"@id\":\"https:\/\/web.umons.ac.be\/fau\/fr\/a-propos-de-la-faculte\/associations-etudiants\/#breadcrumb\"},\"inLanguage\":\"fr-FR\",\"potentialAction\":[{\"@type\":\"ReadAction\",\"target\":[\"https:\/\/web.umons.ac.be\/fau\/fr\/a-propos-de-la-faculte\/associations-etudiants\/\"]}]},{\"@type\":\"ImageObject\",\"inLanguage\":\"fr-FR\",\"@id\":\"https:\/\/web.umons.ac.be\/fau\/fr\/a-propos-de-la-faculte\/associations-etudiants\/#primaryimage\",\"url\":\"https:\/\/web.umons.ac.be\/app\/uploads\/sites\/5\/2022\/02\/Age-Archi-New-300x300.jpg\",\"contentUrl\":\"https:\/\/web.umons.ac.be\/app\/uploads\/sites\/5\/2022\/02\/Age-Archi-New-300x300.jpg\"},{\"@type\":\"BreadcrumbList\",\"@id\":\"https:\/\/web.umons.ac.be\/fau\/fr\/a-propos-de-la-faculte\/associations-etudiants\/#breadcrumb\",\"itemListElement\":[{\"@type\":\"ListItem\",\"position\":1,\"name\":\"Accueil\",\"item\":\"https:\/\/web.umons.ac.be\/fau\/fr\/\"},{\"@type\":\"ListItem\",\"position\":2,\"name\":\"A propos de la facult\u00e9\",\"item\":\"https:\/\/web.umons.ac.be\/fau\/fr\/a-propos-de-la-faculte\/\"},{\"@type\":\"ListItem\",\"position\":3,\"name\":\"Associations des Etudiants\"}]},{\"@type\":\"WebSite\",\"@id\":\"https:\/\/web.umons.ac.be\/fau\/#website\",\"url\":\"https:\/\/web.umons.ac.be\/fau\/\",\"name\":\"Facult\u00e9 \/ FAU\",\"description\":\"\",\"potentialAction\":[{\"@type\":\"SearchAction\",\"target\":{\"@type\":\"EntryPoint\",\"urlTemplate\":\"https:\/\/web.umons.ac.be\/fau\/?s={search_term_string}\"},\"query-input\":{\"@type\":\"PropertyValueSpecification\",\"valueRequired\":true,\"valueName\":\"search_term_string\"}}],\"inLanguage\":\"fr-FR\"}]}<\/script>\n<!-- \/ Yoast SEO plugin. -->","yoast_head_json":{"title":"Pr\u00e9sentation des Associations des Etudiants de la FA+U - UMONS","description":"Associations des Etudiants : l'Assembl\u00e9e G\u00e9n\u00e9rale des Etudiants et le Comit\u00e9 des F\u00eates animent la vie estudiantine, culturelle et sportive.","robots":{"index":"index","follow":"follow","max-snippet":"max-snippet:-1","max-image-preview":"max-image-preview:large","max-video-preview":"max-video-preview:-1"},"canonical":"https:\/\/web.umons.ac.be\/fau\/fr\/a-propos-de-la-faculte\/associations-etudiants\/","og_locale":"fr_FR","og_type":"article","og_title":"Pr\u00e9sentation des Associations des Etudiants de la FA+U - UMONS","og_description":"Associations des Etudiants : l'Assembl\u00e9e G\u00e9n\u00e9rale des Etudiants et le Comit\u00e9 des F\u00eates animent la vie estudiantine, culturelle et sportive.","og_url":"https:\/\/web.umons.ac.be\/fau\/fr\/a-propos-de-la-faculte\/associations-etudiants\/","og_site_name":"Facult\u00e9 \/ FAU","article_modified_time":"2025-12-18T10:31:52+00:00","og_image":[{"width":1000,"height":1000,"url":"https:\/\/web.umons.ac.be\/app\/uploads\/sites\/5\/2022\/02\/Age-Archi-New.jpg","type":"image\/jpeg"}],"twitter_card":"summary_large_image","twitter_misc":{"Dur\u00e9e de lecture estim\u00e9e":"3 minutes"},"schema":{"@context":"https:\/\/schema.org","@graph":[{"@type":"WebPage","@id":"https:\/\/web.umons.ac.be\/fau\/fr\/a-propos-de-la-faculte\/associations-etudiants\/","url":"https:\/\/web.umons.ac.be\/fau\/fr\/a-propos-de-la-faculte\/associations-etudiants\/","name":"Pr\u00e9sentation des Associations des Etudiants de la FA+U - UMONS","isPartOf":{"@id":"https:\/\/web.umons.ac.be\/fau\/#website"},"primaryImageOfPage":{"@id":"https:\/\/web.umons.ac.be\/fau\/fr\/a-propos-de-la-faculte\/associations-etudiants\/#primaryimage"},"image":{"@id":"https:\/\/web.umons.ac.be\/fau\/fr\/a-propos-de-la-faculte\/associations-etudiants\/#primaryimage"},"thumbnailUrl":"https:\/\/web.umons.ac.be\/app\/uploads\/sites\/5\/2022\/02\/Age-Archi-New-300x300.jpg","datePublished":"2017-07-12T12:47:27+00:00","dateModified":"2025-12-18T10:31:52+00:00","description":"Associations des Etudiants : l'Assembl\u00e9e G\u00e9n\u00e9rale des Etudiants et le Comit\u00e9 des F\u00eates animent la vie estudiantine, culturelle et sportive.","breadcrumb":{"@id":"https:\/\/web.umons.ac.be\/fau\/fr\/a-propos-de-la-faculte\/associations-etudiants\/#breadcrumb"},"inLanguage":"fr-FR","potentialAction":[{"@type":"ReadAction","target":["https:\/\/web.umons.ac.be\/fau\/fr\/a-propos-de-la-faculte\/associations-etudiants\/"]}]},{"@type":"ImageObject","inLanguage":"fr-FR","@id":"https:\/\/web.umons.ac.be\/fau\/fr\/a-propos-de-la-faculte\/associations-etudiants\/#primaryimage","url":"https:\/\/web.umons.ac.be\/app\/uploads\/sites\/5\/2022\/02\/Age-Archi-New-300x300.jpg","contentUrl":"https:\/\/web.umons.ac.be\/app\/uploads\/sites\/5\/2022\/02\/Age-Archi-New-300x300.jpg"},{"@type":"BreadcrumbList","@id":"https:\/\/web.umons.ac.be\/fau\/fr\/a-propos-de-la-faculte\/associations-etudiants\/#breadcrumb","itemListElement":[{"@type":"ListItem","position":1,"name":"Accueil","item":"https:\/\/web.umons.ac.be\/fau\/fr\/"},{"@type":"ListItem","position":2,"name":"A propos de la facult\u00e9","item":"https:\/\/web.umons.ac.be\/fau\/fr\/a-propos-de-la-faculte\/"},{"@type":"ListItem","position":3,"name":"Associations des Etudiants"}]},{"@type":"WebSite","@id":"https:\/\/web.umons.ac.be\/fau\/#website","url":"https:\/\/web.umons.ac.be\/fau\/","name":"Facult\u00e9 \/ FAU","description":"","potentialAction":[{"@type":"SearchAction","target":{"@type":"EntryPoint","urlTemplate":"https:\/\/web.umons.ac.be\/fau\/?s={search_term_string}"},"query-input":{"@type":"PropertyValueSpecification","valueRequired":true,"valueName":"search_term_string"}}],"inLanguage":"fr-FR"}]}},"lang":"fr","translations":{"fr":347,"en":530},"pll_sync_post":[],"_links":{"self":[{"href":"https:\/\/web.umons.ac.be\/fau\/wp-json\/wp\/v2\/pages\/347","targetHints":{"allow":["GET"]}}],"collection":[{"href":"https:\/\/web.umons.ac.be\/fau\/wp-json\/wp\/v2\/pages"}],"about":[{"href":"https:\/\/web.umons.ac.be\/fau\/wp-json\/wp\/v2\/types\/page"}],"author":[{"embeddable":true,"href":"https:\/\/web.umons.ac.be\/fau\/wp-json\/wp\/v2\/users\/2"}],"replies":[{"embeddable":true,"href":"https:\/\/web.umons.ac.be\/fau\/wp-json\/wp\/v2\/comments?post=347"}],"version-history":[{"count":4,"href":"https:\/\/web.umons.ac.be\/fau\/wp-json\/wp\/v2\/pages\/347\/revisions"}],"predecessor-version":[{"id":3589,"href":"https:\/\/web.umons.ac.be\/fau\/wp-json\/wp\/v2\/pages\/347\/revisions\/3589"}],"up":[{"embeddable":true,"href":"https:\/\/web.umons.ac.be\/fau\/wp-json\/wp\/v2\/pages\/269"}],"wp:attachment":[{"href":"https:\/\/web.umons.ac.be\/fau\/wp-json\/wp\/v2\/media?parent=347"}],"curies":[{"name":"wp","href":"https:\/\/api.w.org\/{rel}","templated":true}]}}