{"id":3628,"date":"2026-01-29T15:28:54","date_gmt":"2026-01-29T14:28:54","guid":{"rendered":"https:\/\/web.umons.ac.be\/fau\/?page_id=3628"},"modified":"2026-02-11T15:37:19","modified_gmt":"2026-02-11T14:37:19","slug":"atouts-de-la-faculte","status":"publish","type":"page","link":"https:\/\/web.umons.ac.be\/fau\/fr\/atouts-de-la-faculte\/","title":{"rendered":"Atouts de la Facult\u00e9"},"content":{"rendered":"<p>Il est clair que notre Facult\u00e9 \u00e0 taille humaine est un atout favorable.<\/p>\n<p>L\u2019enseignement en petits groupes nous permet un meilleur suivi des \u00e9tudiants par les enseignants. De plus, notre enseignement s\u2019inscrit dans une pratique p\u00e9dagogique sp\u00e9cifique articul\u00e9e autour du projet d\u2019architecture et d\u2019urbanisme d\u00e9velopp\u00e9 sous forme d\u2019ateliers d\u2019une vingtaine d\u2019\u00e9tudiants.<a href=\"https:\/\/web.umons.ac.be\/app\/uploads\/sites\/5\/2024\/05\/Faculte-Projet-3-1.png\"><img loading=\"lazy\" decoding=\"async\" class=\"size-medium wp-image-3118 alignright\" src=\"https:\/\/web.umons.ac.be\/app\/uploads\/sites\/5\/2024\/05\/Faculte-Projet-3-1-300x300.png\" alt=\"\" width=\"300\" height=\"300\" srcset=\"https:\/\/web.umons.ac.be\/app\/uploads\/sites\/5\/2024\/05\/Faculte-Projet-3-1-300x300.png 300w, https:\/\/web.umons.ac.be\/app\/uploads\/sites\/5\/2024\/05\/Faculte-Projet-3-1-1024x1024.png 1024w, https:\/\/web.umons.ac.be\/app\/uploads\/sites\/5\/2024\/05\/Faculte-Projet-3-1-150x150.png 150w, https:\/\/web.umons.ac.be\/app\/uploads\/sites\/5\/2024\/05\/Faculte-Projet-3-1-768x768.png 768w, https:\/\/web.umons.ac.be\/app\/uploads\/sites\/5\/2024\/05\/Faculte-Projet-3-1-1536x1536.png 1536w, https:\/\/web.umons.ac.be\/app\/uploads\/sites\/5\/2024\/05\/Faculte-Projet-3-1-660x660.png 660w, https:\/\/web.umons.ac.be\/app\/uploads\/sites\/5\/2024\/05\/Faculte-Projet-3-1-30x30.png 30w, https:\/\/web.umons.ac.be\/app\/uploads\/sites\/5\/2024\/05\/Faculte-Projet-3-1-80x80.png 80w, https:\/\/web.umons.ac.be\/app\/uploads\/sites\/5\/2024\/05\/Faculte-Projet-3-1-60x60.png 60w, https:\/\/web.umons.ac.be\/app\/uploads\/sites\/5\/2024\/05\/Faculte-Projet-3-1-360x360.png 360w, https:\/\/web.umons.ac.be\/app\/uploads\/sites\/5\/2024\/05\/Faculte-Projet-3-1-400x400.png 400w, https:\/\/web.umons.ac.be\/app\/uploads\/sites\/5\/2024\/05\/Faculte-Projet-3-1-200x200.png 200w, https:\/\/web.umons.ac.be\/app\/uploads\/sites\/5\/2024\/05\/Faculte-Projet-3-1.png 2000w\" sizes=\"auto, (max-width: 300px) 100vw, 300px\" \/><\/a><\/p>\n<p>L\u2019atelier est con\u00e7u comme un lieu de r\u00e9flexion et de cr\u00e9ativit\u00e9 dans lequel l\u2019\u00e9tudiant apprend \u00e0 utiliser ses connaissances, th\u00e9oriques et pratiques, acquises au fil de ses \u00e9tudes. Les \u00e9tudiants sont amen\u00e9s \u00e0 int\u00e9grer graduellement, en fonction de choix personnels, les dimensions artistiques, techniques, sociales, paysag\u00e8res et culturelles de la discipline de l\u2019architecture.<\/p>\n<p>Ce mode d\u2019enseignement, en \u00e9valuation continue, favorise autant les collaborations entre \u00e9tudiants et enseignants que le d\u00e9veloppement de l\u2019autonomie et de l\u2019esprit critique n\u00e9cessaires \u00e0 la r\u00e9alisation de leurs projets personnels.<\/p>\n<p>La Facult\u00e9 dispose \u00e9galement de comp\u00e9tences sp\u00e9cifiques dans diff\u00e9rents domaines :<\/p>\n<ul>\n<li>La reconversion et la revitalisation des territoires marqu\u00e9s par des mutations importantes en termes d\u2019activit\u00e9s (friches industrielles, etc.)<\/li>\n<li>L\u2019\u00e9tude du patrimoine architectural dans son ancrage r\u00e9gional<\/li>\n<li>L\u2019\u00e9tude des m\u00e9tabolismes urbains, l\u2019\u00e9cologie industrielle et la capacit\u00e9 d\u2019adaptation face aux enjeux environnementaux<\/li>\n<\/ul>\n<p>La Facult\u00e9 d&rsquo;Architecture et d&rsquo;Urbanisme propose aux \u00e9tudiants de d\u00e9velopper leurs comp\u00e9tences au travers de nombreuses activit\u00e9s li\u00e9es aux enseignements telles que des conf\u00e9rences, des voyages, des s\u00e9minaires, des workshops, des cin\u00e9 d\u00e9bats notamment en collaboration avec l&rsquo;<a href=\"https:\/\/ordredesarchitectes.be\/\">Ordre des Architectes<\/a>. En outre, elle porte une attention toute particuli\u00e8re aux probl\u00e9matiques transfrontali\u00e8res r\u00e9sultant des processus de globalisation actuels et \u00e0 venir.<\/p>\n","protected":false},"excerpt":{"rendered":"<p>Il est clair que notre Facult\u00e9 \u00e0 taille humaine est un atout favorable. L\u2019enseignement en petits groupes nous permet un meilleur suivi des \u00e9tudiants par les enseignants. De plus, notre enseignement s\u2019inscrit dans une pratique p\u00e9dagogique sp\u00e9cifique articul\u00e9e autour du projet d\u2019architecture et d\u2019urbanisme d\u00e9velopp\u00e9 sous forme d\u2019ateliers d\u2019une vingtaine d\u2019\u00e9tudiants. L\u2019atelier est con\u00e7u comme [&hellip;]<\/p>\n","protected":false},"author":3,"featured_media":0,"parent":0,"menu_order":0,"comment_status":"closed","ping_status":"closed","template":"","meta":{"footnotes":""},"class_list":["post-3628","page","type-page","status-publish","hentry"],"yoast_head":"<!-- This site is optimized with the Yoast SEO plugin v27.2 - https:\/\/yoast.com\/product\/yoast-seo-wordpress\/ -->\n<title>Atouts de la Facult\u00e9 - Facult\u00e9 \/ FAU<\/title>\n<meta name=\"description\" content=\"La Facult\u00e9 dispose de comp\u00e9tences dans la reconversion et la revitalisation des territoires, l\u2019\u00e9tude du patrimoine architectural dans son ancrage r\u00e9gional, l\u2019\u00e9tude des m\u00e9tabolismes urbains, l\u2019\u00e9cologie industrielle et la capacit\u00e9 d\u2019adaptation face aux enjeux environnementaux.\" \/>\n<meta name=\"robots\" content=\"index, follow, max-snippet:-1, max-image-preview:large, max-video-preview:-1\" \/>\n<link rel=\"canonical\" href=\"https:\/\/web.umons.ac.be\/fau\/fr\/atouts-de-la-faculte\/\" \/>\n<meta property=\"og:locale\" content=\"fr_FR\" \/>\n<meta property=\"og:type\" content=\"article\" \/>\n<meta property=\"og:title\" content=\"Atouts de la Facult\u00e9 - Facult\u00e9 \/ FAU\" \/>\n<meta property=\"og:description\" content=\"La Facult\u00e9 dispose de comp\u00e9tences dans la reconversion et la revitalisation des territoires, l\u2019\u00e9tude du patrimoine architectural dans son ancrage r\u00e9gional, l\u2019\u00e9tude des m\u00e9tabolismes urbains, l\u2019\u00e9cologie industrielle et la capacit\u00e9 d\u2019adaptation face aux enjeux environnementaux.\" \/>\n<meta property=\"og:url\" content=\"https:\/\/web.umons.ac.be\/fau\/fr\/atouts-de-la-faculte\/\" \/>\n<meta property=\"og:site_name\" content=\"Facult\u00e9 \/ FAU\" \/>\n<meta property=\"article:modified_time\" content=\"2026-02-11T14:37:19+00:00\" \/>\n<meta property=\"og:image\" content=\"https:\/\/web.umons.ac.be\/app\/uploads\/sites\/5\/2024\/05\/Faculte-Projet-3-1.png\" \/>\n\t<meta property=\"og:image:width\" content=\"2000\" \/>\n\t<meta property=\"og:image:height\" content=\"2000\" \/>\n\t<meta property=\"og:image:type\" content=\"image\/png\" \/>\n<meta name=\"twitter:card\" content=\"summary_large_image\" \/>\n<meta name=\"twitter:label1\" content=\"Dur\u00e9e de lecture estim\u00e9e\" \/>\n\t<meta name=\"twitter:data1\" content=\"2 minutes\" \/>\n<script type=\"application\/ld+json\" class=\"yoast-schema-graph\">{\"@context\":\"https:\/\/schema.org\",\"@graph\":[{\"@type\":\"WebPage\",\"@id\":\"https:\/\/web.umons.ac.be\/fau\/fr\/atouts-de-la-faculte\/\",\"url\":\"https:\/\/web.umons.ac.be\/fau\/fr\/atouts-de-la-faculte\/\",\"name\":\"Atouts de la Facult\u00e9 - Facult\u00e9 \/ FAU\",\"isPartOf\":{\"@id\":\"https:\/\/web.umons.ac.be\/fau\/#website\"},\"primaryImageOfPage\":{\"@id\":\"https:\/\/web.umons.ac.be\/fau\/fr\/atouts-de-la-faculte\/#primaryimage\"},\"image\":{\"@id\":\"https:\/\/web.umons.ac.be\/fau\/fr\/atouts-de-la-faculte\/#primaryimage\"},\"thumbnailUrl\":\"https:\/\/web.umons.ac.be\/app\/uploads\/sites\/5\/2024\/05\/Faculte-Projet-3-1-300x300.png\",\"datePublished\":\"2026-01-29T14:28:54+00:00\",\"dateModified\":\"2026-02-11T14:37:19+00:00\",\"description\":\"La Facult\u00e9 dispose de comp\u00e9tences dans la reconversion et la revitalisation des territoires, l\u2019\u00e9tude du patrimoine architectural dans son ancrage r\u00e9gional, l\u2019\u00e9tude des m\u00e9tabolismes urbains, l\u2019\u00e9cologie industrielle et la capacit\u00e9 d\u2019adaptation face aux enjeux environnementaux.\",\"breadcrumb\":{\"@id\":\"https:\/\/web.umons.ac.be\/fau\/fr\/atouts-de-la-faculte\/#breadcrumb\"},\"inLanguage\":\"fr-FR\",\"potentialAction\":[{\"@type\":\"ReadAction\",\"target\":[\"https:\/\/web.umons.ac.be\/fau\/fr\/atouts-de-la-faculte\/\"]}]},{\"@type\":\"ImageObject\",\"inLanguage\":\"fr-FR\",\"@id\":\"https:\/\/web.umons.ac.be\/fau\/fr\/atouts-de-la-faculte\/#primaryimage\",\"url\":\"https:\/\/web.umons.ac.be\/app\/uploads\/sites\/5\/2024\/05\/Faculte-Projet-3-1-300x300.png\",\"contentUrl\":\"https:\/\/web.umons.ac.be\/app\/uploads\/sites\/5\/2024\/05\/Faculte-Projet-3-1-300x300.png\"},{\"@type\":\"BreadcrumbList\",\"@id\":\"https:\/\/web.umons.ac.be\/fau\/fr\/atouts-de-la-faculte\/#breadcrumb\",\"itemListElement\":[{\"@type\":\"ListItem\",\"position\":1,\"name\":\"Accueil\",\"item\":\"https:\/\/web.umons.ac.be\/fau\/fr\/\"},{\"@type\":\"ListItem\",\"position\":2,\"name\":\"Atouts de la Facult\u00e9\"}]},{\"@type\":\"WebSite\",\"@id\":\"https:\/\/web.umons.ac.be\/fau\/#website\",\"url\":\"https:\/\/web.umons.ac.be\/fau\/\",\"name\":\"Facult\u00e9 \/ FAU\",\"description\":\"\",\"potentialAction\":[{\"@type\":\"SearchAction\",\"target\":{\"@type\":\"EntryPoint\",\"urlTemplate\":\"https:\/\/web.umons.ac.be\/fau\/?s={search_term_string}\"},\"query-input\":{\"@type\":\"PropertyValueSpecification\",\"valueRequired\":true,\"valueName\":\"search_term_string\"}}],\"inLanguage\":\"fr-FR\"}]}<\/script>\n<!-- \/ Yoast SEO plugin. -->","yoast_head_json":{"title":"Atouts de la Facult\u00e9 - Facult\u00e9 \/ FAU","description":"La Facult\u00e9 dispose de comp\u00e9tences dans la reconversion et la revitalisation des territoires, l\u2019\u00e9tude du patrimoine architectural dans son ancrage r\u00e9gional, l\u2019\u00e9tude des m\u00e9tabolismes urbains, l\u2019\u00e9cologie industrielle et la capacit\u00e9 d\u2019adaptation face aux enjeux environnementaux.","robots":{"index":"index","follow":"follow","max-snippet":"max-snippet:-1","max-image-preview":"max-image-preview:large","max-video-preview":"max-video-preview:-1"},"canonical":"https:\/\/web.umons.ac.be\/fau\/fr\/atouts-de-la-faculte\/","og_locale":"fr_FR","og_type":"article","og_title":"Atouts de la Facult\u00e9 - Facult\u00e9 \/ FAU","og_description":"La Facult\u00e9 dispose de comp\u00e9tences dans la reconversion et la revitalisation des territoires, l\u2019\u00e9tude du patrimoine architectural dans son ancrage r\u00e9gional, l\u2019\u00e9tude des m\u00e9tabolismes urbains, l\u2019\u00e9cologie industrielle et la capacit\u00e9 d\u2019adaptation face aux enjeux environnementaux.","og_url":"https:\/\/web.umons.ac.be\/fau\/fr\/atouts-de-la-faculte\/","og_site_name":"Facult\u00e9 \/ FAU","article_modified_time":"2026-02-11T14:37:19+00:00","og_image":[{"width":2000,"height":2000,"url":"https:\/\/web.umons.ac.be\/app\/uploads\/sites\/5\/2024\/05\/Faculte-Projet-3-1.png","type":"image\/png"}],"twitter_card":"summary_large_image","twitter_misc":{"Dur\u00e9e de lecture estim\u00e9e":"2 minutes"},"schema":{"@context":"https:\/\/schema.org","@graph":[{"@type":"WebPage","@id":"https:\/\/web.umons.ac.be\/fau\/fr\/atouts-de-la-faculte\/","url":"https:\/\/web.umons.ac.be\/fau\/fr\/atouts-de-la-faculte\/","name":"Atouts de la Facult\u00e9 - Facult\u00e9 \/ FAU","isPartOf":{"@id":"https:\/\/web.umons.ac.be\/fau\/#website"},"primaryImageOfPage":{"@id":"https:\/\/web.umons.ac.be\/fau\/fr\/atouts-de-la-faculte\/#primaryimage"},"image":{"@id":"https:\/\/web.umons.ac.be\/fau\/fr\/atouts-de-la-faculte\/#primaryimage"},"thumbnailUrl":"https:\/\/web.umons.ac.be\/app\/uploads\/sites\/5\/2024\/05\/Faculte-Projet-3-1-300x300.png","datePublished":"2026-01-29T14:28:54+00:00","dateModified":"2026-02-11T14:37:19+00:00","description":"La Facult\u00e9 dispose de comp\u00e9tences dans la reconversion et la revitalisation des territoires, l\u2019\u00e9tude du patrimoine architectural dans son ancrage r\u00e9gional, l\u2019\u00e9tude des m\u00e9tabolismes urbains, l\u2019\u00e9cologie industrielle et la capacit\u00e9 d\u2019adaptation face aux enjeux environnementaux.","breadcrumb":{"@id":"https:\/\/web.umons.ac.be\/fau\/fr\/atouts-de-la-faculte\/#breadcrumb"},"inLanguage":"fr-FR","potentialAction":[{"@type":"ReadAction","target":["https:\/\/web.umons.ac.be\/fau\/fr\/atouts-de-la-faculte\/"]}]},{"@type":"ImageObject","inLanguage":"fr-FR","@id":"https:\/\/web.umons.ac.be\/fau\/fr\/atouts-de-la-faculte\/#primaryimage","url":"https:\/\/web.umons.ac.be\/app\/uploads\/sites\/5\/2024\/05\/Faculte-Projet-3-1-300x300.png","contentUrl":"https:\/\/web.umons.ac.be\/app\/uploads\/sites\/5\/2024\/05\/Faculte-Projet-3-1-300x300.png"},{"@type":"BreadcrumbList","@id":"https:\/\/web.umons.ac.be\/fau\/fr\/atouts-de-la-faculte\/#breadcrumb","itemListElement":[{"@type":"ListItem","position":1,"name":"Accueil","item":"https:\/\/web.umons.ac.be\/fau\/fr\/"},{"@type":"ListItem","position":2,"name":"Atouts de la Facult\u00e9"}]},{"@type":"WebSite","@id":"https:\/\/web.umons.ac.be\/fau\/#website","url":"https:\/\/web.umons.ac.be\/fau\/","name":"Facult\u00e9 \/ FAU","description":"","potentialAction":[{"@type":"SearchAction","target":{"@type":"EntryPoint","urlTemplate":"https:\/\/web.umons.ac.be\/fau\/?s={search_term_string}"},"query-input":{"@type":"PropertyValueSpecification","valueRequired":true,"valueName":"search_term_string"}}],"inLanguage":"fr-FR"}]}},"lang":"fr","translations":{"fr":3628},"pll_sync_post":[],"_links":{"self":[{"href":"https:\/\/web.umons.ac.be\/fau\/wp-json\/wp\/v2\/pages\/3628","targetHints":{"allow":["GET"]}}],"collection":[{"href":"https:\/\/web.umons.ac.be\/fau\/wp-json\/wp\/v2\/pages"}],"about":[{"href":"https:\/\/web.umons.ac.be\/fau\/wp-json\/wp\/v2\/types\/page"}],"author":[{"embeddable":true,"href":"https:\/\/web.umons.ac.be\/fau\/wp-json\/wp\/v2\/users\/3"}],"replies":[{"embeddable":true,"href":"https:\/\/web.umons.ac.be\/fau\/wp-json\/wp\/v2\/comments?post=3628"}],"version-history":[{"count":3,"href":"https:\/\/web.umons.ac.be\/fau\/wp-json\/wp\/v2\/pages\/3628\/revisions"}],"predecessor-version":[{"id":3663,"href":"https:\/\/web.umons.ac.be\/fau\/wp-json\/wp\/v2\/pages\/3628\/revisions\/3663"}],"wp:attachment":[{"href":"https:\/\/web.umons.ac.be\/fau\/wp-json\/wp\/v2\/media?parent=3628"}],"curies":[{"name":"wp","href":"https:\/\/api.w.org\/{rel}","templated":true}]}}