{"id":519,"date":"2017-10-19T15:57:14","date_gmt":"2017-10-19T13:57:14","guid":{"rendered":"https:\/\/web.umons.ac.be\/fau\/?page_id=519"},"modified":"2024-12-13T14:50:26","modified_gmt":"2024-12-13T13:50:26","slug":"debouches","status":"publish","type":"page","link":"https:\/\/web.umons.ac.be\/fau\/en\/etudes\/debouches\/","title":{"rendered":"Opportunities"},"content":{"rendered":"<h2>A Master&rsquo;s degree in Architecture gives access to a wide range of professions<\/h2>\n<p>The Master&rsquo;s degree in Architecture gives access to the following professions :<a href=\"https:\/\/web.umons.ac.be\/app\/uploads\/sites\/5\/2024\/05\/Faculte-Forum.png\"><img loading=\"lazy\" decoding=\"async\" class=\"alignright wp-image-3107 size-medium\" src=\"https:\/\/web.umons.ac.be\/app\/uploads\/sites\/5\/2024\/05\/Faculte-Forum-300x300.png\" sizes=\"auto, (max-width: 300px) 100vw, 300px\" srcset=\"https:\/\/web.umons.ac.be\/app\/uploads\/sites\/5\/2024\/05\/Faculte-Forum-300x300.png 300w, https:\/\/web.umons.ac.be\/app\/uploads\/sites\/5\/2024\/05\/Faculte-Forum-1024x1024.png 1024w, https:\/\/web.umons.ac.be\/app\/uploads\/sites\/5\/2024\/05\/Faculte-Forum-150x150.png 150w, https:\/\/web.umons.ac.be\/app\/uploads\/sites\/5\/2024\/05\/Faculte-Forum-768x768.png 768w, https:\/\/web.umons.ac.be\/app\/uploads\/sites\/5\/2024\/05\/Faculte-Forum-1536x1536.png 1536w, https:\/\/web.umons.ac.be\/app\/uploads\/sites\/5\/2024\/05\/Faculte-Forum-660x660.png 660w, https:\/\/web.umons.ac.be\/app\/uploads\/sites\/5\/2024\/05\/Faculte-Forum-30x30.png 30w, https:\/\/web.umons.ac.be\/app\/uploads\/sites\/5\/2024\/05\/Faculte-Forum-80x80.png 80w, https:\/\/web.umons.ac.be\/app\/uploads\/sites\/5\/2024\/05\/Faculte-Forum-60x60.png 60w, https:\/\/web.umons.ac.be\/app\/uploads\/sites\/5\/2024\/05\/Faculte-Forum-360x360.png 360w, https:\/\/web.umons.ac.be\/app\/uploads\/sites\/5\/2024\/05\/Faculte-Forum-400x400.png 400w, https:\/\/web.umons.ac.be\/app\/uploads\/sites\/5\/2024\/05\/Faculte-Forum-200x200.png 200w, https:\/\/web.umons.ac.be\/app\/uploads\/sites\/5\/2024\/05\/Faculte-Forum.png 2000w\" alt=\"Le dipl\u00f4me de Master en Architecture d\u00e9bouche sur la profession d'architecte ind\u00e9pendant. Architecte employ\u00e9 dans une entreprise priv\u00e9e ou publique.\" width=\"300\" height=\"300\" \/><\/a><\/p>\n<ul>\n<li><strong>Self-employed architect<\/strong><\/li>\n<\/ul>\n<p>A graduate of a Master&rsquo;s degree in architecture can work as a self-employed architect in Belgium, providing that they have completed a two-year work placement. They will be supervised by an experienced architect, under the authority of the <a href=\"https:\/\/ordredesarchitectes.be\/\">Ordre des Architectes<\/a>.<\/p>\n<p>The course leads to a European qualification and allows architects to practise their profession in the European Union. They are also eligible for the HMONP qualification in France. This is a one-year course that enables candidates to embark on a career path that will lead them to take on the responsibility of an architectural project.<\/p>\n<ul>\n<li><strong>Architect employed by a private or public company<\/strong><\/li>\n<\/ul>\n<p>The growing complexity of the building process, construction-related tasks and new urban and environmental challenges offer newly qualified architects a wide range of careers.<\/p>\n<p>Far from opening the door solely to the construction of urban and suburban buildings, the course leads to careers in urban planning, regional development, heritage restoration and energy, among others.<\/p>\n<p>These opportunities range from new builds and urban planning to the booming renovation, redevelopment and conversion market.<\/p>\n<p>A number of our former graduates have successfully embarked on these different career paths.<\/p>\n<p>New graduates can also embark on a PhD. Research in multidisciplinary teams provides a favourable setting for this kind of work.<\/p>\n<h2>Master\u2019s degree in Urban Planning and Territorial Development<\/h2>\n<p>Graduates of this Master&rsquo;s degree will be called upon, as major players in the transition of our societies and their territories, to be part of professional developments in the design, planning and management of territories. This opens up opportunities in both the public and private sectors, both for project management for those who commission urban planning and territorial development projects, usually from the public sector, and for project management for the service providers who offer their skills in response to the clients.<\/p>\n","protected":false},"excerpt":{"rendered":"<p>A Master&rsquo;s degree in Architecture gives access to a wide range of professions The Master&rsquo;s degree in Architecture gives access to the following professions : Self-employed architect A graduate of a Master&rsquo;s degree in architecture can work as a self-employed architect in Belgium, providing that they have completed a two-year work placement. They will be [&hellip;]<\/p>\n","protected":false},"author":3,"featured_media":0,"parent":611,"menu_order":3,"comment_status":"closed","ping_status":"closed","template":"","meta":{"footnotes":""},"class_list":["post-519","page","type-page","status-publish","hentry"],"yoast_head":"<!-- This site is optimized with the Yoast SEO plugin v27.2 - https:\/\/yoast.com\/product\/yoast-seo-wordpress\/ -->\n<title>Opportunities - Facult\u00e9 \/ FAU<\/title>\n<meta name=\"robots\" content=\"index, follow, max-snippet:-1, max-image-preview:large, max-video-preview:-1\" \/>\n<link rel=\"canonical\" href=\"https:\/\/web.umons.ac.be\/fau\/en\/etudes\/debouches\/\" \/>\n<meta property=\"og:locale\" content=\"fr_FR\" \/>\n<meta property=\"og:type\" content=\"article\" \/>\n<meta property=\"og:title\" content=\"Opportunities - Facult\u00e9 \/ FAU\" \/>\n<meta property=\"og:description\" content=\"A Master&rsquo;s degree in Architecture gives access to a wide range of professions The Master&rsquo;s degree in Architecture gives access to the following professions : Self-employed architect A graduate of a Master&rsquo;s degree in architecture can work as a self-employed architect in Belgium, providing that they have completed a two-year work placement. They will be [&hellip;]\" \/>\n<meta property=\"og:url\" content=\"https:\/\/web.umons.ac.be\/fau\/en\/etudes\/debouches\/\" \/>\n<meta property=\"og:site_name\" content=\"Facult\u00e9 \/ FAU\" \/>\n<meta property=\"article:modified_time\" content=\"2024-12-13T13:50:26+00:00\" \/>\n<meta property=\"og:image\" content=\"https:\/\/web.umons.ac.be\/app\/uploads\/sites\/5\/2024\/05\/Faculte-Forum-300x300.png\" \/>\n<meta name=\"twitter:card\" content=\"summary_large_image\" \/>\n<meta name=\"twitter:label1\" content=\"Dur\u00e9e de lecture estim\u00e9e\" \/>\n\t<meta name=\"twitter:data1\" content=\"2 minutes\" \/>\n<script type=\"application\/ld+json\" class=\"yoast-schema-graph\">{\"@context\":\"https:\/\/schema.org\",\"@graph\":[{\"@type\":\"WebPage\",\"@id\":\"https:\/\/web.umons.ac.be\/fau\/en\/etudes\/debouches\/\",\"url\":\"https:\/\/web.umons.ac.be\/fau\/en\/etudes\/debouches\/\",\"name\":\"Opportunities - Facult\u00e9 \/ FAU\",\"isPartOf\":{\"@id\":\"https:\/\/web.umons.ac.be\/fau\/#website\"},\"primaryImageOfPage\":{\"@id\":\"https:\/\/web.umons.ac.be\/fau\/en\/etudes\/debouches\/#primaryimage\"},\"image\":{\"@id\":\"https:\/\/web.umons.ac.be\/fau\/en\/etudes\/debouches\/#primaryimage\"},\"thumbnailUrl\":\"https:\/\/web.umons.ac.be\/app\/uploads\/sites\/5\/2024\/05\/Faculte-Forum-300x300.png\",\"datePublished\":\"2017-10-19T13:57:14+00:00\",\"dateModified\":\"2024-12-13T13:50:26+00:00\",\"breadcrumb\":{\"@id\":\"https:\/\/web.umons.ac.be\/fau\/en\/etudes\/debouches\/#breadcrumb\"},\"inLanguage\":\"fr-FR\",\"potentialAction\":[{\"@type\":\"ReadAction\",\"target\":[\"https:\/\/web.umons.ac.be\/fau\/en\/etudes\/debouches\/\"]}]},{\"@type\":\"ImageObject\",\"inLanguage\":\"fr-FR\",\"@id\":\"https:\/\/web.umons.ac.be\/fau\/en\/etudes\/debouches\/#primaryimage\",\"url\":\"https:\/\/web.umons.ac.be\/app\/uploads\/sites\/5\/2024\/05\/Faculte-Forum-300x300.png\",\"contentUrl\":\"https:\/\/web.umons.ac.be\/app\/uploads\/sites\/5\/2024\/05\/Faculte-Forum-300x300.png\"},{\"@type\":\"BreadcrumbList\",\"@id\":\"https:\/\/web.umons.ac.be\/fau\/en\/etudes\/debouches\/#breadcrumb\",\"itemListElement\":[{\"@type\":\"ListItem\",\"position\":1,\"name\":\"Accueil\",\"item\":\"https:\/\/web.umons.ac.be\/fau\/fr\/\"},{\"@type\":\"ListItem\",\"position\":2,\"name\":\"Courses of Study\",\"item\":\"https:\/\/web.umons.ac.be\/fau\/en\/etudes\/\"},{\"@type\":\"ListItem\",\"position\":3,\"name\":\"Opportunities\"}]},{\"@type\":\"WebSite\",\"@id\":\"https:\/\/web.umons.ac.be\/fau\/#website\",\"url\":\"https:\/\/web.umons.ac.be\/fau\/\",\"name\":\"Facult\u00e9 \/ FAU\",\"description\":\"\",\"potentialAction\":[{\"@type\":\"SearchAction\",\"target\":{\"@type\":\"EntryPoint\",\"urlTemplate\":\"https:\/\/web.umons.ac.be\/fau\/?s={search_term_string}\"},\"query-input\":{\"@type\":\"PropertyValueSpecification\",\"valueRequired\":true,\"valueName\":\"search_term_string\"}}],\"inLanguage\":\"fr-FR\"}]}<\/script>\n<!-- \/ Yoast SEO plugin. -->","yoast_head_json":{"title":"Opportunities - Facult\u00e9 \/ FAU","robots":{"index":"index","follow":"follow","max-snippet":"max-snippet:-1","max-image-preview":"max-image-preview:large","max-video-preview":"max-video-preview:-1"},"canonical":"https:\/\/web.umons.ac.be\/fau\/en\/etudes\/debouches\/","og_locale":"fr_FR","og_type":"article","og_title":"Opportunities - Facult\u00e9 \/ FAU","og_description":"A Master&rsquo;s degree in Architecture gives access to a wide range of professions The Master&rsquo;s degree in Architecture gives access to the following professions : Self-employed architect A graduate of a Master&rsquo;s degree in architecture can work as a self-employed architect in Belgium, providing that they have completed a two-year work placement. They will be [&hellip;]","og_url":"https:\/\/web.umons.ac.be\/fau\/en\/etudes\/debouches\/","og_site_name":"Facult\u00e9 \/ FAU","article_modified_time":"2024-12-13T13:50:26+00:00","og_image":[{"url":"https:\/\/web.umons.ac.be\/app\/uploads\/sites\/5\/2024\/05\/Faculte-Forum-300x300.png","type":"","width":"","height":""}],"twitter_card":"summary_large_image","twitter_misc":{"Dur\u00e9e de lecture estim\u00e9e":"2 minutes"},"schema":{"@context":"https:\/\/schema.org","@graph":[{"@type":"WebPage","@id":"https:\/\/web.umons.ac.be\/fau\/en\/etudes\/debouches\/","url":"https:\/\/web.umons.ac.be\/fau\/en\/etudes\/debouches\/","name":"Opportunities - Facult\u00e9 \/ FAU","isPartOf":{"@id":"https:\/\/web.umons.ac.be\/fau\/#website"},"primaryImageOfPage":{"@id":"https:\/\/web.umons.ac.be\/fau\/en\/etudes\/debouches\/#primaryimage"},"image":{"@id":"https:\/\/web.umons.ac.be\/fau\/en\/etudes\/debouches\/#primaryimage"},"thumbnailUrl":"https:\/\/web.umons.ac.be\/app\/uploads\/sites\/5\/2024\/05\/Faculte-Forum-300x300.png","datePublished":"2017-10-19T13:57:14+00:00","dateModified":"2024-12-13T13:50:26+00:00","breadcrumb":{"@id":"https:\/\/web.umons.ac.be\/fau\/en\/etudes\/debouches\/#breadcrumb"},"inLanguage":"fr-FR","potentialAction":[{"@type":"ReadAction","target":["https:\/\/web.umons.ac.be\/fau\/en\/etudes\/debouches\/"]}]},{"@type":"ImageObject","inLanguage":"fr-FR","@id":"https:\/\/web.umons.ac.be\/fau\/en\/etudes\/debouches\/#primaryimage","url":"https:\/\/web.umons.ac.be\/app\/uploads\/sites\/5\/2024\/05\/Faculte-Forum-300x300.png","contentUrl":"https:\/\/web.umons.ac.be\/app\/uploads\/sites\/5\/2024\/05\/Faculte-Forum-300x300.png"},{"@type":"BreadcrumbList","@id":"https:\/\/web.umons.ac.be\/fau\/en\/etudes\/debouches\/#breadcrumb","itemListElement":[{"@type":"ListItem","position":1,"name":"Accueil","item":"https:\/\/web.umons.ac.be\/fau\/fr\/"},{"@type":"ListItem","position":2,"name":"Courses of Study","item":"https:\/\/web.umons.ac.be\/fau\/en\/etudes\/"},{"@type":"ListItem","position":3,"name":"Opportunities"}]},{"@type":"WebSite","@id":"https:\/\/web.umons.ac.be\/fau\/#website","url":"https:\/\/web.umons.ac.be\/fau\/","name":"Facult\u00e9 \/ FAU","description":"","potentialAction":[{"@type":"SearchAction","target":{"@type":"EntryPoint","urlTemplate":"https:\/\/web.umons.ac.be\/fau\/?s={search_term_string}"},"query-input":{"@type":"PropertyValueSpecification","valueRequired":true,"valueName":"search_term_string"}}],"inLanguage":"fr-FR"}]}},"lang":"en","translations":{"en":519,"fr":191},"pll_sync_post":[],"_links":{"self":[{"href":"https:\/\/web.umons.ac.be\/fau\/wp-json\/wp\/v2\/pages\/519","targetHints":{"allow":["GET"]}}],"collection":[{"href":"https:\/\/web.umons.ac.be\/fau\/wp-json\/wp\/v2\/pages"}],"about":[{"href":"https:\/\/web.umons.ac.be\/fau\/wp-json\/wp\/v2\/types\/page"}],"author":[{"embeddable":true,"href":"https:\/\/web.umons.ac.be\/fau\/wp-json\/wp\/v2\/users\/3"}],"replies":[{"embeddable":true,"href":"https:\/\/web.umons.ac.be\/fau\/wp-json\/wp\/v2\/comments?post=519"}],"version-history":[{"count":3,"href":"https:\/\/web.umons.ac.be\/fau\/wp-json\/wp\/v2\/pages\/519\/revisions"}],"predecessor-version":[{"id":3343,"href":"https:\/\/web.umons.ac.be\/fau\/wp-json\/wp\/v2\/pages\/519\/revisions\/3343"}],"up":[{"embeddable":true,"href":"https:\/\/web.umons.ac.be\/fau\/wp-json\/wp\/v2\/pages\/611"}],"wp:attachment":[{"href":"https:\/\/web.umons.ac.be\/fau\/wp-json\/wp\/v2\/media?parent=519"}],"curies":[{"name":"wp","href":"https:\/\/api.w.org\/{rel}","templated":true}]}}