{"id":11,"date":"2021-11-26T08:45:44","date_gmt":"2021-11-26T07:45:44","guid":{"rendered":"https:\/\/web.umons.ac.be\/flma\/activites-denseignement\/"},"modified":"2021-11-26T09:04:17","modified_gmt":"2021-11-26T08:04:17","slug":"activites-denseignement","status":"publish","type":"page","link":"https:\/\/web.umons.ac.be\/flma\/activites-denseignement\/","title":{"rendered":"Activit\u00e9s d&rsquo;enseignement"},"content":{"rendered":"<ul>\n<li>M\u00e9canique des fluides<\/li>\n<li>Thermique &#8211; Fondements<\/li>\n<li>Fluid Power Actuators<\/li>\n<li>Actionneurs hydrauliques et pneumatiques<\/li>\n<li>A\u00e9rodynamique compressible et incompressible<\/li>\n<li>Computational Fluid Dynamics<\/li>\n<li>Energie \u00e9olienne<\/li>\n<li>Fondements de machines \u00e0 fluides et machines thermiques<\/li>\n<li>Gestion des ressources \u00e9nerg\u00e9tiques et production centralis\u00e9e d&rsquo;\u00e9lectricit\u00e9<\/li>\n<li>Machines \u00e0 fluides<\/li>\n<li>M\u00e9canique des Fluides<\/li>\n<li>M\u00e9canique des fluides appliqu\u00e9e et industrielle<\/li>\n<li>Moteurs \u00e0 combustion interne et compl\u00e9ments de thermodynamique appliqu\u00e9e<\/li>\n<li>Turbines \u00e0 gaz et \u00e0 vapeur<\/li>\n<li>Turbulence<\/li>\n<\/ul>\n","protected":false},"excerpt":{"rendered":"<p>M\u00e9canique des fluides Thermique &#8211; Fondements Fluid Power Actuators Actionneurs hydrauliques et pneumatiques A\u00e9rodynamique compressible et incompressible Computational Fluid Dynamics Energie \u00e9olienne Fondements de machines \u00e0 fluides et machines thermiques Gestion des ressources \u00e9nerg\u00e9tiques et production centralis\u00e9e d&rsquo;\u00e9lectricit\u00e9 Machines \u00e0 fluides M\u00e9canique des Fluides M\u00e9canique des fluides appliqu\u00e9e et industrielle Moteurs \u00e0 combustion interne et [&hellip;]<\/p>\n","protected":false},"author":4,"featured_media":0,"parent":0,"menu_order":0,"comment_status":"closed","ping_status":"closed","template":"","meta":{"footnotes":""},"class_list":["post-11","page","type-page","status-publish","hentry"],"yoast_head":"<!-- This site is optimized with the Yoast SEO plugin v27.2 - https:\/\/yoast.com\/product\/yoast-seo-wordpress\/ -->\n<title>Activit\u00e9s d&#039;enseignement - Service \/ FPMS - Fluides - Machines<\/title>\n<meta name=\"robots\" content=\"index, follow, max-snippet:-1, max-image-preview:large, max-video-preview:-1\" \/>\n<link rel=\"canonical\" href=\"https:\/\/web.umons.ac.be\/flma\/activites-denseignement\/\" \/>\n<meta property=\"og:locale\" content=\"fr_FR\" \/>\n<meta property=\"og:type\" content=\"article\" \/>\n<meta property=\"og:title\" content=\"Activit\u00e9s d&#039;enseignement - Service \/ FPMS - Fluides - Machines\" \/>\n<meta property=\"og:description\" content=\"M\u00e9canique des fluides Thermique &#8211; Fondements Fluid Power Actuators Actionneurs hydrauliques et pneumatiques A\u00e9rodynamique compressible et incompressible Computational Fluid Dynamics Energie \u00e9olienne Fondements de machines \u00e0 fluides et machines thermiques Gestion des ressources \u00e9nerg\u00e9tiques et production centralis\u00e9e d&rsquo;\u00e9lectricit\u00e9 Machines \u00e0 fluides M\u00e9canique des Fluides M\u00e9canique des fluides appliqu\u00e9e et industrielle Moteurs \u00e0 combustion interne et [&hellip;]\" \/>\n<meta property=\"og:url\" content=\"https:\/\/web.umons.ac.be\/flma\/activites-denseignement\/\" \/>\n<meta property=\"og:site_name\" content=\"Service \/ FPMS - Fluides - Machines\" \/>\n<meta property=\"article:modified_time\" content=\"2021-11-26T08:04:17+00:00\" \/>\n<meta name=\"twitter:card\" content=\"summary_large_image\" \/>\n<script type=\"application\/ld+json\" class=\"yoast-schema-graph\">{\"@context\":\"https:\/\/schema.org\",\"@graph\":[{\"@type\":\"WebPage\",\"@id\":\"https:\/\/web.umons.ac.be\/flma\/activites-denseignement\/\",\"url\":\"https:\/\/web.umons.ac.be\/flma\/activites-denseignement\/\",\"name\":\"Activit\u00e9s d'enseignement - Service \/ FPMS - Fluides - Machines\",\"isPartOf\":{\"@id\":\"https:\/\/web.umons.ac.be\/flma\/#website\"},\"datePublished\":\"2021-11-26T07:45:44+00:00\",\"dateModified\":\"2021-11-26T08:04:17+00:00\",\"breadcrumb\":{\"@id\":\"https:\/\/web.umons.ac.be\/flma\/activites-denseignement\/#breadcrumb\"},\"inLanguage\":\"fr-FR\",\"potentialAction\":[{\"@type\":\"ReadAction\",\"target\":[\"https:\/\/web.umons.ac.be\/flma\/activites-denseignement\/\"]}]},{\"@type\":\"BreadcrumbList\",\"@id\":\"https:\/\/web.umons.ac.be\/flma\/activites-denseignement\/#breadcrumb\",\"itemListElement\":[{\"@type\":\"ListItem\",\"position\":1,\"name\":\"Home\",\"item\":\"https:\/\/web.umons.ac.be\/flma\/\"},{\"@type\":\"ListItem\",\"position\":2,\"name\":\"Activit\u00e9s d&rsquo;enseignement\"}]},{\"@type\":\"WebSite\",\"@id\":\"https:\/\/web.umons.ac.be\/flma\/#website\",\"url\":\"https:\/\/web.umons.ac.be\/flma\/\",\"name\":\"Service \/ FPMS - Fluides - Machines\",\"description\":\"\",\"potentialAction\":[{\"@type\":\"SearchAction\",\"target\":{\"@type\":\"EntryPoint\",\"urlTemplate\":\"https:\/\/web.umons.ac.be\/flma\/?s={search_term_string}\"},\"query-input\":{\"@type\":\"PropertyValueSpecification\",\"valueRequired\":true,\"valueName\":\"search_term_string\"}}],\"inLanguage\":\"fr-FR\"}]}<\/script>\n<!-- \/ Yoast SEO plugin. -->","yoast_head_json":{"title":"Activit\u00e9s d'enseignement - Service \/ FPMS - Fluides - Machines","robots":{"index":"index","follow":"follow","max-snippet":"max-snippet:-1","max-image-preview":"max-image-preview:large","max-video-preview":"max-video-preview:-1"},"canonical":"https:\/\/web.umons.ac.be\/flma\/activites-denseignement\/","og_locale":"fr_FR","og_type":"article","og_title":"Activit\u00e9s d'enseignement - Service \/ FPMS - Fluides - Machines","og_description":"M\u00e9canique des fluides Thermique &#8211; Fondements Fluid Power Actuators Actionneurs hydrauliques et pneumatiques A\u00e9rodynamique compressible et incompressible Computational Fluid Dynamics Energie \u00e9olienne Fondements de machines \u00e0 fluides et machines thermiques Gestion des ressources \u00e9nerg\u00e9tiques et production centralis\u00e9e d&rsquo;\u00e9lectricit\u00e9 Machines \u00e0 fluides M\u00e9canique des Fluides M\u00e9canique des fluides appliqu\u00e9e et industrielle Moteurs \u00e0 combustion interne et [&hellip;]","og_url":"https:\/\/web.umons.ac.be\/flma\/activites-denseignement\/","og_site_name":"Service \/ FPMS - Fluides - Machines","article_modified_time":"2021-11-26T08:04:17+00:00","twitter_card":"summary_large_image","schema":{"@context":"https:\/\/schema.org","@graph":[{"@type":"WebPage","@id":"https:\/\/web.umons.ac.be\/flma\/activites-denseignement\/","url":"https:\/\/web.umons.ac.be\/flma\/activites-denseignement\/","name":"Activit\u00e9s d'enseignement - Service \/ FPMS - Fluides - Machines","isPartOf":{"@id":"https:\/\/web.umons.ac.be\/flma\/#website"},"datePublished":"2021-11-26T07:45:44+00:00","dateModified":"2021-11-26T08:04:17+00:00","breadcrumb":{"@id":"https:\/\/web.umons.ac.be\/flma\/activites-denseignement\/#breadcrumb"},"inLanguage":"fr-FR","potentialAction":[{"@type":"ReadAction","target":["https:\/\/web.umons.ac.be\/flma\/activites-denseignement\/"]}]},{"@type":"BreadcrumbList","@id":"https:\/\/web.umons.ac.be\/flma\/activites-denseignement\/#breadcrumb","itemListElement":[{"@type":"ListItem","position":1,"name":"Home","item":"https:\/\/web.umons.ac.be\/flma\/"},{"@type":"ListItem","position":2,"name":"Activit\u00e9s d&rsquo;enseignement"}]},{"@type":"WebSite","@id":"https:\/\/web.umons.ac.be\/flma\/#website","url":"https:\/\/web.umons.ac.be\/flma\/","name":"Service \/ FPMS - Fluides - Machines","description":"","potentialAction":[{"@type":"SearchAction","target":{"@type":"EntryPoint","urlTemplate":"https:\/\/web.umons.ac.be\/flma\/?s={search_term_string}"},"query-input":{"@type":"PropertyValueSpecification","valueRequired":true,"valueName":"search_term_string"}}],"inLanguage":"fr-FR"}]}},"lang":"fr","translations":{"fr":11,"en":13},"pll_sync_post":[],"_links":{"self":[{"href":"https:\/\/web.umons.ac.be\/flma\/wp-json\/wp\/v2\/pages\/11","targetHints":{"allow":["GET"]}}],"collection":[{"href":"https:\/\/web.umons.ac.be\/flma\/wp-json\/wp\/v2\/pages"}],"about":[{"href":"https:\/\/web.umons.ac.be\/flma\/wp-json\/wp\/v2\/types\/page"}],"author":[{"embeddable":true,"href":"https:\/\/web.umons.ac.be\/flma\/wp-json\/wp\/v2\/users\/4"}],"replies":[{"embeddable":true,"href":"https:\/\/web.umons.ac.be\/flma\/wp-json\/wp\/v2\/comments?post=11"}],"version-history":[{"count":1,"href":"https:\/\/web.umons.ac.be\/flma\/wp-json\/wp\/v2\/pages\/11\/revisions"}],"predecessor-version":[{"id":49,"href":"https:\/\/web.umons.ac.be\/flma\/wp-json\/wp\/v2\/pages\/11\/revisions\/49"}],"wp:attachment":[{"href":"https:\/\/web.umons.ac.be\/flma\/wp-json\/wp\/v2\/media?parent=11"}],"curies":[{"name":"wp","href":"https:\/\/api.w.org\/{rel}","templated":true}]}}