{"id":100,"date":"2017-07-07T12:23:30","date_gmt":"2017-07-07T10:23:30","guid":{"rendered":"https:\/\/web.umons.ac.be\/fpms\/?page_id=100"},"modified":"2024-06-20T17:02:22","modified_gmt":"2024-06-20T15:02:22","slug":"bienvenue-a-la-polytech","status":"publish","type":"page","link":"https:\/\/web.umons.ac.be\/fpms\/fr\/bienvenue-a-la-polytech\/","title":{"rendered":"Bienvenue \u00e0 la Polytech"},"content":{"rendered":"<h2>Bienvenue en premi\u00e8re ann\u00e9e Polytech Mons<\/h2>\n<p><strong>ENG\u2019UP : un environnement de formation et d\u2019accompagnement pour \u201cCr\u00e9er et se Cr\u00e9er\u201d<\/strong><\/p>\n<ul>\n<li><strong>Un accompagnement &#8230; <\/strong><\/li>\n<\/ul>\n<p>Au fil des cinq ann\u00e9es de formation, la p\u00e9dagogie se veut r\u00e9solument active et les contacts avec le monde de l\u2019entreprise, omnipr\u00e9sents.<\/p>\n<ul>\n<li><strong>Un environnement &#8230; <\/strong><\/li>\n<\/ul>\n<p>Les \u00e9tudiants travaillent, dans un r\u00e9el climat de confiance, avec les enseignants. Ceux-ci les accompagnent pour structurer l\u2019acquisition de comp\u00e9tences et d\u00e9velopper progressivement l\u2019autonomie.<\/p>\n<hr \/>\n<h3>Programme de la Welcome Week 2024-2025<\/h3>\n<div class=\"highlighted-block\">\n<h2><a href=\"https:\/\/web.umons.ac.be\/fr\/evenements\/welcome-week-et-cours-introductifs\/\" target=\"_blank\" rel=\"noopener\">&#8212;&gt; S&rsquo;inscrire aux activit\u00e9s<\/a><\/h2>\n<\/div>\n<p>&nbsp;<\/p>\n<div>\n<table style=\"width: 100%\" width=\"652\">\n<tbody>\n<tr>\n<td style=\"background-color: #a9c4eb;width: 99.7913%\" colspan=\"3\" width=\"187\"><strong>Lundi 09 septembre\u00a0<\/strong><\/td>\n<\/tr>\n<tr>\n<td style=\"width: 14.8225%\" width=\"187\">08h30 \u00e0 11h00<\/td>\n<td style=\"width: 64.7183%\" width=\"332\">S\u00e9ance g\u00e9n\u00e9rale d&rsquo;accueil UMONS<\/td>\n<td style=\"width: 20.2505%\" width=\"132\">Amphith\u00e9\u00e2tre Sti\u00e9venart **<\/td>\n<\/tr>\n<tr>\n<td style=\"width: 14.8225%\" width=\"187\">11h30 \u00e0 12h15<\/td>\n<td style=\"width: 64.7183%\" width=\"332\">Accueil facultaire\u00a0\u2013 \u00ab\u00a0Passer le cap de la premi\u00e8re ann\u00e9e en Polytech\u00a0\u00bb<\/td>\n<td style=\"width: 20.2505%\" width=\"132\">Houdain* (Auditoire 12)<\/td>\n<\/tr>\n<tr>\n<td style=\"width: 14.8225%\" width=\"187\">12h15 \u00e0 13h15<\/td>\n<td style=\"width: 64.7183%\" width=\"332\">Repas sandwiches<\/td>\n<td style=\"width: 20.2505%\" width=\"132\">Houdain* (Hall d&rsquo;entr\u00e9e)<\/td>\n<\/tr>\n<tr>\n<td style=\"width: 14.8225%\" width=\"187\">13h15 \u00e0 15h00<\/td>\n<td style=\"width: 64.7183%\" width=\"332\">D\u00e9couverte des outils num\u00e9riques avec les \u00e9tudiants Polytech<\/td>\n<td style=\"width: 20.2505%\" width=\"132\">Houdain* (Auditoire 12)<\/td>\n<\/tr>\n<tr>\n<td style=\"background-color: #a9c4eb;width: 99.7913%\" colspan=\"3\" width=\"187\"><strong>Mardi 10 septembre<\/strong><\/td>\n<\/tr>\n<tr>\n<td style=\"width: 14.8225%\" width=\"187\">10h30 \u00e0 12h00<\/td>\n<td style=\"width: 64.7183%\" width=\"332\">Initiation \u00e0 la plateforme PIX \u00ab J\u2019\u00e9value mes comp\u00e9tences num\u00e9riques \u00bb<\/td>\n<td style=\"width: 20.2505%\" width=\"132\">Houdain* (Auditoire 12)<\/td>\n<\/tr>\n<tr>\n<td style=\"width: 14.8225%\" width=\"187\">13h30 \u00e0 16h30<\/td>\n<td style=\"width: 84.9688%\" colspan=\"2\" width=\"465\">Activit\u00e9s organis\u00e9es par l\u2019UMONS<\/td>\n<\/tr>\n<tr>\n<td style=\"width: 99.7913%;background-color: #a9c4eb\" colspan=\"3\" width=\"187\"><strong>Mercredi 11 septembre<\/strong><\/td>\n<\/tr>\n<tr>\n<td style=\"width: 14.8225%\" width=\"187\"><\/td>\n<td style=\"width: 84.9688%\" colspan=\"2\" width=\"465\">D\u00e9couverte de l\u2019environnement UMONS avec les \u00e9tudiants<\/td>\n<\/tr>\n<tr>\n<td style=\"width: 99.7913%;background-color: #a9c4eb\" colspan=\"3\" width=\"187\"><strong>Jeudi 14 septembre<\/strong><\/td>\n<\/tr>\n<tr>\n<td style=\"width: 14.8225%\" width=\"187\">10h15 \u00e0 12h15<\/td>\n<td style=\"width: 64.7183%\" width=\"332\">Cours introductif \u00ab Les maths et l\u2019ing\u00e9nieur : Logarithmes et exponentielles \u00bb (A. Vandaele)<\/td>\n<td style=\"width: 20.2505%\" width=\"132\">Houdain* (Auditoire 12)<\/td>\n<\/tr>\n<tr>\n<td style=\"width: 14.8225%\" width=\"187\">13h30 \u00e0 15h30<\/td>\n<td style=\"width: 64.7183%\" width=\"332\">Challenge Maths-Sciences<br \/>\n<em>R\u00e9soudre en \u00e9quipe des probl\u00e8mes scientifiques en faisant appel aux outils math\u00e9matiques \u00ab Logarithmes et exponentielles \u00bb<\/em><\/td>\n<td style=\"width: 20.2505%\" width=\"132\">Houdain* (Auditoire 12)<\/td>\n<\/tr>\n<tr>\n<td style=\"width: 99.7913%;background-color: #a9c4eb\" colspan=\"3\" width=\"187\"><strong>Vendredi 15 septembre<\/strong><\/td>\n<\/tr>\n<tr>\n<td style=\"width: 14.8225%\" width=\"187\">10h15 \u00e0 12h15<\/td>\n<td style=\"width: 64.7183%\" width=\"332\">Cours introductif \u00ab Les maths et l\u2019ing\u00e9nieur : Primitives et int\u00e9grales \u00bb (X. Siebert)<\/td>\n<td style=\"width: 20.2505%\" width=\"132\">Houdain* (Auditoire 12)<\/td>\n<\/tr>\n<tr>\n<td style=\"width: 14.8225%\" width=\"187\">13h30 \u00e0 15h30<\/td>\n<td style=\"width: 64.7183%\" width=\"332\">Challenge Maths-Sciences<br \/>\n<em>R\u00e9soudre en \u00e9quipe des probl\u00e8mes scientifiques en faisant appel aux outils math\u00e9matiques \u00ab\u202fPrimitives et int\u00e9grales\u202f\u00bb<\/em><\/td>\n<td style=\"width: 20.2505%\" width=\"132\">Houdain* (Laboratoire de Physique)<\/td>\n<\/tr>\n<\/tbody>\n<\/table>\n<\/div>\n<div>\n<p>* Rue de Houdain, 9 &#8211; 7000 MONS<\/p>\n<p>** Rue du Joncquois, 53 &#8211; 7000 MONS<\/p>\n<h3>Une premi\u00e8re journ\u00e9e adapt\u00e9e<\/h3>\n<p>La Facult\u00e9 Polytechnique de Mons vous recevra \u00e0 la rue de Houdain le lundi 18 septembre avec une journ\u00e9e d&rsquo;accueil.<\/p>\n<\/div>\n<p>Au programme :<\/p>\n<p><strong>08h15 &#8211; 12h30 :<\/strong> Accueil facultaire &#8211; Auditoire Ho.12<\/p>\n<p><strong>13h30 &#8211; 16h30 :<\/strong> Pr\u00e9sentation du BEP (Bureau Etudiant Polytech) et de la F\u00e9d\u00e9 &#8211; Auditoire Ho.12<\/p>\n<p><strong>16h45 :<\/strong> F\u00eate de la rentr\u00e9e UMONS<\/p>\n<p>Vous pouvez d\u00e8s \u00e0 pr\u00e9sent retrouver votre horaire de cours en visitant la page <a href=\"http:\/\/www.umons.ac.be\/horaires\">www.umons.ac.be\/horaires<\/a> &gt; Horaires de cours &gt; .BAB1 Ir. Civil ou .BAB1 Ir Civil architecte<\/p>\n<div>\n<h3>UMOOC\u00a0: pour s\u2019informer et obtenir d\u00e8s \u00e0 pr\u00e9sent les premiers supports de cours du d\u00e9but d\u2019ann\u00e9e<\/h3>\n<p>Tu peux b\u00e9n\u00e9ficier d\u2019informations et activit\u00e9s sp\u00e9cifiques \u00e0 la FPMs via la plateforme UMOOC (Cours en ligne utilisant la plateforme Moodle). Nous t&rsquo;invitons \u00e0 rapidement t&rsquo;inscrire \u00e0 cette plateforme UMOOC car celle-ci sera <strong><b>un des canaux principaux utilis\u00e9 durant la premi\u00e8re semaine de cours<\/b><\/strong>. Elle fonctionne, m\u00eame avant l\u2019obtention de tes \u00ab\u00a0param\u00e8tres\u00a0UMONS\u00a0\u00bb.<\/p>\n<p>Pour y acc\u00e9der \u00e0 <a href=\"https:\/\/umooc.umons.ac.be\/course\/view.php?id=155\">https:\/\/umooc.umons.ac.be\/course\/view.php?id=155<\/a>.\u00a0Tu devras dans un premier temps r\u00e9pondre \u00e0 une s\u00e9rie de questions qui figurent dans l&rsquo;activit\u00e9 <em><i>Mes \u00e9tudes \u00e0 l&rsquo;UMONS <\/i><\/em>et ensuite choisir ta facult\u00e9. Pour toutes questions\u00a0: <a href=\"mailto:qap.polytech@umons.ac.be\">qap.polytech@umons.ac.be<\/a><\/p>\n<\/div>\n<h3>Votre inscription \u00e0 l\u2019UMONS \u00e0 finaliser\u00a0?<\/h3>\n<p>Nous vous invitons \u00e0 finaliser toutes les formalit\u00e9s administratives relatives \u00e0 votre inscription aupr\u00e8s du <a href=\"https:\/\/web.umons.ac.be\/fr\/enseignement\/sinscrire\/inscription\/premiere-inscription\/\" target=\"_blank\" rel=\"noopener noreferrer\">Service Inscriptions de l\u2019UMONS<\/a>. Ces d\u00e9marches vous permettront d\u2019avoir acc\u00e8s aux ressources de l\u2019Intranet Polytech ainsi qu\u2019aux ressources informatiques n\u00e9cessaires pour participer aux activit\u00e9s pr\u00e9vues \u00e0 partir du 11 septembre.<\/p>\n<div class=\"highlighted-block\">\n<p><span style=\"font-size: 14pt\"><strong>Vous accompagner d\u00e8s votre entr\u00e9e en Polytech<\/strong><\/span><\/p>\n<p>Polytech Mons a conscience de la difficult\u00e9 de la transition entre l\u2019enseignement secondaire et l\u2019Universit\u00e9 surtout suite \u00e0 la p\u00e9riode que nous venons de traverser. Rassurez-vous\u00a0! Nos<a href=\"https:\/\/web.umons.ac.be\/fpms\/fr\/bienvenue-a-la-polytech\/aides-a-la-reussite\/\"> adjoints p\u00e9dagogiques<\/a> collaborent avec les titulaires de cours pour vous offrir un environnement d\u2019\u00e9tudes personnalis\u00e9 et vous accompagner vers la r\u00e9ussite de vos \u00e9tudes.<\/p>\n<p><span style=\"font-size: 14pt\"><strong>Votre environnement de formation ENG\u2019UP<\/strong><\/span><\/p>\n<p>En choisissant Polytech Mons, vous optez pour une formation de qualit\u00e9, b\u00e9n\u00e9ficiant d\u2019un encadrement privil\u00e9gi\u00e9 et d\u2019un <a href=\"https:\/\/web.umons.ac.be\/fpms\/fr\/bienvenue-a-la-polytech\/engup\/\">environnement de formation ENG\u2019UP \u00ab\u00a0Cr\u00e9er et se Cr\u00e9er\u00a0\u00bb<\/a> qui vous accompagnera dans l\u2019acquisition progressive des comp\u00e9tences pour vous amener \u00e0 vous \u00e9panouir tant personnellement que professionnellement.<\/p>\n<p><span style=\"font-size: 14pt\"><strong>Administration facultaire Polytech<\/strong><\/span><\/p>\n<p>Le <a href=\"https:\/\/web.umons.ac.be\/fpms\/fr\/a-propos-de-la-faculte\/nous-contacter\/\">Secr\u00e9tariat des Etudes Polytech<\/a>, situ\u00e9 dans le hall\u00a0 du campus Houdain, est \u00e0 votre disposition pour r\u00e9pondre \u00e0 toutes vos questions concernant vos \u00e9tudes (constitution des PAE, horaires de cours et d\u2019examens, etc.).<\/p>\n<p><span style=\"font-size: 14pt\"><strong>Campus Polytech<\/strong><\/span><\/p>\n<p>Les cours se donneront essentiellement sur le <a href=\"https:\/\/web.umons.ac.be\/fr\/plan-des-campus\/\" target=\"_blank\" rel=\"noopener noreferrer\">campus Houdain<\/a> au centre de la Ville de Mons (immersion au sein de quelques salles et auditoires du <a href=\"https:\/\/web.umons.ac.be\/fr\/plan-des-campus\/visites-virtuelles-des-locaux\/\" target=\"_blank\" rel=\"noopener noreferrer\">campus Polytech<\/a>).<\/p>\n<p>&nbsp;<\/p>\n<\/div>\n","protected":false},"excerpt":{"rendered":"<p>Bienvenue en premi\u00e8re ann\u00e9e Polytech Mons ENG\u2019UP : un environnement de formation et d\u2019accompagnement pour \u201cCr\u00e9er et se Cr\u00e9er\u201d Un accompagnement &#8230; Au fil des cinq ann\u00e9es de formation, la p\u00e9dagogie se veut r\u00e9solument active et les contacts avec le monde de l\u2019entreprise, omnipr\u00e9sents. Un environnement &#8230; Les \u00e9tudiants travaillent, dans un r\u00e9el climat de [&hellip;]<\/p>\n","protected":false},"author":2,"featured_media":0,"parent":0,"menu_order":4,"comment_status":"closed","ping_status":"closed","template":"","meta":{"footnotes":""},"class_list":["post-100","page","type-page","status-publish","hentry"],"yoast_head":"<!-- This site is optimized with the Yoast SEO plugin v27.2 - https:\/\/yoast.com\/product\/yoast-seo-wordpress\/ -->\n<title>Bienvenue \u00e0 la Polytech - Facult\u00e9 \/ FPMS<\/title>\n<meta name=\"robots\" content=\"index, follow, max-snippet:-1, max-image-preview:large, max-video-preview:-1\" \/>\n<link rel=\"canonical\" href=\"https:\/\/web.umons.ac.be\/fpms\/fr\/bienvenue-a-la-polytech\/\" \/>\n<meta property=\"og:locale\" content=\"fr_FR\" \/>\n<meta property=\"og:type\" content=\"article\" \/>\n<meta property=\"og:title\" content=\"Bienvenue \u00e0 la Polytech - Facult\u00e9 \/ FPMS\" \/>\n<meta property=\"og:description\" content=\"Bienvenue en premi\u00e8re ann\u00e9e Polytech Mons ENG\u2019UP : un environnement de formation et d\u2019accompagnement pour \u201cCr\u00e9er et se Cr\u00e9er\u201d Un accompagnement &#8230; Au fil des cinq ann\u00e9es de formation, la p\u00e9dagogie se veut r\u00e9solument active et les contacts avec le monde de l\u2019entreprise, omnipr\u00e9sents. Un environnement &#8230; Les \u00e9tudiants travaillent, dans un r\u00e9el climat de [&hellip;]\" \/>\n<meta property=\"og:url\" content=\"https:\/\/web.umons.ac.be\/fpms\/fr\/bienvenue-a-la-polytech\/\" \/>\n<meta property=\"og:site_name\" content=\"Facult\u00e9 \/ FPMS\" \/>\n<meta property=\"article:modified_time\" content=\"2024-06-20T15:02:22+00:00\" \/>\n<meta name=\"twitter:card\" content=\"summary_large_image\" \/>\n<meta name=\"twitter:label1\" content=\"Dur\u00e9e de lecture estim\u00e9e\" \/>\n\t<meta name=\"twitter:data1\" content=\"4 minutes\" \/>\n<script type=\"application\/ld+json\" class=\"yoast-schema-graph\">{\"@context\":\"https:\/\/schema.org\",\"@graph\":[{\"@type\":\"WebPage\",\"@id\":\"https:\/\/web.umons.ac.be\/fpms\/fr\/bienvenue-a-la-polytech\/\",\"url\":\"https:\/\/web.umons.ac.be\/fpms\/fr\/bienvenue-a-la-polytech\/\",\"name\":\"Bienvenue \u00e0 la Polytech - Facult\u00e9 \/ FPMS\",\"isPartOf\":{\"@id\":\"https:\/\/web.umons.ac.be\/fpms\/#website\"},\"datePublished\":\"2017-07-07T10:23:30+00:00\",\"dateModified\":\"2024-06-20T15:02:22+00:00\",\"breadcrumb\":{\"@id\":\"https:\/\/web.umons.ac.be\/fpms\/fr\/bienvenue-a-la-polytech\/#breadcrumb\"},\"inLanguage\":\"fr-FR\",\"potentialAction\":[{\"@type\":\"ReadAction\",\"target\":[\"https:\/\/web.umons.ac.be\/fpms\/fr\/bienvenue-a-la-polytech\/\"]}]},{\"@type\":\"BreadcrumbList\",\"@id\":\"https:\/\/web.umons.ac.be\/fpms\/fr\/bienvenue-a-la-polytech\/#breadcrumb\",\"itemListElement\":[{\"@type\":\"ListItem\",\"position\":1,\"name\":\"Accueil\",\"item\":\"https:\/\/web.umons.ac.be\/fpms\/fr\/\"},{\"@type\":\"ListItem\",\"position\":2,\"name\":\"Bienvenue \u00e0 la Polytech\"}]},{\"@type\":\"WebSite\",\"@id\":\"https:\/\/web.umons.ac.be\/fpms\/#website\",\"url\":\"https:\/\/web.umons.ac.be\/fpms\/\",\"name\":\"Facult\u00e9 \/ FPMS\",\"description\":\"Un site utilisant Universit\u00e9 de Mons \u2013 UMONS\",\"potentialAction\":[{\"@type\":\"SearchAction\",\"target\":{\"@type\":\"EntryPoint\",\"urlTemplate\":\"https:\/\/web.umons.ac.be\/fpms\/?s={search_term_string}\"},\"query-input\":{\"@type\":\"PropertyValueSpecification\",\"valueRequired\":true,\"valueName\":\"search_term_string\"}}],\"inLanguage\":\"fr-FR\"}]}<\/script>\n<!-- \/ Yoast SEO plugin. -->","yoast_head_json":{"title":"Bienvenue \u00e0 la Polytech - Facult\u00e9 \/ FPMS","robots":{"index":"index","follow":"follow","max-snippet":"max-snippet:-1","max-image-preview":"max-image-preview:large","max-video-preview":"max-video-preview:-1"},"canonical":"https:\/\/web.umons.ac.be\/fpms\/fr\/bienvenue-a-la-polytech\/","og_locale":"fr_FR","og_type":"article","og_title":"Bienvenue \u00e0 la Polytech - Facult\u00e9 \/ FPMS","og_description":"Bienvenue en premi\u00e8re ann\u00e9e Polytech Mons ENG\u2019UP : un environnement de formation et d\u2019accompagnement pour \u201cCr\u00e9er et se Cr\u00e9er\u201d Un accompagnement &#8230; Au fil des cinq ann\u00e9es de formation, la p\u00e9dagogie se veut r\u00e9solument active et les contacts avec le monde de l\u2019entreprise, omnipr\u00e9sents. Un environnement &#8230; Les \u00e9tudiants travaillent, dans un r\u00e9el climat de [&hellip;]","og_url":"https:\/\/web.umons.ac.be\/fpms\/fr\/bienvenue-a-la-polytech\/","og_site_name":"Facult\u00e9 \/ FPMS","article_modified_time":"2024-06-20T15:02:22+00:00","twitter_card":"summary_large_image","twitter_misc":{"Dur\u00e9e de lecture estim\u00e9e":"4 minutes"},"schema":{"@context":"https:\/\/schema.org","@graph":[{"@type":"WebPage","@id":"https:\/\/web.umons.ac.be\/fpms\/fr\/bienvenue-a-la-polytech\/","url":"https:\/\/web.umons.ac.be\/fpms\/fr\/bienvenue-a-la-polytech\/","name":"Bienvenue \u00e0 la Polytech - Facult\u00e9 \/ FPMS","isPartOf":{"@id":"https:\/\/web.umons.ac.be\/fpms\/#website"},"datePublished":"2017-07-07T10:23:30+00:00","dateModified":"2024-06-20T15:02:22+00:00","breadcrumb":{"@id":"https:\/\/web.umons.ac.be\/fpms\/fr\/bienvenue-a-la-polytech\/#breadcrumb"},"inLanguage":"fr-FR","potentialAction":[{"@type":"ReadAction","target":["https:\/\/web.umons.ac.be\/fpms\/fr\/bienvenue-a-la-polytech\/"]}]},{"@type":"BreadcrumbList","@id":"https:\/\/web.umons.ac.be\/fpms\/fr\/bienvenue-a-la-polytech\/#breadcrumb","itemListElement":[{"@type":"ListItem","position":1,"name":"Accueil","item":"https:\/\/web.umons.ac.be\/fpms\/fr\/"},{"@type":"ListItem","position":2,"name":"Bienvenue \u00e0 la Polytech"}]},{"@type":"WebSite","@id":"https:\/\/web.umons.ac.be\/fpms\/#website","url":"https:\/\/web.umons.ac.be\/fpms\/","name":"Facult\u00e9 \/ FPMS","description":"Un site utilisant Universit\u00e9 de Mons \u2013 UMONS","potentialAction":[{"@type":"SearchAction","target":{"@type":"EntryPoint","urlTemplate":"https:\/\/web.umons.ac.be\/fpms\/?s={search_term_string}"},"query-input":{"@type":"PropertyValueSpecification","valueRequired":true,"valueName":"search_term_string"}}],"inLanguage":"fr-FR"}]}},"lang":"fr","translations":{"fr":100,"en":585},"pll_sync_post":[],"_links":{"self":[{"href":"https:\/\/web.umons.ac.be\/fpms\/wp-json\/wp\/v2\/pages\/100","targetHints":{"allow":["GET"]}}],"collection":[{"href":"https:\/\/web.umons.ac.be\/fpms\/wp-json\/wp\/v2\/pages"}],"about":[{"href":"https:\/\/web.umons.ac.be\/fpms\/wp-json\/wp\/v2\/types\/page"}],"author":[{"embeddable":true,"href":"https:\/\/web.umons.ac.be\/fpms\/wp-json\/wp\/v2\/users\/2"}],"replies":[{"embeddable":true,"href":"https:\/\/web.umons.ac.be\/fpms\/wp-json\/wp\/v2\/comments?post=100"}],"version-history":[{"count":6,"href":"https:\/\/web.umons.ac.be\/fpms\/wp-json\/wp\/v2\/pages\/100\/revisions"}],"predecessor-version":[{"id":2974,"href":"https:\/\/web.umons.ac.be\/fpms\/wp-json\/wp\/v2\/pages\/100\/revisions\/2974"}],"wp:attachment":[{"href":"https:\/\/web.umons.ac.be\/fpms\/wp-json\/wp\/v2\/media?parent=100"}],"curies":[{"name":"wp","href":"https:\/\/api.w.org\/{rel}","templated":true}]}}