{"id":1111,"date":"2019-01-09T13:08:57","date_gmt":"2019-01-09T12:08:57","guid":{"rendered":"https:\/\/web.umons.ac.be\/fpms\/?page_id=1111"},"modified":"2019-01-09T13:12:32","modified_gmt":"2019-01-09T12:12:32","slug":"cours-donnes-en-anglais","status":"publish","type":"page","link":"https:\/\/web.umons.ac.be\/fpms\/fr\/mobilite-etudiante\/venir-en-mobilite-in\/cours-donnes-en-anglais\/","title":{"rendered":"Cours donn\u00e9s en anglais"},"content":{"rendered":"<p>A c\u00f4t\u00e9 des <a href=\"https:\/\/web.umons.ac.be\/fpms\/fr\/mobilite-etudiante\/venir-en-mobilite-in\/master-degrees-taught-in-english\/\">programmes enti\u00e8rement donn\u00e9s en anglais<\/a>\u00a0, la Facult\u00e9 Polytechnique de Mons offre un certain nombre de cours en anglais.<\/p>\n<p>Les enseignements en anglais sont principalement pr\u00e9sents dans les domaines suivants\u00a0: \u00e9lectricit\u00e9, m\u00e9canique et chimie.<\/p>\n<p>Plus de d\u00e9tails sur la langue d\u2019enseignement et l\u2019offre de cours en anglais sont disponibles sur les fiches de pr\u00e9sentation des cours (fiche ECTS)<\/p>\n<table>\n<tbody>\n<tr>\n<td style=\"width: 360.667px;\"><span style=\"text-decoration: underline;\"><span style=\"font-size: 12pt;\"><strong><span style=\"color: #004c93; text-decoration: underline;\">Electricit\u00e9<\/span><\/strong><\/span><\/span><\/td>\n<td style=\"width: 87.3333px;\"><span style=\"font-size: 12pt;\"><strong><span style=\"color: #004c93;\">Level<\/span><\/strong><\/span><\/td>\n<td style=\"width: 101.333px;\"><span style=\"font-size: 12pt;\"><strong><span style=\"color: #004c93;\">Semester<\/span><\/strong><\/span><\/td>\n<td style=\"width: 75.3333px;\"><span style=\"font-size: 12pt;\"><strong><span style=\"color: #004c93;\">Hours<\/span><\/strong><\/span><\/td>\n<td style=\"width: 72px;\"><span style=\"font-size: 12pt;\"><strong><span style=\"color: #004c93;\">ECTS<\/span><\/strong><\/span><\/td>\n<\/tr>\n<tr>\n<td style=\"width: 360.667px;\">(voir <a href=\"https:\/\/web.umons.ac.be\/fpms\/fr\/mobilite-etudiante\/venir-en-mobilite-in\/master-degrees-taught-in-english\/\">Master degrees taught in English<\/a>)<\/td>\n<td style=\"width: 87.3333px;\">Graduate<\/td>\n<td style=\"width: 101.333px;\"><\/td>\n<td style=\"width: 75.3333px;\"><\/td>\n<td style=\"width: 72px;\"><\/td>\n<\/tr>\n<tr>\n<td style=\"width: 360.667px;\"><span style=\"text-decoration: underline;\"><span style=\"font-size: 12pt;\"><strong><span style=\"color: #004c93; text-decoration: underline;\">Architecture <\/span><\/strong><\/span><\/span><a href=\"https:\/\/web.umons.ac.be\/fpms\/en\/etudes\/examen-dadmission\/ingenieur-civil-architecte\/\"><span style=\"font-size: 10pt;\">(voir programme)<\/span><\/a><\/td>\n<td style=\"width: 87.3333px;\"><span style=\"font-size: 12pt;\"><strong><span style=\"color: #004c93;\">Level<\/span><\/strong><\/span><\/td>\n<td style=\"width: 101.333px;\"><span style=\"font-size: 12pt;\"><strong><span style=\"color: #004c93;\">Semester<\/span><\/strong><\/span><\/td>\n<td style=\"width: 75.3333px;\"><span style=\"font-size: 12pt;\"><strong><span style=\"color: #004c93;\">Hours<\/span><\/strong><\/span><\/td>\n<td style=\"width: 72px;\"><span style=\"font-size: 12pt;\"><strong><span style=\"color: #004c93;\">ECTS<\/span><\/strong><\/span><\/td>\n<\/tr>\n<tr>\n<td style=\"width: 360.667px;\">Information Technologies in Architecture 1<\/td>\n<td style=\"width: 87.3333px;\">Graduate<\/td>\n<td style=\"width: 101.333px;\">Q1<\/td>\n<td style=\"width: 75.3333px;\">48<\/td>\n<td style=\"width: 72px;\">4<\/td>\n<\/tr>\n<tr>\n<td style=\"width: 360.667px;\"><strong>Machine Design and Manufacturing Technology<\/strong><\/td>\n<td style=\"width: 87.3333px;\">Graduate<\/td>\n<td style=\"width: 101.333px;\">Q1<\/td>\n<td style=\"width: 75.3333px;\">24<\/td>\n<td style=\"width: 72px;\">2<\/td>\n<\/tr>\n<tr>\n<td style=\"width: 360.667px;\"><strong>Engineering Vibration and Structural Analysis<\/strong><\/td>\n<td style=\"width: 87.3333px;\">Graduate<\/td>\n<td style=\"width: 101.333px;\">Q2<\/td>\n<td style=\"width: 75.3333px;\">36<\/td>\n<td style=\"width: 72px;\">3<\/td>\n<\/tr>\n<tr>\n<td style=\"width: 360.667px;\">Research: Buildings<\/td>\n<td style=\"width: 87.3333px;\">Graduate<\/td>\n<td style=\"width: 101.333px;\">Q2<\/td>\n<td style=\"width: 75.3333px;\">60<\/td>\n<td style=\"width: 72px;\">5<\/td>\n<\/tr>\n<tr>\n<td style=\"width: 360.667px;\"><span style=\"text-decoration: underline;\"><span style=\"font-size: 12pt;\"><strong><span style=\"color: #004c93; text-decoration: underline;\">Chimie\u00a0<\/span><\/strong><\/span><\/span><a href=\"https:\/\/web.umons.ac.be\/fpms\/en\/etudes\/examen-dadmission\/ingenieur-civil-chimie-science-materiaux\/\"><span style=\"font-size: 12pt;\"><span style=\"font-size: 10pt;\">(voir programme)<\/span><\/span><\/a><\/td>\n<td style=\"width: 87.3333px;\"><span style=\"font-size: 12pt;\"><strong><span style=\"color: #004c93;\">Level<\/span><\/strong><\/span><\/td>\n<td style=\"width: 101.333px;\"><span style=\"font-size: 12pt;\"><strong><span style=\"color: #004c93;\">Semester<\/span><\/strong><\/span><\/td>\n<td style=\"width: 75.3333px;\"><span style=\"font-size: 12pt;\"><strong><span style=\"color: #004c93;\">Hours<\/span><\/strong><\/span><\/td>\n<td style=\"width: 72px;\"><span style=\"font-size: 12pt;\"><strong><span style=\"color: #004c93;\">ECTS<\/span><\/strong><\/span><\/td>\n<\/tr>\n<tr>\n<td style=\"width: 360.667px;\">Corrosion and Surface Treatment<\/td>\n<td style=\"width: 87.3333px;\">Graduate<\/td>\n<td style=\"width: 101.333px;\">Q2<\/td>\n<td style=\"width: 75.3333px;\">36<\/td>\n<td style=\"width: 72px;\">3<\/td>\n<\/tr>\n<tr>\n<td style=\"width: 360.667px;\">Process Metallurgy<\/td>\n<td style=\"width: 87.3333px;\">Graduate<\/td>\n<td style=\"width: 101.333px;\">Q2<\/td>\n<td style=\"width: 75.3333px;\">48<\/td>\n<td style=\"width: 72px;\">4<\/td>\n<\/tr>\n<tr>\n<td style=\"width: 360.667px;\">Wastewater Treatment<\/td>\n<td style=\"width: 87.3333px;\">Graduate<\/td>\n<td style=\"width: 101.333px;\">Q1<\/td>\n<td style=\"width: 75.3333px;\">24<\/td>\n<td style=\"width: 72px;\">2<\/td>\n<\/tr>\n<tr>\n<td style=\"width: 360.667px;\">Advanced Ceramics<\/td>\n<td style=\"width: 87.3333px;\">Graduate<\/td>\n<td style=\"width: 101.333px;\">Q1<\/td>\n<td style=\"width: 75.3333px;\">48<\/td>\n<td style=\"width: 72px;\">4<\/td>\n<\/tr>\n<tr>\n<td style=\"width: 360.667px;\"><span style=\"text-decoration: underline;\"><span style=\"font-size: 12pt;\"><strong><span style=\"color: #004c93; text-decoration: underline;\">M\u00e9canique\u00a0<\/span><\/strong><\/span><\/span><a href=\"https:\/\/web.umons.ac.be\/fpms\/en\/etudes\/examen-dadmission\/ingenieur-civil-mecanicien\/\"><span style=\"font-size: 12pt;\"><span style=\"font-size: 10pt;\">(voir programme)<\/span><\/span><\/a><\/td>\n<td style=\"width: 87.3333px;\"><span style=\"font-size: 12pt;\"><strong><span style=\"color: #004c93;\">Level<\/span><\/strong><\/span><\/td>\n<td style=\"width: 101.333px;\"><span style=\"font-size: 12pt;\"><strong><span style=\"color: #004c93;\">Semester<\/span><\/strong><\/span><\/td>\n<td style=\"width: 75.3333px;\"><span style=\"font-size: 12pt;\"><strong><span style=\"color: #004c93;\">Hours<\/span><\/strong><\/span><\/td>\n<td style=\"width: 72px;\"><span style=\"font-size: 12pt;\"><strong><span style=\"color: #004c93;\">ECTS<\/span><\/strong><\/span><\/td>\n<\/tr>\n<tr>\n<td style=\"width: 360.667px;\">Compressors<\/td>\n<td style=\"width: 87.3333px;\">Graduate<\/td>\n<td style=\"width: 101.333px;\">Q1<\/td>\n<td style=\"width: 75.3333px;\">3<\/td>\n<td style=\"width: 72px;\">36<\/td>\n<\/tr>\n<tr>\n<td style=\"width: 360.667px;\"><strong>Computer Aided Kinematics and Dynamics of Mechanical Systems<\/strong><\/td>\n<td style=\"width: 87.3333px;\">Graduate<\/td>\n<td style=\"width: 101.333px;\">Q2<\/td>\n<td style=\"width: 75.3333px;\">4<\/td>\n<td style=\"width: 72px;\">48<\/td>\n<\/tr>\n<tr>\n<td style=\"width: 360.667px;\"><strong>Fluid Power Actuators: Principles and Command<\/strong><\/td>\n<td style=\"width: 87.3333px;\">Graduate<\/td>\n<td style=\"width: 101.333px;\">Q2<\/td>\n<td style=\"width: 75.3333px;\">3<\/td>\n<td style=\"width: 72px;\">36<\/td>\n<\/tr>\n<tr>\n<td style=\"width: 360.667px;\">Advanced Control and Estimation<\/td>\n<td style=\"width: 87.3333px;\">Graduate<\/td>\n<td style=\"width: 101.333px;\">Q2<\/td>\n<td style=\"width: 75.3333px;\">5<\/td>\n<td style=\"width: 72px;\">60<\/td>\n<\/tr>\n<tr>\n<td style=\"width: 360.667px;\"><strong>Modeling and Simulation of Active Mechanical Systems<\/strong><\/td>\n<td style=\"width: 87.3333px;\">Graduate<\/td>\n<td style=\"width: 101.333px;\">Q2<\/td>\n<td style=\"width: 75.3333px;\">4<\/td>\n<td style=\"width: 72px;\">48<\/td>\n<\/tr>\n<tr>\n<td style=\"width: 360.667px;\"><strong>Microprocessor-based Systems and Digital Control<\/strong><\/td>\n<td style=\"width: 87.3333px;\">Graduate<\/td>\n<td style=\"width: 101.333px;\">Q2<\/td>\n<td style=\"width: 75.3333px;\">5<\/td>\n<td style=\"width: 72px;\">60<\/td>\n<\/tr>\n<tr>\n<td style=\"width: 360.667px;\">Industrial Automation Systems<\/td>\n<td style=\"width: 87.3333px;\">Graduate<\/td>\n<td style=\"width: 101.333px;\">Q2<\/td>\n<td style=\"width: 75.3333px;\">3<\/td>\n<td style=\"width: 72px;\">36<\/td>\n<\/tr>\n<tr>\n<td style=\"width: 360.667px;\">Virtual Manufacturing<\/td>\n<td style=\"width: 87.3333px;\">Graduate<\/td>\n<td style=\"width: 101.333px;\">Q1<\/td>\n<td style=\"width: 75.3333px;\">4<\/td>\n<td style=\"width: 72px;\">48<\/td>\n<\/tr>\n<tr>\n<td style=\"width: 360.667px;\">Motion Control<\/td>\n<td style=\"width: 87.3333px;\">Graduate<\/td>\n<td style=\"width: 101.333px;\">Q1<\/td>\n<td style=\"width: 75.3333px;\">3<\/td>\n<td style=\"width: 72px;\">36<\/td>\n<\/tr>\n<tr>\n<td style=\"width: 360.667px;\"><span style=\"text-decoration: underline;\"><span style=\"font-size: 12pt;\"><strong><span style=\"color: #004c93; text-decoration: underline;\">Mines\u00a0<\/span><\/strong><\/span><\/span><a href=\"https:\/\/web.umons.ac.be\/fpms\/en\/etudes\/examen-dadmission\/ingenieur-civil-mines-geologue\/\"><span style=\"font-size: 12pt;\"><span style=\"font-size: 10pt;\">(voir programme)<\/span><\/span><\/a><\/td>\n<td style=\"width: 87.3333px;\"><span style=\"font-size: 12pt;\"><strong><span style=\"color: #004c93;\">Level<\/span><\/strong><\/span><\/td>\n<td style=\"width: 101.333px;\"><span style=\"font-size: 12pt;\"><strong><span style=\"color: #004c93;\">Semester<\/span><\/strong><\/span><\/td>\n<td style=\"width: 75.3333px;\"><span style=\"font-size: 12pt;\"><strong><span style=\"color: #004c93;\">Hours<\/span><\/strong><\/span><\/td>\n<td style=\"width: 72px;\"><span style=\"font-size: 12pt;\"><strong><span style=\"color: #004c93;\">ECTS<\/span><\/strong><\/span><\/td>\n<\/tr>\n<tr>\n<td style=\"width: 360.667px;\">Applied Mineralogy and Petrography<\/td>\n<td style=\"width: 87.3333px;\">Graduate<\/td>\n<td style=\"width: 101.333px;\">Q1<\/td>\n<td style=\"width: 75.3333px;\">36<\/td>\n<td style=\"width: 72px;\">3<\/td>\n<\/tr>\n<\/tbody>\n<\/table>\n","protected":false},"excerpt":{"rendered":"<p>A c\u00f4t\u00e9 des programmes enti\u00e8rement donn\u00e9s en anglais\u00a0, la Facult\u00e9 Polytechnique de Mons offre un certain nombre de cours en anglais. Les enseignements en anglais sont principalement pr\u00e9sents dans les domaines suivants\u00a0: \u00e9lectricit\u00e9, m\u00e9canique et chimie. Plus de d\u00e9tails sur la langue d\u2019enseignement et l\u2019offre de cours en anglais sont disponibles sur les fiches de [&hellip;]<\/p>\n","protected":false},"author":2,"featured_media":0,"parent":1091,"menu_order":6,"comment_status":"closed","ping_status":"closed","template":"","meta":{"footnotes":""},"class_list":["post-1111","page","type-page","status-publish","hentry"],"yoast_head":"<!-- This site is optimized with the Yoast SEO plugin v27.2 - https:\/\/yoast.com\/product\/yoast-seo-wordpress\/ -->\n<title>Cours donn\u00e9s en anglais - Facult\u00e9 \/ FPMS<\/title>\n<meta name=\"robots\" content=\"index, follow, max-snippet:-1, max-image-preview:large, max-video-preview:-1\" \/>\n<link rel=\"canonical\" href=\"https:\/\/web.umons.ac.be\/fpms\/fr\/mobilite-etudiante\/venir-en-mobilite-in\/cours-donnes-en-anglais\/\" \/>\n<meta property=\"og:locale\" content=\"fr_FR\" \/>\n<meta property=\"og:type\" content=\"article\" \/>\n<meta property=\"og:title\" content=\"Cours donn\u00e9s en anglais - Facult\u00e9 \/ FPMS\" \/>\n<meta property=\"og:description\" content=\"A c\u00f4t\u00e9 des programmes enti\u00e8rement donn\u00e9s en anglais\u00a0, la Facult\u00e9 Polytechnique de Mons offre un certain nombre de cours en anglais. Les enseignements en anglais sont principalement pr\u00e9sents dans les domaines suivants\u00a0: \u00e9lectricit\u00e9, m\u00e9canique et chimie. Plus de d\u00e9tails sur la langue d\u2019enseignement et l\u2019offre de cours en anglais sont disponibles sur les fiches de [&hellip;]\" \/>\n<meta property=\"og:url\" content=\"https:\/\/web.umons.ac.be\/fpms\/fr\/mobilite-etudiante\/venir-en-mobilite-in\/cours-donnes-en-anglais\/\" \/>\n<meta property=\"og:site_name\" content=\"Facult\u00e9 \/ FPMS\" \/>\n<meta property=\"article:modified_time\" content=\"2019-01-09T12:12:32+00:00\" \/>\n<meta name=\"twitter:card\" content=\"summary_large_image\" \/>\n<meta name=\"twitter:label1\" content=\"Dur\u00e9e de lecture estim\u00e9e\" \/>\n\t<meta name=\"twitter:data1\" content=\"1 minute\" \/>\n<script type=\"application\/ld+json\" class=\"yoast-schema-graph\">{\"@context\":\"https:\/\/schema.org\",\"@graph\":[{\"@type\":\"WebPage\",\"@id\":\"https:\/\/web.umons.ac.be\/fpms\/fr\/mobilite-etudiante\/venir-en-mobilite-in\/cours-donnes-en-anglais\/\",\"url\":\"https:\/\/web.umons.ac.be\/fpms\/fr\/mobilite-etudiante\/venir-en-mobilite-in\/cours-donnes-en-anglais\/\",\"name\":\"Cours donn\u00e9s en anglais - Facult\u00e9 \/ FPMS\",\"isPartOf\":{\"@id\":\"https:\/\/web.umons.ac.be\/fpms\/#website\"},\"datePublished\":\"2019-01-09T12:08:57+00:00\",\"dateModified\":\"2019-01-09T12:12:32+00:00\",\"breadcrumb\":{\"@id\":\"https:\/\/web.umons.ac.be\/fpms\/fr\/mobilite-etudiante\/venir-en-mobilite-in\/cours-donnes-en-anglais\/#breadcrumb\"},\"inLanguage\":\"fr-FR\",\"potentialAction\":[{\"@type\":\"ReadAction\",\"target\":[\"https:\/\/web.umons.ac.be\/fpms\/fr\/mobilite-etudiante\/venir-en-mobilite-in\/cours-donnes-en-anglais\/\"]}]},{\"@type\":\"BreadcrumbList\",\"@id\":\"https:\/\/web.umons.ac.be\/fpms\/fr\/mobilite-etudiante\/venir-en-mobilite-in\/cours-donnes-en-anglais\/#breadcrumb\",\"itemListElement\":[{\"@type\":\"ListItem\",\"position\":1,\"name\":\"Accueil\",\"item\":\"https:\/\/web.umons.ac.be\/fpms\/fr\/\"},{\"@type\":\"ListItem\",\"position\":2,\"name\":\"Mobilit\u00e9 \u00e9tudiante &#8211; International\",\"item\":\"https:\/\/web.umons.ac.be\/fpms\/fr\/mobilite-etudiante\/\"},{\"@type\":\"ListItem\",\"position\":3,\"name\":\"Venir en mobilit\u00e9 IN\",\"item\":\"https:\/\/web.umons.ac.be\/fpms\/fr\/mobilite-etudiante\/venir-en-mobilite-in\/\"},{\"@type\":\"ListItem\",\"position\":4,\"name\":\"Cours donn\u00e9s en anglais\"}]},{\"@type\":\"WebSite\",\"@id\":\"https:\/\/web.umons.ac.be\/fpms\/#website\",\"url\":\"https:\/\/web.umons.ac.be\/fpms\/\",\"name\":\"Facult\u00e9 \/ FPMS\",\"description\":\"Un site utilisant Universit\u00e9 de Mons \u2013 UMONS\",\"potentialAction\":[{\"@type\":\"SearchAction\",\"target\":{\"@type\":\"EntryPoint\",\"urlTemplate\":\"https:\/\/web.umons.ac.be\/fpms\/?s={search_term_string}\"},\"query-input\":{\"@type\":\"PropertyValueSpecification\",\"valueRequired\":true,\"valueName\":\"search_term_string\"}}],\"inLanguage\":\"fr-FR\"}]}<\/script>\n<!-- \/ Yoast SEO plugin. -->","yoast_head_json":{"title":"Cours donn\u00e9s en anglais - Facult\u00e9 \/ FPMS","robots":{"index":"index","follow":"follow","max-snippet":"max-snippet:-1","max-image-preview":"max-image-preview:large","max-video-preview":"max-video-preview:-1"},"canonical":"https:\/\/web.umons.ac.be\/fpms\/fr\/mobilite-etudiante\/venir-en-mobilite-in\/cours-donnes-en-anglais\/","og_locale":"fr_FR","og_type":"article","og_title":"Cours donn\u00e9s en anglais - Facult\u00e9 \/ FPMS","og_description":"A c\u00f4t\u00e9 des programmes enti\u00e8rement donn\u00e9s en anglais\u00a0, la Facult\u00e9 Polytechnique de Mons offre un certain nombre de cours en anglais. Les enseignements en anglais sont principalement pr\u00e9sents dans les domaines suivants\u00a0: \u00e9lectricit\u00e9, m\u00e9canique et chimie. Plus de d\u00e9tails sur la langue d\u2019enseignement et l\u2019offre de cours en anglais sont disponibles sur les fiches de [&hellip;]","og_url":"https:\/\/web.umons.ac.be\/fpms\/fr\/mobilite-etudiante\/venir-en-mobilite-in\/cours-donnes-en-anglais\/","og_site_name":"Facult\u00e9 \/ FPMS","article_modified_time":"2019-01-09T12:12:32+00:00","twitter_card":"summary_large_image","twitter_misc":{"Dur\u00e9e de lecture estim\u00e9e":"1 minute"},"schema":{"@context":"https:\/\/schema.org","@graph":[{"@type":"WebPage","@id":"https:\/\/web.umons.ac.be\/fpms\/fr\/mobilite-etudiante\/venir-en-mobilite-in\/cours-donnes-en-anglais\/","url":"https:\/\/web.umons.ac.be\/fpms\/fr\/mobilite-etudiante\/venir-en-mobilite-in\/cours-donnes-en-anglais\/","name":"Cours donn\u00e9s en anglais - Facult\u00e9 \/ FPMS","isPartOf":{"@id":"https:\/\/web.umons.ac.be\/fpms\/#website"},"datePublished":"2019-01-09T12:08:57+00:00","dateModified":"2019-01-09T12:12:32+00:00","breadcrumb":{"@id":"https:\/\/web.umons.ac.be\/fpms\/fr\/mobilite-etudiante\/venir-en-mobilite-in\/cours-donnes-en-anglais\/#breadcrumb"},"inLanguage":"fr-FR","potentialAction":[{"@type":"ReadAction","target":["https:\/\/web.umons.ac.be\/fpms\/fr\/mobilite-etudiante\/venir-en-mobilite-in\/cours-donnes-en-anglais\/"]}]},{"@type":"BreadcrumbList","@id":"https:\/\/web.umons.ac.be\/fpms\/fr\/mobilite-etudiante\/venir-en-mobilite-in\/cours-donnes-en-anglais\/#breadcrumb","itemListElement":[{"@type":"ListItem","position":1,"name":"Accueil","item":"https:\/\/web.umons.ac.be\/fpms\/fr\/"},{"@type":"ListItem","position":2,"name":"Mobilit\u00e9 \u00e9tudiante &#8211; International","item":"https:\/\/web.umons.ac.be\/fpms\/fr\/mobilite-etudiante\/"},{"@type":"ListItem","position":3,"name":"Venir en mobilit\u00e9 IN","item":"https:\/\/web.umons.ac.be\/fpms\/fr\/mobilite-etudiante\/venir-en-mobilite-in\/"},{"@type":"ListItem","position":4,"name":"Cours donn\u00e9s en anglais"}]},{"@type":"WebSite","@id":"https:\/\/web.umons.ac.be\/fpms\/#website","url":"https:\/\/web.umons.ac.be\/fpms\/","name":"Facult\u00e9 \/ FPMS","description":"Un site utilisant Universit\u00e9 de Mons \u2013 UMONS","potentialAction":[{"@type":"SearchAction","target":{"@type":"EntryPoint","urlTemplate":"https:\/\/web.umons.ac.be\/fpms\/?s={search_term_string}"},"query-input":{"@type":"PropertyValueSpecification","valueRequired":true,"valueName":"search_term_string"}}],"inLanguage":"fr-FR"}]}},"lang":"fr","translations":{"fr":1111,"en":1340},"pll_sync_post":[],"_links":{"self":[{"href":"https:\/\/web.umons.ac.be\/fpms\/wp-json\/wp\/v2\/pages\/1111","targetHints":{"allow":["GET"]}}],"collection":[{"href":"https:\/\/web.umons.ac.be\/fpms\/wp-json\/wp\/v2\/pages"}],"about":[{"href":"https:\/\/web.umons.ac.be\/fpms\/wp-json\/wp\/v2\/types\/page"}],"author":[{"embeddable":true,"href":"https:\/\/web.umons.ac.be\/fpms\/wp-json\/wp\/v2\/users\/2"}],"replies":[{"embeddable":true,"href":"https:\/\/web.umons.ac.be\/fpms\/wp-json\/wp\/v2\/comments?post=1111"}],"version-history":[{"count":2,"href":"https:\/\/web.umons.ac.be\/fpms\/wp-json\/wp\/v2\/pages\/1111\/revisions"}],"predecessor-version":[{"id":1116,"href":"https:\/\/web.umons.ac.be\/fpms\/wp-json\/wp\/v2\/pages\/1111\/revisions\/1116"}],"up":[{"embeddable":true,"href":"https:\/\/web.umons.ac.be\/fpms\/wp-json\/wp\/v2\/pages\/1091"}],"wp:attachment":[{"href":"https:\/\/web.umons.ac.be\/fpms\/wp-json\/wp\/v2\/media?parent=1111"}],"curies":[{"name":"wp","href":"https:\/\/api.w.org\/{rel}","templated":true}]}}