{"id":183,"date":"2017-09-11T15:22:54","date_gmt":"2017-09-11T13:22:54","guid":{"rendered":"https:\/\/web.umons.ac.be\/fpms\/?page_id=183"},"modified":"2022-12-14T14:11:24","modified_gmt":"2022-12-14T13:11:24","slug":"les-autorites","status":"publish","type":"page","link":"https:\/\/web.umons.ac.be\/fpms\/fr\/a-propos-de-la-faculte\/les-autorites\/","title":{"rendered":"Les Autorit\u00e9s"},"content":{"rendered":"<p><strong><img loading=\"lazy\" decoding=\"async\" class=\"size-thumbnail wp-image-1041 alignleft\" src=\"https:\/\/web.umons.ac.be\/app\/uploads\/sites\/6\/2018\/10\/Veronique-Feldheim-150x150.png\" alt=\"\" width=\"150\" height=\"150\" srcset=\"https:\/\/web.umons.ac.be\/app\/uploads\/sites\/6\/2018\/10\/Veronique-Feldheim-150x150.png 150w, https:\/\/web.umons.ac.be\/app\/uploads\/sites\/6\/2018\/10\/Veronique-Feldheim-300x300.png 300w, https:\/\/web.umons.ac.be\/app\/uploads\/sites\/6\/2018\/10\/Veronique-Feldheim-768x768.png 768w, https:\/\/web.umons.ac.be\/app\/uploads\/sites\/6\/2018\/10\/Veronique-Feldheim-1024x1024.png 1024w, https:\/\/web.umons.ac.be\/app\/uploads\/sites\/6\/2018\/10\/Veronique-Feldheim-660x660.png 660w, https:\/\/web.umons.ac.be\/app\/uploads\/sites\/6\/2018\/10\/Veronique-Feldheim-30x30.png 30w, https:\/\/web.umons.ac.be\/app\/uploads\/sites\/6\/2018\/10\/Veronique-Feldheim-80x80.png 80w, https:\/\/web.umons.ac.be\/app\/uploads\/sites\/6\/2018\/10\/Veronique-Feldheim-60x60.png 60w, https:\/\/web.umons.ac.be\/app\/uploads\/sites\/6\/2018\/10\/Veronique-Feldheim-360x360.png 360w, https:\/\/web.umons.ac.be\/app\/uploads\/sites\/6\/2018\/10\/Veronique-Feldheim-400x400.png 400w, https:\/\/web.umons.ac.be\/app\/uploads\/sites\/6\/2018\/10\/Veronique-Feldheim-200x200.png 200w, https:\/\/web.umons.ac.be\/app\/uploads\/sites\/6\/2018\/10\/Veronique-Feldheim.png 1125w\" sizes=\"auto, (max-width: 150px) 100vw, 150px\" \/><\/strong><\/p>\n<p><strong>Doyen de la Facult\u00e9 :<\/strong><br \/>\n<span style=\"font-size: 14px;\">V\u00e9ronique FELDHEIM<br \/>\nService de Thermique et Combustion<br \/>\nProfesseur<\/span><\/p>\n<p>&nbsp;<\/p>\n<p>&nbsp;<\/p>\n<p>&nbsp;<\/p>\n<p><strong>Vice-Doyen de la Facult\u00e9 :<\/strong><br \/>\nFran\u00e7ois VALLEE<br \/>\nService de G\u00e9nie Electrique<\/p>\n<p>&nbsp;<\/p>\n<p>&nbsp;<\/p>\n<p>&nbsp;<\/p>\n<p>&nbsp;<\/p>\n<p><strong>Secr\u00e9taire de la Facult\u00e9 :<\/strong><br \/>\nFabienne DELAUNOIS<br \/>\nService de M\u00e9tallurgie<\/p>\n","protected":false},"excerpt":{"rendered":"<p>Doyen de la Facult\u00e9 : V\u00e9ronique FELDHEIM Service de Thermique et Combustion Professeur &nbsp; &nbsp; &nbsp; Vice-Doyen de la Facult\u00e9 : Fran\u00e7ois VALLEE Service de G\u00e9nie Electrique &nbsp; &nbsp; &nbsp; &nbsp; Secr\u00e9taire de la Facult\u00e9 : Fabienne DELAUNOIS Service de M\u00e9tallurgie<\/p>\n","protected":false},"author":2,"featured_media":0,"parent":177,"menu_order":2,"comment_status":"closed","ping_status":"closed","template":"","meta":{"footnotes":""},"class_list":["post-183","page","type-page","status-publish","hentry"],"yoast_head":"<!-- This site is optimized with the Yoast SEO plugin v27.2 - https:\/\/yoast.com\/product\/yoast-seo-wordpress\/ -->\n<title>Les Autorit\u00e9s - Facult\u00e9 \/ FPMS<\/title>\n<meta name=\"robots\" content=\"index, follow, max-snippet:-1, max-image-preview:large, max-video-preview:-1\" \/>\n<link rel=\"canonical\" href=\"https:\/\/web.umons.ac.be\/fpms\/fr\/a-propos-de-la-faculte\/les-autorites\/\" \/>\n<meta property=\"og:locale\" content=\"fr_FR\" \/>\n<meta property=\"og:type\" content=\"article\" \/>\n<meta property=\"og:title\" content=\"Les Autorit\u00e9s - Facult\u00e9 \/ FPMS\" \/>\n<meta property=\"og:description\" content=\"Doyen de la Facult\u00e9 : V\u00e9ronique FELDHEIM Service de Thermique et Combustion Professeur &nbsp; &nbsp; &nbsp; Vice-Doyen de la Facult\u00e9 : Fran\u00e7ois VALLEE Service de G\u00e9nie Electrique &nbsp; &nbsp; &nbsp; &nbsp; Secr\u00e9taire de la Facult\u00e9 : Fabienne DELAUNOIS Service de M\u00e9tallurgie\" \/>\n<meta property=\"og:url\" content=\"https:\/\/web.umons.ac.be\/fpms\/fr\/a-propos-de-la-faculte\/les-autorites\/\" \/>\n<meta property=\"og:site_name\" content=\"Facult\u00e9 \/ FPMS\" \/>\n<meta property=\"article:modified_time\" content=\"2022-12-14T13:11:24+00:00\" \/>\n<meta property=\"og:image\" content=\"https:\/\/web.umons.ac.be\/app\/uploads\/sites\/6\/2018\/10\/Veronique-Feldheim-150x150.png\" \/>\n<meta name=\"twitter:card\" content=\"summary_large_image\" \/>\n<meta name=\"twitter:label1\" content=\"Dur\u00e9e de lecture estim\u00e9e\" \/>\n\t<meta name=\"twitter:data1\" content=\"1 minute\" \/>\n<script type=\"application\/ld+json\" class=\"yoast-schema-graph\">{\"@context\":\"https:\/\/schema.org\",\"@graph\":[{\"@type\":\"WebPage\",\"@id\":\"https:\/\/web.umons.ac.be\/fpms\/fr\/a-propos-de-la-faculte\/les-autorites\/\",\"url\":\"https:\/\/web.umons.ac.be\/fpms\/fr\/a-propos-de-la-faculte\/les-autorites\/\",\"name\":\"Les Autorit\u00e9s - Facult\u00e9 \/ FPMS\",\"isPartOf\":{\"@id\":\"https:\/\/web.umons.ac.be\/fpms\/#website\"},\"primaryImageOfPage\":{\"@id\":\"https:\/\/web.umons.ac.be\/fpms\/fr\/a-propos-de-la-faculte\/les-autorites\/#primaryimage\"},\"image\":{\"@id\":\"https:\/\/web.umons.ac.be\/fpms\/fr\/a-propos-de-la-faculte\/les-autorites\/#primaryimage\"},\"thumbnailUrl\":\"https:\/\/web.umons.ac.be\/app\/uploads\/sites\/6\/2018\/10\/Veronique-Feldheim-150x150.png\",\"datePublished\":\"2017-09-11T13:22:54+00:00\",\"dateModified\":\"2022-12-14T13:11:24+00:00\",\"breadcrumb\":{\"@id\":\"https:\/\/web.umons.ac.be\/fpms\/fr\/a-propos-de-la-faculte\/les-autorites\/#breadcrumb\"},\"inLanguage\":\"fr-FR\",\"potentialAction\":[{\"@type\":\"ReadAction\",\"target\":[\"https:\/\/web.umons.ac.be\/fpms\/fr\/a-propos-de-la-faculte\/les-autorites\/\"]}]},{\"@type\":\"ImageObject\",\"inLanguage\":\"fr-FR\",\"@id\":\"https:\/\/web.umons.ac.be\/fpms\/fr\/a-propos-de-la-faculte\/les-autorites\/#primaryimage\",\"url\":\"https:\/\/web.umons.ac.be\/app\/uploads\/sites\/6\/2018\/10\/Veronique-Feldheim-150x150.png\",\"contentUrl\":\"https:\/\/web.umons.ac.be\/app\/uploads\/sites\/6\/2018\/10\/Veronique-Feldheim-150x150.png\"},{\"@type\":\"BreadcrumbList\",\"@id\":\"https:\/\/web.umons.ac.be\/fpms\/fr\/a-propos-de-la-faculte\/les-autorites\/#breadcrumb\",\"itemListElement\":[{\"@type\":\"ListItem\",\"position\":1,\"name\":\"Accueil\",\"item\":\"https:\/\/web.umons.ac.be\/fpms\/fr\/\"},{\"@type\":\"ListItem\",\"position\":2,\"name\":\"A propos de la Facult\u00e9\",\"item\":\"https:\/\/web.umons.ac.be\/fpms\/fr\/a-propos-de-la-faculte\/\"},{\"@type\":\"ListItem\",\"position\":3,\"name\":\"Les Autorit\u00e9s\"}]},{\"@type\":\"WebSite\",\"@id\":\"https:\/\/web.umons.ac.be\/fpms\/#website\",\"url\":\"https:\/\/web.umons.ac.be\/fpms\/\",\"name\":\"Facult\u00e9 \/ FPMS\",\"description\":\"Un site utilisant Universit\u00e9 de Mons \u2013 UMONS\",\"potentialAction\":[{\"@type\":\"SearchAction\",\"target\":{\"@type\":\"EntryPoint\",\"urlTemplate\":\"https:\/\/web.umons.ac.be\/fpms\/?s={search_term_string}\"},\"query-input\":{\"@type\":\"PropertyValueSpecification\",\"valueRequired\":true,\"valueName\":\"search_term_string\"}}],\"inLanguage\":\"fr-FR\"}]}<\/script>\n<!-- \/ Yoast SEO plugin. -->","yoast_head_json":{"title":"Les Autorit\u00e9s - Facult\u00e9 \/ FPMS","robots":{"index":"index","follow":"follow","max-snippet":"max-snippet:-1","max-image-preview":"max-image-preview:large","max-video-preview":"max-video-preview:-1"},"canonical":"https:\/\/web.umons.ac.be\/fpms\/fr\/a-propos-de-la-faculte\/les-autorites\/","og_locale":"fr_FR","og_type":"article","og_title":"Les Autorit\u00e9s - Facult\u00e9 \/ FPMS","og_description":"Doyen de la Facult\u00e9 : V\u00e9ronique FELDHEIM Service de Thermique et Combustion Professeur &nbsp; &nbsp; &nbsp; Vice-Doyen de la Facult\u00e9 : Fran\u00e7ois VALLEE Service de G\u00e9nie Electrique &nbsp; &nbsp; &nbsp; &nbsp; Secr\u00e9taire de la Facult\u00e9 : Fabienne DELAUNOIS Service de M\u00e9tallurgie","og_url":"https:\/\/web.umons.ac.be\/fpms\/fr\/a-propos-de-la-faculte\/les-autorites\/","og_site_name":"Facult\u00e9 \/ FPMS","article_modified_time":"2022-12-14T13:11:24+00:00","og_image":[{"url":"https:\/\/web.umons.ac.be\/app\/uploads\/sites\/6\/2018\/10\/Veronique-Feldheim-150x150.png","type":"","width":"","height":""}],"twitter_card":"summary_large_image","twitter_misc":{"Dur\u00e9e de lecture estim\u00e9e":"1 minute"},"schema":{"@context":"https:\/\/schema.org","@graph":[{"@type":"WebPage","@id":"https:\/\/web.umons.ac.be\/fpms\/fr\/a-propos-de-la-faculte\/les-autorites\/","url":"https:\/\/web.umons.ac.be\/fpms\/fr\/a-propos-de-la-faculte\/les-autorites\/","name":"Les Autorit\u00e9s - Facult\u00e9 \/ FPMS","isPartOf":{"@id":"https:\/\/web.umons.ac.be\/fpms\/#website"},"primaryImageOfPage":{"@id":"https:\/\/web.umons.ac.be\/fpms\/fr\/a-propos-de-la-faculte\/les-autorites\/#primaryimage"},"image":{"@id":"https:\/\/web.umons.ac.be\/fpms\/fr\/a-propos-de-la-faculte\/les-autorites\/#primaryimage"},"thumbnailUrl":"https:\/\/web.umons.ac.be\/app\/uploads\/sites\/6\/2018\/10\/Veronique-Feldheim-150x150.png","datePublished":"2017-09-11T13:22:54+00:00","dateModified":"2022-12-14T13:11:24+00:00","breadcrumb":{"@id":"https:\/\/web.umons.ac.be\/fpms\/fr\/a-propos-de-la-faculte\/les-autorites\/#breadcrumb"},"inLanguage":"fr-FR","potentialAction":[{"@type":"ReadAction","target":["https:\/\/web.umons.ac.be\/fpms\/fr\/a-propos-de-la-faculte\/les-autorites\/"]}]},{"@type":"ImageObject","inLanguage":"fr-FR","@id":"https:\/\/web.umons.ac.be\/fpms\/fr\/a-propos-de-la-faculte\/les-autorites\/#primaryimage","url":"https:\/\/web.umons.ac.be\/app\/uploads\/sites\/6\/2018\/10\/Veronique-Feldheim-150x150.png","contentUrl":"https:\/\/web.umons.ac.be\/app\/uploads\/sites\/6\/2018\/10\/Veronique-Feldheim-150x150.png"},{"@type":"BreadcrumbList","@id":"https:\/\/web.umons.ac.be\/fpms\/fr\/a-propos-de-la-faculte\/les-autorites\/#breadcrumb","itemListElement":[{"@type":"ListItem","position":1,"name":"Accueil","item":"https:\/\/web.umons.ac.be\/fpms\/fr\/"},{"@type":"ListItem","position":2,"name":"A propos de la Facult\u00e9","item":"https:\/\/web.umons.ac.be\/fpms\/fr\/a-propos-de-la-faculte\/"},{"@type":"ListItem","position":3,"name":"Les Autorit\u00e9s"}]},{"@type":"WebSite","@id":"https:\/\/web.umons.ac.be\/fpms\/#website","url":"https:\/\/web.umons.ac.be\/fpms\/","name":"Facult\u00e9 \/ FPMS","description":"Un site utilisant Universit\u00e9 de Mons \u2013 UMONS","potentialAction":[{"@type":"SearchAction","target":{"@type":"EntryPoint","urlTemplate":"https:\/\/web.umons.ac.be\/fpms\/?s={search_term_string}"},"query-input":{"@type":"PropertyValueSpecification","valueRequired":true,"valueName":"search_term_string"}}],"inLanguage":"fr-FR"}]}},"lang":"fr","translations":{"fr":183,"en":630},"pll_sync_post":[],"_links":{"self":[{"href":"https:\/\/web.umons.ac.be\/fpms\/wp-json\/wp\/v2\/pages\/183","targetHints":{"allow":["GET"]}}],"collection":[{"href":"https:\/\/web.umons.ac.be\/fpms\/wp-json\/wp\/v2\/pages"}],"about":[{"href":"https:\/\/web.umons.ac.be\/fpms\/wp-json\/wp\/v2\/types\/page"}],"author":[{"embeddable":true,"href":"https:\/\/web.umons.ac.be\/fpms\/wp-json\/wp\/v2\/users\/2"}],"replies":[{"embeddable":true,"href":"https:\/\/web.umons.ac.be\/fpms\/wp-json\/wp\/v2\/comments?post=183"}],"version-history":[{"count":3,"href":"https:\/\/web.umons.ac.be\/fpms\/wp-json\/wp\/v2\/pages\/183\/revisions"}],"predecessor-version":[{"id":2418,"href":"https:\/\/web.umons.ac.be\/fpms\/wp-json\/wp\/v2\/pages\/183\/revisions\/2418"}],"up":[{"embeddable":true,"href":"https:\/\/web.umons.ac.be\/fpms\/wp-json\/wp\/v2\/pages\/177"}],"wp:attachment":[{"href":"https:\/\/web.umons.ac.be\/fpms\/wp-json\/wp\/v2\/media?parent=183"}],"curies":[{"name":"wp","href":"https:\/\/api.w.org\/{rel}","templated":true}]}}