{"id":237,"date":"2017-09-11T16:30:49","date_gmt":"2017-09-11T14:30:49","guid":{"rendered":"https:\/\/web.umons.ac.be\/fpms\/?page_id=237"},"modified":"2017-11-21T09:59:49","modified_gmt":"2017-11-21T08:59:49","slug":"projets","status":"publish","type":"page","link":"https:\/\/web.umons.ac.be\/fpms\/fr\/bienvenue-a-la-polytech\/projets\/","title":{"rendered":"Projets"},"content":{"rendered":"<blockquote><p>J&rsquo;ai refait tous les calculs, ils confirment l&rsquo;opinion des sp\u00e9cialistes : notre id\u00e9e est irr\u00e9alisable. Il ne nous reste qu&rsquo;une seule chose \u00e0 faire : la r\u00e9aliser !<br \/>\n(Pierre-Georges Lat\u00e9co\u00e8re, ing\u00e9nieur fran\u00e7ais, lors des d\u00e9buts de l\u2019aviation commerciale, 1883-1943)<\/p><\/blockquote>\n<p>Au c\u0153ur du m\u00e9tier de l\u2019ing\u00e9nieur civil, se trouve cette dynamique du changement audacieux, du progr\u00e8s continu et de l\u2019innovation au-del\u00e0 des habitudes et des certitudes acquises.<\/p>\n<p><strong>Un projet, c\u2019est une aventure<\/strong> qui conduit \u00e0 imaginer, concevoir, r\u00e9aliser et mettre en \u0153uvre un produit ou un service nouveau. Plus qu\u2019une aventure, c\u2019est un vrai challenge quotidien pour l\u2019ing\u00e9nieur, car le projet doit \u00eatre men\u00e9 dans un temps d\u00e9termin\u00e9, avec un budget qui n\u2019est pas illimit\u00e9 et pour atteindre un excellent niveau d\u2019efficacit\u00e9.<\/p>\n<p>Le projet, c\u2019est aussi la n\u00e9cessit\u00e9 pour l\u2019ing\u00e9nieur de mettre en \u0153uvre toutes ses comp\u00e9tences. Bien \u00e9videmment, on compte sur sa capacit\u00e9 \u00e0 mettre ses connaissances scientifiques et technologiques au service de la r\u00e9solution du besoin. Mais, ses qualit\u00e9s humaines d\u2019interaction avec ses coll\u00e8gues au sein d\u2019\u00e9quipes multidisciplinaires, avec les clients et avec toutes les diff\u00e9rentes parties prenantes du projet feront la qualit\u00e9 de la r\u00e9ussite du projet.<\/p>\n<p>C\u2019est pourquoi la dynamique de projet est pr\u00e9sente tout au long de la formation des futurs ing\u00e9nieurs civils\u00a0: une formation au projet et par le projet. Finalement, une formation qui permet \u00e0 nos \u00e9tudiants de se d\u00e9passer tout en s\u2019\u00e9panouissant.<\/p>\n<h5>Voici quelques-uns des d\u00e9fis qu\u2019ils ont relev\u00e9s ces derni\u00e8res ann\u00e9es\u00a0:<\/h5>\n<p><iframe loading=\"lazy\" title=\"1 minute avec Marion et Lola\" width=\"500\" height=\"281\" src=\"https:\/\/www.youtube.com\/embed\/KUKn-Vc-R0Q?feature=oembed\" frameborder=\"0\" allow=\"accelerometer; autoplay; clipboard-write; encrypted-media; gyroscope; picture-in-picture; web-share\" referrerpolicy=\"strict-origin-when-cross-origin\" allowfullscreen><\/iframe><\/p>\n<p><iframe loading=\"lazy\" title=\"Creathon Facult\u00e9 Polytechnique de Mons\" width=\"500\" height=\"281\" src=\"https:\/\/www.youtube.com\/embed\/9it1jFxyTp0?feature=oembed\" frameborder=\"0\" allow=\"accelerometer; autoplay; clipboard-write; encrypted-media; gyroscope; picture-in-picture; web-share\" referrerpolicy=\"strict-origin-when-cross-origin\" allowfullscreen><\/iframe><\/p>\n<p><iframe loading=\"lazy\" title=\"Projet Ing\u00e9nieurs Sans Fronti\u00e8res - Unit\u00e9 familiale de potabilisation d&#039;eau\" width=\"500\" height=\"281\" src=\"https:\/\/www.youtube.com\/embed\/kBOB5BHo_hM?feature=oembed\" frameborder=\"0\" allow=\"accelerometer; autoplay; clipboard-write; encrypted-media; gyroscope; picture-in-picture; web-share\" referrerpolicy=\"strict-origin-when-cross-origin\" allowfullscreen><\/iframe><\/p>\n<p><iframe loading=\"lazy\" title=\"SonicCloud3D - Projet Cr\u00e9actif BA2\" width=\"500\" height=\"281\" src=\"https:\/\/www.youtube.com\/embed\/WW5edV9NZnM?feature=oembed\" frameborder=\"0\" allow=\"accelerometer; autoplay; clipboard-write; encrypted-media; gyroscope; picture-in-picture; web-share\" referrerpolicy=\"strict-origin-when-cross-origin\" allowfullscreen><\/iframe><\/p>\n<h5>Et vous, quels d\u00e9fis \u00eates-vous pr\u00eat \u00e0 vaincre\u00a0?<\/h5>\n","protected":false},"excerpt":{"rendered":"<p>J&rsquo;ai refait tous les calculs, ils confirment l&rsquo;opinion des sp\u00e9cialistes : notre id\u00e9e est irr\u00e9alisable. Il ne nous reste qu&rsquo;une seule chose \u00e0 faire : la r\u00e9aliser ! (Pierre-Georges Lat\u00e9co\u00e8re, ing\u00e9nieur fran\u00e7ais, lors des d\u00e9buts de l\u2019aviation commerciale, 1883-1943) Au c\u0153ur du m\u00e9tier de l\u2019ing\u00e9nieur civil, se trouve cette dynamique du changement audacieux, du progr\u00e8s [&hellip;]<\/p>\n","protected":false},"author":2,"featured_media":0,"parent":100,"menu_order":7,"comment_status":"closed","ping_status":"closed","template":"","meta":{"footnotes":""},"class_list":["post-237","page","type-page","status-publish","hentry"],"yoast_head":"<!-- This site is optimized with the Yoast SEO plugin v27.2 - https:\/\/yoast.com\/product\/yoast-seo-wordpress\/ -->\n<title>Projets - Facult\u00e9 \/ FPMS<\/title>\n<meta name=\"robots\" content=\"index, follow, max-snippet:-1, max-image-preview:large, max-video-preview:-1\" \/>\n<link rel=\"canonical\" href=\"https:\/\/web.umons.ac.be\/fpms\/fr\/bienvenue-a-la-polytech\/projets\/\" \/>\n<meta property=\"og:locale\" content=\"fr_FR\" \/>\n<meta property=\"og:type\" content=\"article\" \/>\n<meta property=\"og:title\" content=\"Projets - Facult\u00e9 \/ FPMS\" \/>\n<meta property=\"og:description\" content=\"J&rsquo;ai refait tous les calculs, ils confirment l&rsquo;opinion des sp\u00e9cialistes : notre id\u00e9e est irr\u00e9alisable. Il ne nous reste qu&rsquo;une seule chose \u00e0 faire : la r\u00e9aliser ! (Pierre-Georges Lat\u00e9co\u00e8re, ing\u00e9nieur fran\u00e7ais, lors des d\u00e9buts de l\u2019aviation commerciale, 1883-1943) Au c\u0153ur du m\u00e9tier de l\u2019ing\u00e9nieur civil, se trouve cette dynamique du changement audacieux, du progr\u00e8s [&hellip;]\" \/>\n<meta property=\"og:url\" content=\"https:\/\/web.umons.ac.be\/fpms\/fr\/bienvenue-a-la-polytech\/projets\/\" \/>\n<meta property=\"og:site_name\" content=\"Facult\u00e9 \/ FPMS\" \/>\n<meta property=\"article:modified_time\" content=\"2017-11-21T08:59:49+00:00\" \/>\n<meta name=\"twitter:card\" content=\"summary_large_image\" \/>\n<meta name=\"twitter:label1\" content=\"Dur\u00e9e de lecture estim\u00e9e\" \/>\n\t<meta name=\"twitter:data1\" content=\"2 minutes\" \/>\n<script type=\"application\/ld+json\" class=\"yoast-schema-graph\">{\"@context\":\"https:\/\/schema.org\",\"@graph\":[{\"@type\":\"WebPage\",\"@id\":\"https:\/\/web.umons.ac.be\/fpms\/fr\/bienvenue-a-la-polytech\/projets\/\",\"url\":\"https:\/\/web.umons.ac.be\/fpms\/fr\/bienvenue-a-la-polytech\/projets\/\",\"name\":\"Projets - Facult\u00e9 \/ FPMS\",\"isPartOf\":{\"@id\":\"https:\/\/web.umons.ac.be\/fpms\/#website\"},\"datePublished\":\"2017-09-11T14:30:49+00:00\",\"dateModified\":\"2017-11-21T08:59:49+00:00\",\"breadcrumb\":{\"@id\":\"https:\/\/web.umons.ac.be\/fpms\/fr\/bienvenue-a-la-polytech\/projets\/#breadcrumb\"},\"inLanguage\":\"fr-FR\",\"potentialAction\":[{\"@type\":\"ReadAction\",\"target\":[\"https:\/\/web.umons.ac.be\/fpms\/fr\/bienvenue-a-la-polytech\/projets\/\"]}]},{\"@type\":\"BreadcrumbList\",\"@id\":\"https:\/\/web.umons.ac.be\/fpms\/fr\/bienvenue-a-la-polytech\/projets\/#breadcrumb\",\"itemListElement\":[{\"@type\":\"ListItem\",\"position\":1,\"name\":\"Accueil\",\"item\":\"https:\/\/web.umons.ac.be\/fpms\/fr\/\"},{\"@type\":\"ListItem\",\"position\":2,\"name\":\"Bienvenue \u00e0 la Polytech\",\"item\":\"https:\/\/web.umons.ac.be\/fpms\/fr\/bienvenue-a-la-polytech\/\"},{\"@type\":\"ListItem\",\"position\":3,\"name\":\"Projets\"}]},{\"@type\":\"WebSite\",\"@id\":\"https:\/\/web.umons.ac.be\/fpms\/#website\",\"url\":\"https:\/\/web.umons.ac.be\/fpms\/\",\"name\":\"Facult\u00e9 \/ FPMS\",\"description\":\"Un site utilisant Universit\u00e9 de Mons \u2013 UMONS\",\"potentialAction\":[{\"@type\":\"SearchAction\",\"target\":{\"@type\":\"EntryPoint\",\"urlTemplate\":\"https:\/\/web.umons.ac.be\/fpms\/?s={search_term_string}\"},\"query-input\":{\"@type\":\"PropertyValueSpecification\",\"valueRequired\":true,\"valueName\":\"search_term_string\"}}],\"inLanguage\":\"fr-FR\"}]}<\/script>\n<!-- \/ Yoast SEO plugin. -->","yoast_head_json":{"title":"Projets - Facult\u00e9 \/ FPMS","robots":{"index":"index","follow":"follow","max-snippet":"max-snippet:-1","max-image-preview":"max-image-preview:large","max-video-preview":"max-video-preview:-1"},"canonical":"https:\/\/web.umons.ac.be\/fpms\/fr\/bienvenue-a-la-polytech\/projets\/","og_locale":"fr_FR","og_type":"article","og_title":"Projets - Facult\u00e9 \/ FPMS","og_description":"J&rsquo;ai refait tous les calculs, ils confirment l&rsquo;opinion des sp\u00e9cialistes : notre id\u00e9e est irr\u00e9alisable. Il ne nous reste qu&rsquo;une seule chose \u00e0 faire : la r\u00e9aliser ! (Pierre-Georges Lat\u00e9co\u00e8re, ing\u00e9nieur fran\u00e7ais, lors des d\u00e9buts de l\u2019aviation commerciale, 1883-1943) Au c\u0153ur du m\u00e9tier de l\u2019ing\u00e9nieur civil, se trouve cette dynamique du changement audacieux, du progr\u00e8s [&hellip;]","og_url":"https:\/\/web.umons.ac.be\/fpms\/fr\/bienvenue-a-la-polytech\/projets\/","og_site_name":"Facult\u00e9 \/ FPMS","article_modified_time":"2017-11-21T08:59:49+00:00","twitter_card":"summary_large_image","twitter_misc":{"Dur\u00e9e de lecture estim\u00e9e":"2 minutes"},"schema":{"@context":"https:\/\/schema.org","@graph":[{"@type":"WebPage","@id":"https:\/\/web.umons.ac.be\/fpms\/fr\/bienvenue-a-la-polytech\/projets\/","url":"https:\/\/web.umons.ac.be\/fpms\/fr\/bienvenue-a-la-polytech\/projets\/","name":"Projets - Facult\u00e9 \/ FPMS","isPartOf":{"@id":"https:\/\/web.umons.ac.be\/fpms\/#website"},"datePublished":"2017-09-11T14:30:49+00:00","dateModified":"2017-11-21T08:59:49+00:00","breadcrumb":{"@id":"https:\/\/web.umons.ac.be\/fpms\/fr\/bienvenue-a-la-polytech\/projets\/#breadcrumb"},"inLanguage":"fr-FR","potentialAction":[{"@type":"ReadAction","target":["https:\/\/web.umons.ac.be\/fpms\/fr\/bienvenue-a-la-polytech\/projets\/"]}]},{"@type":"BreadcrumbList","@id":"https:\/\/web.umons.ac.be\/fpms\/fr\/bienvenue-a-la-polytech\/projets\/#breadcrumb","itemListElement":[{"@type":"ListItem","position":1,"name":"Accueil","item":"https:\/\/web.umons.ac.be\/fpms\/fr\/"},{"@type":"ListItem","position":2,"name":"Bienvenue \u00e0 la Polytech","item":"https:\/\/web.umons.ac.be\/fpms\/fr\/bienvenue-a-la-polytech\/"},{"@type":"ListItem","position":3,"name":"Projets"}]},{"@type":"WebSite","@id":"https:\/\/web.umons.ac.be\/fpms\/#website","url":"https:\/\/web.umons.ac.be\/fpms\/","name":"Facult\u00e9 \/ FPMS","description":"Un site utilisant Universit\u00e9 de Mons \u2013 UMONS","potentialAction":[{"@type":"SearchAction","target":{"@type":"EntryPoint","urlTemplate":"https:\/\/web.umons.ac.be\/fpms\/?s={search_term_string}"},"query-input":{"@type":"PropertyValueSpecification","valueRequired":true,"valueName":"search_term_string"}}],"inLanguage":"fr-FR"}]}},"lang":"fr","translations":{"fr":237,"en":599},"pll_sync_post":[],"_links":{"self":[{"href":"https:\/\/web.umons.ac.be\/fpms\/wp-json\/wp\/v2\/pages\/237","targetHints":{"allow":["GET"]}}],"collection":[{"href":"https:\/\/web.umons.ac.be\/fpms\/wp-json\/wp\/v2\/pages"}],"about":[{"href":"https:\/\/web.umons.ac.be\/fpms\/wp-json\/wp\/v2\/types\/page"}],"author":[{"embeddable":true,"href":"https:\/\/web.umons.ac.be\/fpms\/wp-json\/wp\/v2\/users\/2"}],"replies":[{"embeddable":true,"href":"https:\/\/web.umons.ac.be\/fpms\/wp-json\/wp\/v2\/comments?post=237"}],"version-history":[{"count":6,"href":"https:\/\/web.umons.ac.be\/fpms\/wp-json\/wp\/v2\/pages\/237\/revisions"}],"predecessor-version":[{"id":451,"href":"https:\/\/web.umons.ac.be\/fpms\/wp-json\/wp\/v2\/pages\/237\/revisions\/451"}],"up":[{"embeddable":true,"href":"https:\/\/web.umons.ac.be\/fpms\/wp-json\/wp\/v2\/pages\/100"}],"wp:attachment":[{"href":"https:\/\/web.umons.ac.be\/fpms\/wp-json\/wp\/v2\/media?parent=237"}],"curies":[{"name":"wp","href":"https:\/\/api.w.org\/{rel}","templated":true}]}}