{"id":369,"date":"2017-10-09T15:21:03","date_gmt":"2017-10-09T13:21:03","guid":{"rendered":"https:\/\/web.umons.ac.be\/fpms\/?page_id=369"},"modified":"2023-02-27T09:40:00","modified_gmt":"2023-02-27T08:40:00","slug":"ingenieur-civil-electricien","status":"publish","type":"page","link":"https:\/\/web.umons.ac.be\/fpms\/fr\/offre-de-formation\/2eme-cycle-master\/ingenieur-civil-electricien\/","title":{"rendered":"Ing\u00e9nieur civil \u00e9lectricien"},"content":{"rendered":"<p>Imaginer, concevoir et mettre en oeuvre des syst\u00e8mes innovants, dans des domaines en mutation permanente.<\/p>\n<p>La formation d\u2019ing\u00e9nieur civil \u00e9lectricien permet de maitriser un savoir polyvalent :<\/p>\n<ul>\n<li>Courants forts : machines \u00e9lectriques, \u00e9lectronique de puissance, r\u00e9seaux \u00e9lectriques intelligents, \u00e9nergies nouvelles, v\u00e9hicules \u00e9lectriques.<\/li>\n<li>Courants faibles : t\u00e9l\u00e9communications, traitement du signal, \u00e9lectronique, automatique, r\u00e9seaux informatiques, syst\u00e8mes embarqu\u00e9s, bio-ing\u00e9nierie.<\/li>\n<\/ul>\n<p>L\u2019ing\u00e9nieur \u00e9lectricien peut s\u2019adapter \u00e0 des domaines qui \u00e9voluent tr\u00e8s rapidement (multim\u00e9dia, t\u00e9l\u00e9coms, biotechnologies ou \u00e9nergies nouvelles) dans un souci constant d\u2019innovation et de r\u00e9activit\u00e9. Les projets en \u00e9quipe forgent des comp\u00e9tences indispensables : leadership, gestion du temps et des conflits. Le travail de fin d\u2019\u00e9tudes permet \u00e0 l\u2019ing\u00e9nieur \u00e9lectricien d\u2019aller au fond d\u2019un projet long et complexe et de d\u00e9passer ses limites.<\/p>\n<start-cask-shortcode-wrapper><article class=\"shortcode-training training-small content-block scheme-fpms\">\n\t<a href=\"https:\/\/web.umons.ac.be\/fpms\/fr\/formations\/m2-irelfs\/\" class=\"training-link scheme-border-hover\">\n\t\t<header class=\"training-small-header\">\n\t\t\t<div class=\"training-small-entity scheme-color\">\n\t\t\t\tFacult\u00e9 \/ FPMS\t\t\t\t\t           \t<img decoding=\"async\" src=\"https:\/\/web.umons.ac.be\/app\/uploads\/sites\/6\/2017\/05\/POLYTECH.png\" class=\"training-small-entity-logo\" alt=\"Ic\u00f4ne de Facult\u00e9 \/ FPMS\">\n\t        \t\t\t\t<\/div>\n\t\t\t<div class=\"training-small-degree\">\n\t\t\t\tMaster en\t\t\t<\/div>\n\n\t\t\t<h1 class=\"training-small-title\">Ing\u00e9nieur civil \u00e9lectricien<\/h1>\n\n\t\t\t\t\t\t<div class=\"training-small-subtitle\">\n\t\t\t\t<strong>Finalit\u00e9 sp\u00e9cialis\u00e9e<\/strong>\n\t\t\t<\/div>\n\t\t\t\t\t<\/header>\n\t\t\t\t<div class=\"training-small-content\">\n\t\t\t<div class=\"training-small-location\">\n\t\t\t\t<span class=\"icon umons-icon-pin\" aria-hidden=\"true\"><\/span>\n\t\t\t\t<span class=\"location\">Mons<\/span>\n\t\t\t<\/div>\n\n\t\t\t\t\t\t<div class=\"training-small-side-info\">\n\t\t\t\t<ul class=\"training-small-side-info-list\">\n\t\t\t\t\t\t\t\t\t\t<li>\n\t\t\t\t\t\t<div class=\"training-single-schedule\">\n\t\t\t\t\t\t\t<div class=\"label\">Horaire<\/div>\n\t\t\t\t\t\t\t<div class=\"value\">Horaire de jour<\/div>\n\t\t\t\t\t\t<\/div>\n\t\t\t\t\t<\/li>\n\t\t\t\t\t\t\t\t\t\t\t\t\t\t\t<li>\n\t\t\t\t\t\t<div class=\"training-single-credits\">\n\t\t\t\t\t\t\t<div class=\"label\">Cr\u00e9dits ECTS<\/div>\n\t\t\t\t\t\t\t<div class=\"value\">120<\/div>\n\t\t\t\t\t\t<\/div>\n\t\t\t\t\t<\/li>\n\t\t\t\t\t\t\t\t\t\t\t\t\t\t\t<li>\n\t\t\t\t\t\t<div class=\"training-single-languages\">\n\t\t\t\t\t\t\t<div class=\"label\">Langue<\/div>\n\t\t\t\t\t\t\t<div class=\"value\">\n\t\t\t\t\t\t\t\t<span class=\"lang\">Anglais<\/span>\n\t\t\t\t\t\t\t<\/div>\n\t\t\t\t\t\t<\/div>\n\t\t\t\t\t<\/li>\n\t\t\t\t\t\t\t\t\t<\/ul>\n\t\t\t<\/div>\n\t\t\t\t\t<\/div>\n\t\t\t<\/a>\n<\/article>\n<end-cask-shortcode-wrapper>\n<hr \/>\n<p><em><strong>Lien vers le programme des cours des Masters maintenus \u00e0 titre transitoire :<\/strong><\/em><\/p>\n<ul class=\"tabCursus\">\n<li><em><a class=\"cursus_link\" href=\"https:\/\/applications.umons.ac.be\/web\/fr\/pde\/2023-2024\/cursus\/MEL1_S225.htm\">Master : ing\u00e9nieur civil \u00e9lectricien, \u00e0 finalit\u00e9 sp\u00e9cialis\u00e9e en Data Science for Dynamical Systems (Mons)<\/a><\/em><\/li>\n<li><em><a class=\"cursus_link\" href=\"https:\/\/applications.umons.ac.be\/web\/fr\/pde\/2023-2024\/cursus\/MEL1_S226.htm\">Master : ing\u00e9nieur civil \u00e9lectricien, \u00e0 finalit\u00e9 sp\u00e9cialis\u00e9e en Artificial Intelligence and Smart Communication (Mons)<\/a><\/em><\/li>\n<li><em><a class=\"cursus_link\" href=\"https:\/\/applications.umons.ac.be\/web\/fr\/pde\/2023-2024\/cursus\/MEL1_S227.htm\">Master : ing\u00e9nieur civil \u00e9lectricien, \u00e0 finalit\u00e9 sp\u00e9cialis\u00e9e en Electrical Energy and Smart Grids (Mons)<\/a><\/em><\/li>\n<\/ul>\n<start-cask-shortcode-wrapper>\n<blockquote class=\"shortcode-testimonial scheme-fpms\">\n    <div class=\"testimonial-quote\">\n        <div>\u201cJ\u2019ai effectu\u00e9 un travail de fin d\u2019\u00e9tudes\u00a0\u00e0 Doshisha University (Kyoto, Japon)\u00a0dans le domaine de la reconnaissance\u00a0des formes, ce qui m\u2019a permis\u00a0de participer \u00e0 la publication d\u2019un article au IEEE\u00a0In&hellip;<\/div>\n                <a href=\"#testimonial-modal-1545\" class=\"button-secondary open-testimonial scheme-border scheme-color-hover-important\">\n            Poursuivre la lecture <span class=\"icon umons-icon-tail-right\" aria-hidden=\"true\"><\/span>\n        <\/a>\n            <\/div>\n    <div class=\"testimonial-author\">\n                <div class=\"testimonial-picture\">\n            <img decoding=\"async\" src=\"https:\/\/web.umons.ac.be\/app\/uploads\/sites\/6\/2020\/02\/emilie-delattre-80x80.jpg\" alt=\"\" \/>\n        <\/div>\n                <div class=\"testimonial-text\">\n            <div class=\"testimonial-identity\">\n                <span class=\"testimonial-author-name\">Emilie  DELATTRE<\/span>\n                            <\/div>\n            <div class=\"testimonial-meta\">\n                                                <span class=\"testimonial-group\">Ing\u00e9nieure civil Electricien, Signals, Systems and BioEngineering<\/span>\n                            <\/div>\n        <\/div>\n    <\/div>\n<\/blockquote>\n<div id=\"testimonial-modal-1545\" class=\"testimonial-modal-wrap normal\" style=\"display: none;\">\n    <div class=\"shortcode-testimonial-modal\">\n        <blockquote class=\"shortcode-testimonial\">\n            <div class=\"testimonial-quote editor-front\">\n                                <blockquote class=\"highlighted-quote\">J\u2019ai effectu\u00e9 un travail de fin d\u2019\u00e9tudes\u00a0\u00e0 Doshisha University (Kyoto, Japon)<\/blockquote>\n                                                <div class=\"testimonial-full-quote\"><p>\u201cJ\u2019ai effectu\u00e9 un travail de fin d\u2019\u00e9tudes\u00a0\u00e0 Doshisha University (Kyoto, Japon)\u00a0dans le domaine de la reconnaissance\u00a0des formes, ce qui m\u2019a permis\u00a0de participer \u00e0 la publication d\u2019un article au IEEE\u00a0International Workshop on Machine Learning for Signal\u00a0Processing (Aalborg , Danemark). Aujourd\u2019hui,\u00a0je suis Ing\u00e9nieure experte en machine learning au\u00a0sein de l\u2019\u00e9quipe du projet Blue Brain de l\u2019Ecole\u00a0Polytechnique F\u00e9d\u00e9rale de Lausanne (EPFL) dont l\u2019objectif est de reconstruire et simuler l\u2019activit\u00e9\u00a0c\u00e9r\u00e9brale de la souris, et ultimement de l\u2019homme.\u00a0\u00bb<\/p>\n<\/div>\n                            <\/div>\n            <div class=\"testimonial-author\">\n                                <div class=\"testimonial-picture\">\n                    <img decoding=\"async\" src=\"https:\/\/web.umons.ac.be\/app\/uploads\/sites\/6\/2020\/02\/emilie-delattre-80x80.jpg\" alt=\"\" \/>\n                <\/div>\n                                <div class=\"testimonial-text\">\n                    <div class=\"testimonial-identity\">\n                        <span class=\"testimonial-author-name\">Emilie  DELATTRE<\/span>\n                                            <\/div>\n                    <div class=\"testimonial-meta\">\n                                                                        <span class=\"testimonial-group\">(Ing\u00e9nieure civil Electricien, Signals, Systems and BioEngineering)<\/span>\n                                            <\/div>\n                <\/div>\n            <\/div>\n        <\/blockquote>\n    <\/div>\n<\/div>\n<end-cask-shortcode-wrapper>\n<start-cask-shortcode-wrapper>\n<blockquote class=\"shortcode-testimonial scheme-fpms\">\n    <div class=\"testimonial-quote\">\n        <div>\"J\u2019ai entam\u00e9 mon parcours acad\u00e9mique \u00e0 la facult\u00e9 polytechnique en Septembre 2013. En deuxi\u00e8me bachelier, un projet prend forme, qui m\u2019accompagnera jusqu\u2019\u00e0 mon TFE. Il s\u2019agit de \u00ab Nail it ! \u00bb une mach&hellip;<\/div>\n                <a href=\"#testimonial-modal-1541\" class=\"button-secondary open-testimonial scheme-border scheme-color-hover-important\">\n            Poursuivre la lecture <span class=\"icon umons-icon-tail-right\" aria-hidden=\"true\"><\/span>\n        <\/a>\n            <\/div>\n    <div class=\"testimonial-author\">\n                <div class=\"testimonial-picture\">\n            <img decoding=\"async\" src=\"https:\/\/web.umons.ac.be\/app\/uploads\/sites\/6\/2020\/02\/lola-botman-80x80.jpg\" alt=\"\" \/>\n        <\/div>\n                <div class=\"testimonial-text\">\n            <div class=\"testimonial-identity\">\n                <span class=\"testimonial-author-name\">Lola  BOTMAN<\/span>\n                            <\/div>\n            <div class=\"testimonial-meta\">\n                                                <span class=\"testimonial-group\">Ing\u00e9nieure  civil Electricien Artificial Intelligence and Smart Communication.<\/span>\n                            <\/div>\n        <\/div>\n    <\/div>\n<\/blockquote>\n<div id=\"testimonial-modal-1541\" class=\"testimonial-modal-wrap normal\" style=\"display: none;\">\n    <div class=\"shortcode-testimonial-modal\">\n        <blockquote class=\"shortcode-testimonial\">\n            <div class=\"testimonial-quote editor-front\">\n                                <blockquote class=\"highlighted-quote\">J\u2019ai entam\u00e9 mon parcours acad\u00e9mique \u00e0 la facult\u00e9 polytechnique en Septembre 2013.<\/blockquote>\n                                                <div class=\"testimonial-full-quote\"><p>\u00ab\u00a0J\u2019ai entam\u00e9 mon parcours acad\u00e9mique \u00e0 la facult\u00e9 polytechnique en Septembre 2013. En deuxi\u00e8me bachelier, un projet prend forme, qui m\u2019accompagnera jusqu\u2019\u00e0 mon TFE. Il s\u2019agit de \u00ab Nail it ! \u00bb une machine capable de scanner une couleur, produire une petite quantit\u00e9 de vernis de cette couleur pour ensuite l\u2019appliquer sur les ongles et s\u00e9cher le tout rapidement. Cela peut faire sourire, mais \u00e7a n\u2019enl\u00e8ve pas les nombreux challenges technologiques qui y sont li\u00e9s. Lors de mon master en \u00e9lectricit\u00e9, finalit\u00e9 t\u00e9l\u00e9communications et multim\u00e9dias, j\u2019ai bien s\u00fbr pu participer \u00e0 divers projets plus \u00ab conventionnels \u00bb tels qu\u2019un syst\u00e8me Li-Fi, ou encore un appareil de mesure d\u2019un courant de plasma \u00e0 l\u2019aide d\u2019une fibre optique. Le projet de deuxi\u00e8me bachelier est revenu sur la table pour mon TFE, avec Marion Coquelet, \u00e9tudiante en m\u00e9canique. Il s\u2019agissait du premier TFE multidisciplinaire. Elle s\u2019est occup\u00e9e d\u2019un challenge m\u00e9canique tandis que je me suis attaqu\u00e9e \u00e0 la d\u00e9tection du contour de l\u2019ongle en utilisant une m\u00e9thode d\u2019Active Shape Model. Depuis l\u2019obtention de mon dipl\u00f4me, en juin 2018, je travaille dans la consultance chez Sopra Steria.\u00a0\u00bb<\/p>\n<\/div>\n                            <\/div>\n            <div class=\"testimonial-author\">\n                                <div class=\"testimonial-picture\">\n                    <img decoding=\"async\" src=\"https:\/\/web.umons.ac.be\/app\/uploads\/sites\/6\/2020\/02\/lola-botman-80x80.jpg\" alt=\"\" \/>\n                <\/div>\n                                <div class=\"testimonial-text\">\n                    <div class=\"testimonial-identity\">\n                        <span class=\"testimonial-author-name\">Lola  BOTMAN<\/span>\n                                            <\/div>\n                    <div class=\"testimonial-meta\">\n                                                                        <span class=\"testimonial-group\">(Ing\u00e9nieure  civil Electricien Artificial Intelligence and Smart Communication.)<\/span>\n                                            <\/div>\n                <\/div>\n            <\/div>\n        <\/blockquote>\n    <\/div>\n<\/div>\n<end-cask-shortcode-wrapper>\n<p>&nbsp;<\/p>\n","protected":false},"excerpt":{"rendered":"<p>Imaginer, concevoir et mettre en oeuvre des syst\u00e8mes innovants, dans des domaines en mutation permanente. La formation d\u2019ing\u00e9nieur civil \u00e9lectricien permet de maitriser un savoir polyvalent : Courants forts : machines \u00e9lectriques, \u00e9lectronique de puissance, r\u00e9seaux \u00e9lectriques intelligents, \u00e9nergies nouvelles, v\u00e9hicules \u00e9lectriques. Courants faibles : t\u00e9l\u00e9communications, traitement du signal, \u00e9lectronique, automatique, r\u00e9seaux informatiques, syst\u00e8mes embarqu\u00e9s, [&hellip;]<\/p>\n","protected":false},"author":2,"featured_media":0,"parent":111,"menu_order":3,"comment_status":"closed","ping_status":"closed","template":"","meta":{"footnotes":""},"class_list":["post-369","page","type-page","status-publish","hentry"],"yoast_head":"<!-- This site is optimized with the Yoast SEO plugin v27.2 - https:\/\/yoast.com\/product\/yoast-seo-wordpress\/ -->\n<title>Ing\u00e9nieur civil \u00e9lectricien - Facult\u00e9 \/ FPMS<\/title>\n<meta name=\"robots\" content=\"index, follow, max-snippet:-1, max-image-preview:large, max-video-preview:-1\" \/>\n<link rel=\"canonical\" href=\"https:\/\/web.umons.ac.be\/fpms\/fr\/offre-de-formation\/2eme-cycle-master\/ingenieur-civil-electricien\/\" \/>\n<meta property=\"og:locale\" content=\"fr_FR\" \/>\n<meta property=\"og:type\" content=\"article\" \/>\n<meta property=\"og:title\" content=\"Ing\u00e9nieur civil \u00e9lectricien - Facult\u00e9 \/ FPMS\" \/>\n<meta property=\"og:description\" content=\"Imaginer, concevoir et mettre en oeuvre des syst\u00e8mes innovants, dans des domaines en mutation permanente. La formation d\u2019ing\u00e9nieur civil \u00e9lectricien permet de maitriser un savoir polyvalent : Courants forts : machines \u00e9lectriques, \u00e9lectronique de puissance, r\u00e9seaux \u00e9lectriques intelligents, \u00e9nergies nouvelles, v\u00e9hicules \u00e9lectriques. Courants faibles : t\u00e9l\u00e9communications, traitement du signal, \u00e9lectronique, automatique, r\u00e9seaux informatiques, syst\u00e8mes embarqu\u00e9s, [&hellip;]\" \/>\n<meta property=\"og:url\" content=\"https:\/\/web.umons.ac.be\/fpms\/fr\/offre-de-formation\/2eme-cycle-master\/ingenieur-civil-electricien\/\" \/>\n<meta property=\"og:site_name\" content=\"Facult\u00e9 \/ FPMS\" \/>\n<meta property=\"article:modified_time\" content=\"2023-02-27T08:40:00+00:00\" \/>\n<meta name=\"twitter:card\" content=\"summary_large_image\" \/>\n<meta name=\"twitter:label1\" content=\"Dur\u00e9e de lecture estim\u00e9e\" \/>\n\t<meta name=\"twitter:data1\" content=\"1 minute\" \/>\n<script type=\"application\/ld+json\" class=\"yoast-schema-graph\">{\"@context\":\"https:\/\/schema.org\",\"@graph\":[{\"@type\":\"WebPage\",\"@id\":\"https:\/\/web.umons.ac.be\/fpms\/fr\/offre-de-formation\/2eme-cycle-master\/ingenieur-civil-electricien\/\",\"url\":\"https:\/\/web.umons.ac.be\/fpms\/fr\/offre-de-formation\/2eme-cycle-master\/ingenieur-civil-electricien\/\",\"name\":\"Ing\u00e9nieur civil \u00e9lectricien - Facult\u00e9 \/ FPMS\",\"isPartOf\":{\"@id\":\"https:\/\/web.umons.ac.be\/fpms\/#website\"},\"datePublished\":\"2017-10-09T13:21:03+00:00\",\"dateModified\":\"2023-02-27T08:40:00+00:00\",\"breadcrumb\":{\"@id\":\"https:\/\/web.umons.ac.be\/fpms\/fr\/offre-de-formation\/2eme-cycle-master\/ingenieur-civil-electricien\/#breadcrumb\"},\"inLanguage\":\"fr-FR\",\"potentialAction\":[{\"@type\":\"ReadAction\",\"target\":[\"https:\/\/web.umons.ac.be\/fpms\/fr\/offre-de-formation\/2eme-cycle-master\/ingenieur-civil-electricien\/\"]}]},{\"@type\":\"BreadcrumbList\",\"@id\":\"https:\/\/web.umons.ac.be\/fpms\/fr\/offre-de-formation\/2eme-cycle-master\/ingenieur-civil-electricien\/#breadcrumb\",\"itemListElement\":[{\"@type\":\"ListItem\",\"position\":1,\"name\":\"Accueil\",\"item\":\"https:\/\/web.umons.ac.be\/fpms\/fr\/\"},{\"@type\":\"ListItem\",\"position\":2,\"name\":\"L&rsquo;offre de formation\",\"item\":\"https:\/\/web.umons.ac.be\/fpms\/fr\/offre-de-formation\/\"},{\"@type\":\"ListItem\",\"position\":3,\"name\":\"2\u00e8me cycle : Master\",\"item\":\"https:\/\/web.umons.ac.be\/fpms\/fr\/offre-de-formation\/2eme-cycle-master\/\"},{\"@type\":\"ListItem\",\"position\":4,\"name\":\"Ing\u00e9nieur civil \u00e9lectricien\"}]},{\"@type\":\"WebSite\",\"@id\":\"https:\/\/web.umons.ac.be\/fpms\/#website\",\"url\":\"https:\/\/web.umons.ac.be\/fpms\/\",\"name\":\"Facult\u00e9 \/ FPMS\",\"description\":\"Un site utilisant Universit\u00e9 de Mons \u2013 UMONS\",\"potentialAction\":[{\"@type\":\"SearchAction\",\"target\":{\"@type\":\"EntryPoint\",\"urlTemplate\":\"https:\/\/web.umons.ac.be\/fpms\/?s={search_term_string}\"},\"query-input\":{\"@type\":\"PropertyValueSpecification\",\"valueRequired\":true,\"valueName\":\"search_term_string\"}}],\"inLanguage\":\"fr-FR\"}]}<\/script>\n<!-- \/ Yoast SEO plugin. -->","yoast_head_json":{"title":"Ing\u00e9nieur civil \u00e9lectricien - Facult\u00e9 \/ FPMS","robots":{"index":"index","follow":"follow","max-snippet":"max-snippet:-1","max-image-preview":"max-image-preview:large","max-video-preview":"max-video-preview:-1"},"canonical":"https:\/\/web.umons.ac.be\/fpms\/fr\/offre-de-formation\/2eme-cycle-master\/ingenieur-civil-electricien\/","og_locale":"fr_FR","og_type":"article","og_title":"Ing\u00e9nieur civil \u00e9lectricien - Facult\u00e9 \/ FPMS","og_description":"Imaginer, concevoir et mettre en oeuvre des syst\u00e8mes innovants, dans des domaines en mutation permanente. La formation d\u2019ing\u00e9nieur civil \u00e9lectricien permet de maitriser un savoir polyvalent : Courants forts : machines \u00e9lectriques, \u00e9lectronique de puissance, r\u00e9seaux \u00e9lectriques intelligents, \u00e9nergies nouvelles, v\u00e9hicules \u00e9lectriques. Courants faibles : t\u00e9l\u00e9communications, traitement du signal, \u00e9lectronique, automatique, r\u00e9seaux informatiques, syst\u00e8mes embarqu\u00e9s, [&hellip;]","og_url":"https:\/\/web.umons.ac.be\/fpms\/fr\/offre-de-formation\/2eme-cycle-master\/ingenieur-civil-electricien\/","og_site_name":"Facult\u00e9 \/ FPMS","article_modified_time":"2023-02-27T08:40:00+00:00","twitter_card":"summary_large_image","twitter_misc":{"Dur\u00e9e de lecture estim\u00e9e":"1 minute"},"schema":{"@context":"https:\/\/schema.org","@graph":[{"@type":"WebPage","@id":"https:\/\/web.umons.ac.be\/fpms\/fr\/offre-de-formation\/2eme-cycle-master\/ingenieur-civil-electricien\/","url":"https:\/\/web.umons.ac.be\/fpms\/fr\/offre-de-formation\/2eme-cycle-master\/ingenieur-civil-electricien\/","name":"Ing\u00e9nieur civil \u00e9lectricien - Facult\u00e9 \/ FPMS","isPartOf":{"@id":"https:\/\/web.umons.ac.be\/fpms\/#website"},"datePublished":"2017-10-09T13:21:03+00:00","dateModified":"2023-02-27T08:40:00+00:00","breadcrumb":{"@id":"https:\/\/web.umons.ac.be\/fpms\/fr\/offre-de-formation\/2eme-cycle-master\/ingenieur-civil-electricien\/#breadcrumb"},"inLanguage":"fr-FR","potentialAction":[{"@type":"ReadAction","target":["https:\/\/web.umons.ac.be\/fpms\/fr\/offre-de-formation\/2eme-cycle-master\/ingenieur-civil-electricien\/"]}]},{"@type":"BreadcrumbList","@id":"https:\/\/web.umons.ac.be\/fpms\/fr\/offre-de-formation\/2eme-cycle-master\/ingenieur-civil-electricien\/#breadcrumb","itemListElement":[{"@type":"ListItem","position":1,"name":"Accueil","item":"https:\/\/web.umons.ac.be\/fpms\/fr\/"},{"@type":"ListItem","position":2,"name":"L&rsquo;offre de formation","item":"https:\/\/web.umons.ac.be\/fpms\/fr\/offre-de-formation\/"},{"@type":"ListItem","position":3,"name":"2\u00e8me cycle : Master","item":"https:\/\/web.umons.ac.be\/fpms\/fr\/offre-de-formation\/2eme-cycle-master\/"},{"@type":"ListItem","position":4,"name":"Ing\u00e9nieur civil \u00e9lectricien"}]},{"@type":"WebSite","@id":"https:\/\/web.umons.ac.be\/fpms\/#website","url":"https:\/\/web.umons.ac.be\/fpms\/","name":"Facult\u00e9 \/ FPMS","description":"Un site utilisant Universit\u00e9 de Mons \u2013 UMONS","potentialAction":[{"@type":"SearchAction","target":{"@type":"EntryPoint","urlTemplate":"https:\/\/web.umons.ac.be\/fpms\/?s={search_term_string}"},"query-input":{"@type":"PropertyValueSpecification","valueRequired":true,"valueName":"search_term_string"}}],"inLanguage":"fr-FR"}]}},"lang":"fr","translations":{"fr":369,"en":558},"pll_sync_post":[],"_links":{"self":[{"href":"https:\/\/web.umons.ac.be\/fpms\/wp-json\/wp\/v2\/pages\/369","targetHints":{"allow":["GET"]}}],"collection":[{"href":"https:\/\/web.umons.ac.be\/fpms\/wp-json\/wp\/v2\/pages"}],"about":[{"href":"https:\/\/web.umons.ac.be\/fpms\/wp-json\/wp\/v2\/types\/page"}],"author":[{"embeddable":true,"href":"https:\/\/web.umons.ac.be\/fpms\/wp-json\/wp\/v2\/users\/2"}],"replies":[{"embeddable":true,"href":"https:\/\/web.umons.ac.be\/fpms\/wp-json\/wp\/v2\/comments?post=369"}],"version-history":[{"count":3,"href":"https:\/\/web.umons.ac.be\/fpms\/wp-json\/wp\/v2\/pages\/369\/revisions"}],"predecessor-version":[{"id":2582,"href":"https:\/\/web.umons.ac.be\/fpms\/wp-json\/wp\/v2\/pages\/369\/revisions\/2582"}],"up":[{"embeddable":true,"href":"https:\/\/web.umons.ac.be\/fpms\/wp-json\/wp\/v2\/pages\/111"}],"wp:attachment":[{"href":"https:\/\/web.umons.ac.be\/fpms\/wp-json\/wp\/v2\/media?parent=369"}],"curies":[{"name":"wp","href":"https:\/\/api.w.org\/{rel}","templated":true}]}}