{"version":"1.0","provider_name":"Facult\u00e9 \/ FPSE","provider_url":"https:\/\/web.umons.ac.be\/fpse","author_name":"Florence Laline","author_url":"https:\/\/web.umons.ac.be\/fpse\/author\/flaline\/","title":"Les gestes et l\u2019apraxie gestuelle, Pr. Angela Bartolo - Facult\u00e9 \/ FPSE","type":"rich","width":600,"height":338,"html":"<blockquote class=\"wp-embedded-content\" data-secret=\"CdLB51hqGM\"><a href=\"https:\/\/web.umons.ac.be\/fpse\/fr\/evenements\/les-gestes-et-lapraxie-gestuelle-pr-angela-bartolo\/\">Les gestes et l\u2019apraxie gestuelle, Pr. Angela Bartolo<\/a><\/blockquote><iframe sandbox=\"allow-scripts\" security=\"restricted\" src=\"https:\/\/web.umons.ac.be\/fpse\/fr\/evenements\/les-gestes-et-lapraxie-gestuelle-pr-angela-bartolo\/embed\/#?secret=CdLB51hqGM\" width=\"600\" height=\"338\" title=\"\u00ab\u00a0Les gestes et l\u2019apraxie gestuelle, Pr. Angela Bartolo\u00a0\u00bb &#8212; Facult\u00e9 \/ FPSE\" data-secret=\"CdLB51hqGM\" frameborder=\"0\" marginwidth=\"0\" marginheight=\"0\" scrolling=\"no\" class=\"wp-embedded-content\"><\/iframe><script type=\"text\/javascript\">\n\/* <![CDATA[ *\/\n\/*! This file is auto-generated *\/\n!function(d,l){\"use strict\";l.querySelector&&d.addEventListener&&\"undefined\"!=typeof URL&&(d.wp=d.wp||{},d.wp.receiveEmbedMessage||(d.wp.receiveEmbedMessage=function(e){var t=e.data;if((t||t.secret||t.message||t.value)&&!\/[^a-zA-Z0-9]\/.test(t.secret)){for(var s,r,n,a=l.querySelectorAll('iframe[data-secret=\"'+t.secret+'\"]'),o=l.querySelectorAll('blockquote[data-secret=\"'+t.secret+'\"]'),c=new RegExp(\"^https?:$\",\"i\"),i=0;i<o.length;i++)o[i].style.display=\"none\";for(i=0;i<a.length;i++)s=a[i],e.source===s.contentWindow&&(s.removeAttribute(\"style\"),\"height\"===t.message?(1e3<(r=parseInt(t.value,10))?r=1e3:~~r<200&&(r=200),s.height=r):\"link\"===t.message&&(r=new URL(s.getAttribute(\"src\")),n=new URL(t.value),c.test(n.protocol))&&n.host===r.host&&l.activeElement===s&&(d.top.location.href=t.value))}},d.addEventListener(\"message\",d.wp.receiveEmbedMessage,!1),l.addEventListener(\"DOMContentLoaded\",function(){for(var e,t,s=l.querySelectorAll(\"iframe.wp-embedded-content\"),r=0;r<s.length;r++)(t=(e=s[r]).getAttribute(\"data-secret\"))||(t=Math.random().toString(36).substring(2,12),e.src+=\"#?secret=\"+t,e.setAttribute(\"data-secret\",t)),e.contentWindow.postMessage({message:\"ready\",secret:t},\"*\")},!1)))}(window,document);\n\/\/# sourceURL=https:\/\/web.umons.ac.be\/fpse\/wp-includes\/js\/wp-embed.min.js\n\/* ]]> *\/\n<\/script>\n","description":"Pr\u00e9sentation\u00a0: Le s\u00e9minaire de neuropsychologie clinique et exp\u00e9rimentale organis\u00e9 par le service de Psychologie Cognitive et Neuropsychologie accueillera des experts internationaux dans le champ de la neuropsychologie clinique et exp\u00e9rimentale durant l\u2019ann\u00e9e acad\u00e9mique 2018-2019. Les conf\u00e9renciers viendront y pr\u00e9senter leurs travaux r\u00e9cents. Ce s\u00e9minaire offre un lieu d\u2019\u00e9change destin\u00e9 tant aux \u00e9tudiants en neuropsychologie qu\u2019aux [&hellip;]"}

Faculté / FPSE

Les gestes et l’apraxie gestuelle, Pr. Angela Bartolo - Faculté / FPSE

<blockquote class="wp-embedded-content" data-secret="CdLB51hqGM"><a href="https://web.umons.ac.be/fpse/fr/evenements/les-gestes-et-lapraxie-gestuelle-pr-angela-bartolo/">Les gestes et l’apraxie gestuelle, Pr. Angela Bartolo</a></blockquote><iframe sandbox="allow-scripts" security="restricted" src="https://web.umons.ac.be/fpse/fr/evenements/les-gestes-et-lapraxie-gestuelle-pr-angela-bartolo/embed/#?secret=CdLB51hqGM" width="600" height="338" title="« Les gestes et l’apraxie gestuelle, Pr. Angela Bartolo » &#8212; Faculté / FPSE" data-secret="CdLB51hqGM" frameborder="0" marginwidth="0" marginheight="0" scrolling="no" class="wp-embedded-content"></iframe><script type="text/javascript">
/* <![CDATA[ */
/*! This file is auto-generated */
!function(d,l){"use strict";l.querySelector&&d.addEventListener&&"undefined"!=typeof URL&&(d.wp=d.wp||{},d.wp.receiveEmbedMessage||(d.wp.receiveEmbedMessage=function(e){var t=e.data;if((t||t.secret||t.message||t.value)&&!/[^a-zA-Z0-9]/.test(t.secret)){for(var s,r,n,a=l.querySelectorAll('iframe[data-secret="'+t.secret+'"]'),o=l.querySelectorAll('blockquote[data-secret="'+t.secret+'"]'),c=new RegExp("^https?:$","i"),i=0;i<o.length;i++)o[i].style.display="none";for(i=0;i<a.length;i++)s=a[i],e.source===s.contentWindow&&(s.removeAttribute("style"),"height"===t.message?(1e3<(r=parseInt(t.value,10))?r=1e3:~~r<200&&(r=200),s.height=r):"link"===t.message&&(r=new URL(s.getAttribute("src")),n=new URL(t.value),c.test(n.protocol))&&n.host===r.host&&l.activeElement===s&&(d.top.location.href=t.value))}},d.addEventListener("message",d.wp.receiveEmbedMessage,!1),l.addEventListener("DOMContentLoaded",function(){for(var e,t,s=l.querySelectorAll("iframe.wp-embedded-content"),r=0;r<s.length;r++)(t=(e=s[r]).getAttribute("data-secret"))||(t=Math.random().toString(36).substring(2,12),e.src+="#?secret="+t,e.setAttribute("data-secret",t)),e.contentWindow.postMessage({message:"ready",secret:t},"*")},!1)))}(window,document);
//# sourceURL=https://web.umons.ac.be/fpse/wp-includes/js/wp-embed.min.js
/* ]]> */
</script>

Présentation : Le séminaire de neuropsychologie clinique et expérimentale organisé par le service de Psychologie Cognitive et Neuropsychologie accueillera des experts internationaux dans le champ de la neuropsychologie clinique et expérimentale durant l’année académique 2018-2019. Les conférenciers viendront y présenter leurs travaux récents. Ce séminaire offre un lieu d’échange destiné tant aux étudiants en neuropsychologie qu’aux [&hellip;]
