{"id":39,"date":"2017-04-27T15:52:01","date_gmt":"2017-04-27T13:52:01","guid":{"rendered":"https:\/\/web.umons.ac.be\/faculte\/fpse\/?page_id=39"},"modified":"2026-03-03T19:03:34","modified_gmt":"2026-03-03T18:03:34","slug":"cfpu","status":"publish","type":"page","link":"https:\/\/web.umons.ac.be\/fpse\/fr\/a-propos-de-faculte\/cfpu\/","title":{"rendered":"Cellule Facultaire de P\u00e9dagogie Universitaire"},"content":{"rendered":"<p>La Cellule Facultaire de P\u00e9dagogie Universitaire (CFPU) a pour objectif de favoriser la r\u00e9ussite des \u00e9tudiants en organisant des activit\u00e9s p\u00e9dagogiques pour les aider. Elle propose \u00e9galement au personnel encadrant (enseignants et\/ou assistants) de la Facult\u00e9 de Psychologie et des Sciences de l\u2019Education (FPSE) de l\u2019Universit\u00e9 de Mons un accompagnement qui se veut de qualit\u00e9 dans leur mission d\u2019enseignement. La CFPU, s\u2019est \u00e9galement fix\u00e9 pour objectif principal de contribuer \u00e0 l\u2019am\u00e9lioration de la qualit\u00e9 de l\u2019enseignement pour les \u00e9tudiants \u00e9voluant au sein du paysage universitaire, c\u2019est-\u00e0-dire, les \u00e9tudiants fr\u00e9quentant les bacheliers en sciences psychologiques et en sciences de l\u2019\u00e9ducation (sites de Mons et de Charleroi).<\/p>\n<p>La CFPU est coordonn\u00e9e par le Professeur Bruno De Li\u00e8vre. Elle a pour caract\u00e9ristique essentielle d\u2019adopter une posture transversale en s\u2019articulant aux autres services d\u2019Enseignement et de Recherche propos\u00e9s par la FPSE. Elle regroupe principalement diff\u00e9rents adjoints p\u00e9dagogiques Karim BOUMAZGUIDA (Docteur en Sciences psychologiques et de l&rsquo;\u00c9ducation), M\u00e9lanie DUTRIEUX (Licenci\u00e9e\/agr\u00e9g\u00e9e en sciences psychologiques) Joey DESCAMPS (Master en sciences de l&rsquo;\u00e9ducation).<\/p>\n<p>Les actions relatives \u00e0 l&rsquo;aide \u00e0 la r\u00e9ussite men\u00e9es par la CFPU s\u2019orientent principalement autour de quatre axes strat\u00e9giques \u00a0:<\/p>\n<ul>\n<li><a href=\"https:\/\/web.umons.ac.be\/fpse\/fr\/a-propos-de-faculte\/cfpu\/accompagner-les-etudiants-vers-autonomie-et-augmenter-leur-engagement-dans-les-activites-apprentissage\/\">Accompagner les \u00e9tudiants vers l\u2019autonomie et augmenter leur engagement dans les activit\u00e9s d\u2019apprentissage<\/a><\/li>\n<li><a href=\"https:\/\/web.umons.ac.be\/fpse\/fr\/a-propos-de-faculte\/cfpu\/soutien-technique-methodologique\/\">Accueillir les \u00e9tudiants et faciliter leur transition<\/a><\/li>\n<li><a href=\"https:\/\/web.umons.ac.be\/fpse\/fr\/a-propos-de-faculte\/cfpu\/soutien-apporte-aux-etudiants\/\">Accompagner les \u00e9tudiants dans leur d\u00e9marche d&rsquo;orientation et\/ou de r\u00e9orientation<\/a><\/li>\n<li><a href=\"https:\/\/web.umons.ac.be\/fpse\/fr\/a-propos-de-faculte\/cfpu\/identifier-de-maniere-precoce-les-etudiants-en-difficulte-apprentissage-pour-les-guider-vers-des-remediations-et-actions-ciblees\/\">Identifier de mani\u00e8re pr\u00e9coce les \u00e9tudiants en difficult\u00e9 d\u2019apprentissage pour les guider vers des rem\u00e9diations et actions cibl\u00e9es<\/a><\/li>\n<\/ul>\n","protected":false},"excerpt":{"rendered":"<p>La Cellule Facultaire de P\u00e9dagogie Universitaire (CFPU) a pour objectif de favoriser la r\u00e9ussite des \u00e9tudiants en organisant des activit\u00e9s p\u00e9dagogiques pour les aider. Elle propose \u00e9galement au personnel encadrant (enseignants et\/ou assistants) de la Facult\u00e9 de Psychologie et des Sciences de l\u2019Education (FPSE) de l\u2019Universit\u00e9 de Mons un accompagnement qui se veut de qualit\u00e9 [&hellip;]<\/p>\n","protected":false},"author":2,"featured_media":0,"parent":5,"menu_order":4,"comment_status":"closed","ping_status":"closed","template":"","meta":{"footnotes":""},"class_list":["post-39","page","type-page","status-publish","hentry"],"yoast_head":"<!-- This site is optimized with the Yoast SEO plugin v27.2 - https:\/\/yoast.com\/product\/yoast-seo-wordpress\/ -->\n<title>Cellule Facultaire de P\u00e9dagogie Universitaire - Facult\u00e9 \/ FPSE<\/title>\n<meta name=\"robots\" content=\"index, follow, max-snippet:-1, max-image-preview:large, max-video-preview:-1\" \/>\n<link rel=\"canonical\" href=\"https:\/\/web.umons.ac.be\/fpse\/fr\/a-propos-de-faculte\/cfpu\/\" \/>\n<meta property=\"og:locale\" content=\"fr_FR\" \/>\n<meta property=\"og:type\" content=\"article\" \/>\n<meta property=\"og:title\" content=\"Cellule Facultaire de P\u00e9dagogie Universitaire - Facult\u00e9 \/ FPSE\" \/>\n<meta property=\"og:description\" content=\"La Cellule Facultaire de P\u00e9dagogie Universitaire (CFPU) a pour objectif de favoriser la r\u00e9ussite des \u00e9tudiants en organisant des activit\u00e9s p\u00e9dagogiques pour les aider. Elle propose \u00e9galement au personnel encadrant (enseignants et\/ou assistants) de la Facult\u00e9 de Psychologie et des Sciences de l\u2019Education (FPSE) de l\u2019Universit\u00e9 de Mons un accompagnement qui se veut de qualit\u00e9 [&hellip;]\" \/>\n<meta property=\"og:url\" content=\"https:\/\/web.umons.ac.be\/fpse\/fr\/a-propos-de-faculte\/cfpu\/\" \/>\n<meta property=\"og:site_name\" content=\"Facult\u00e9 \/ FPSE\" \/>\n<meta property=\"article:modified_time\" content=\"2026-03-03T18:03:34+00:00\" \/>\n<meta name=\"twitter:card\" content=\"summary_large_image\" \/>\n<meta name=\"twitter:label1\" content=\"Dur\u00e9e de lecture estim\u00e9e\" \/>\n\t<meta name=\"twitter:data1\" content=\"2 minutes\" \/>\n<script type=\"application\/ld+json\" class=\"yoast-schema-graph\">{\"@context\":\"https:\/\/schema.org\",\"@graph\":[{\"@type\":\"WebPage\",\"@id\":\"https:\/\/web.umons.ac.be\/fpse\/fr\/a-propos-de-faculte\/cfpu\/\",\"url\":\"https:\/\/web.umons.ac.be\/fpse\/fr\/a-propos-de-faculte\/cfpu\/\",\"name\":\"Cellule Facultaire de P\u00e9dagogie Universitaire - Facult\u00e9 \/ FPSE\",\"isPartOf\":{\"@id\":\"https:\/\/web.umons.ac.be\/fpse\/#website\"},\"datePublished\":\"2017-04-27T13:52:01+00:00\",\"dateModified\":\"2026-03-03T18:03:34+00:00\",\"breadcrumb\":{\"@id\":\"https:\/\/web.umons.ac.be\/fpse\/fr\/a-propos-de-faculte\/cfpu\/#breadcrumb\"},\"inLanguage\":\"fr-FR\",\"potentialAction\":[{\"@type\":\"ReadAction\",\"target\":[\"https:\/\/web.umons.ac.be\/fpse\/fr\/a-propos-de-faculte\/cfpu\/\"]}]},{\"@type\":\"BreadcrumbList\",\"@id\":\"https:\/\/web.umons.ac.be\/fpse\/fr\/a-propos-de-faculte\/cfpu\/#breadcrumb\",\"itemListElement\":[{\"@type\":\"ListItem\",\"position\":1,\"name\":\"Accueil\",\"item\":\"https:\/\/web.umons.ac.be\/fpse\/fr\/\"},{\"@type\":\"ListItem\",\"position\":2,\"name\":\"A propos de la facult\u00e9\",\"item\":\"https:\/\/web.umons.ac.be\/fpse\/fr\/a-propos-de-faculte\/\"},{\"@type\":\"ListItem\",\"position\":3,\"name\":\"Cellule Facultaire de P\u00e9dagogie Universitaire\"}]},{\"@type\":\"WebSite\",\"@id\":\"https:\/\/web.umons.ac.be\/fpse\/#website\",\"url\":\"https:\/\/web.umons.ac.be\/fpse\/\",\"name\":\"Facult\u00e9 \/ FPSE\",\"description\":\"\",\"potentialAction\":[{\"@type\":\"SearchAction\",\"target\":{\"@type\":\"EntryPoint\",\"urlTemplate\":\"https:\/\/web.umons.ac.be\/fpse\/?s={search_term_string}\"},\"query-input\":{\"@type\":\"PropertyValueSpecification\",\"valueRequired\":true,\"valueName\":\"search_term_string\"}}],\"inLanguage\":\"fr-FR\"}]}<\/script>\n<!-- \/ Yoast SEO plugin. -->","yoast_head_json":{"title":"Cellule Facultaire de P\u00e9dagogie Universitaire - Facult\u00e9 \/ FPSE","robots":{"index":"index","follow":"follow","max-snippet":"max-snippet:-1","max-image-preview":"max-image-preview:large","max-video-preview":"max-video-preview:-1"},"canonical":"https:\/\/web.umons.ac.be\/fpse\/fr\/a-propos-de-faculte\/cfpu\/","og_locale":"fr_FR","og_type":"article","og_title":"Cellule Facultaire de P\u00e9dagogie Universitaire - Facult\u00e9 \/ FPSE","og_description":"La Cellule Facultaire de P\u00e9dagogie Universitaire (CFPU) a pour objectif de favoriser la r\u00e9ussite des \u00e9tudiants en organisant des activit\u00e9s p\u00e9dagogiques pour les aider. Elle propose \u00e9galement au personnel encadrant (enseignants et\/ou assistants) de la Facult\u00e9 de Psychologie et des Sciences de l\u2019Education (FPSE) de l\u2019Universit\u00e9 de Mons un accompagnement qui se veut de qualit\u00e9 [&hellip;]","og_url":"https:\/\/web.umons.ac.be\/fpse\/fr\/a-propos-de-faculte\/cfpu\/","og_site_name":"Facult\u00e9 \/ FPSE","article_modified_time":"2026-03-03T18:03:34+00:00","twitter_card":"summary_large_image","twitter_misc":{"Dur\u00e9e de lecture estim\u00e9e":"2 minutes"},"schema":{"@context":"https:\/\/schema.org","@graph":[{"@type":"WebPage","@id":"https:\/\/web.umons.ac.be\/fpse\/fr\/a-propos-de-faculte\/cfpu\/","url":"https:\/\/web.umons.ac.be\/fpse\/fr\/a-propos-de-faculte\/cfpu\/","name":"Cellule Facultaire de P\u00e9dagogie Universitaire - Facult\u00e9 \/ FPSE","isPartOf":{"@id":"https:\/\/web.umons.ac.be\/fpse\/#website"},"datePublished":"2017-04-27T13:52:01+00:00","dateModified":"2026-03-03T18:03:34+00:00","breadcrumb":{"@id":"https:\/\/web.umons.ac.be\/fpse\/fr\/a-propos-de-faculte\/cfpu\/#breadcrumb"},"inLanguage":"fr-FR","potentialAction":[{"@type":"ReadAction","target":["https:\/\/web.umons.ac.be\/fpse\/fr\/a-propos-de-faculte\/cfpu\/"]}]},{"@type":"BreadcrumbList","@id":"https:\/\/web.umons.ac.be\/fpse\/fr\/a-propos-de-faculte\/cfpu\/#breadcrumb","itemListElement":[{"@type":"ListItem","position":1,"name":"Accueil","item":"https:\/\/web.umons.ac.be\/fpse\/fr\/"},{"@type":"ListItem","position":2,"name":"A propos de la facult\u00e9","item":"https:\/\/web.umons.ac.be\/fpse\/fr\/a-propos-de-faculte\/"},{"@type":"ListItem","position":3,"name":"Cellule Facultaire de P\u00e9dagogie Universitaire"}]},{"@type":"WebSite","@id":"https:\/\/web.umons.ac.be\/fpse\/#website","url":"https:\/\/web.umons.ac.be\/fpse\/","name":"Facult\u00e9 \/ FPSE","description":"","potentialAction":[{"@type":"SearchAction","target":{"@type":"EntryPoint","urlTemplate":"https:\/\/web.umons.ac.be\/fpse\/?s={search_term_string}"},"query-input":{"@type":"PropertyValueSpecification","valueRequired":true,"valueName":"search_term_string"}}],"inLanguage":"fr-FR"}]}},"lang":"fr","translations":{"fr":39},"pll_sync_post":[],"_links":{"self":[{"href":"https:\/\/web.umons.ac.be\/fpse\/wp-json\/wp\/v2\/pages\/39","targetHints":{"allow":["GET"]}}],"collection":[{"href":"https:\/\/web.umons.ac.be\/fpse\/wp-json\/wp\/v2\/pages"}],"about":[{"href":"https:\/\/web.umons.ac.be\/fpse\/wp-json\/wp\/v2\/types\/page"}],"author":[{"embeddable":true,"href":"https:\/\/web.umons.ac.be\/fpse\/wp-json\/wp\/v2\/users\/2"}],"replies":[{"embeddable":true,"href":"https:\/\/web.umons.ac.be\/fpse\/wp-json\/wp\/v2\/comments?post=39"}],"version-history":[{"count":4,"href":"https:\/\/web.umons.ac.be\/fpse\/wp-json\/wp\/v2\/pages\/39\/revisions"}],"predecessor-version":[{"id":2651,"href":"https:\/\/web.umons.ac.be\/fpse\/wp-json\/wp\/v2\/pages\/39\/revisions\/2651"}],"up":[{"embeddable":true,"href":"https:\/\/web.umons.ac.be\/fpse\/wp-json\/wp\/v2\/pages\/5"}],"wp:attachment":[{"href":"https:\/\/web.umons.ac.be\/fpse\/wp-json\/wp\/v2\/media?parent=39"}],"curies":[{"name":"wp","href":"https:\/\/api.w.org\/{rel}","templated":true}]}}