{"id":467,"date":"2017-06-27T14:40:28","date_gmt":"2017-06-27T12:40:28","guid":{"rendered":"https:\/\/web.umons.ac.be\/fpse\/?page_id=467"},"modified":"2026-01-26T09:52:08","modified_gmt":"2026-01-26T08:52:08","slug":"2eme-cycle-master","status":"publish","type":"page","link":"https:\/\/web.umons.ac.be\/fpse\/fr\/offre-de-formation\/2eme-cycle-master\/","title":{"rendered":"2\u00e8me cycle : Master"},"content":{"rendered":"<p>Au deuxi\u00e8me cycle, la Facult\u00e9 organise le Master en sciences psychologiques et le Master en sciences de l\u2019\u00e9ducation.<\/p>\n<h6>Le Master en sciences psychologiques offre<strong> deux finalit\u00e9s<\/strong> : la finalit\u00e9 sp\u00e9cialis\u00e9e et la finalit\u00e9 approfondie.<\/h6>\n<ul>\n<li>La finalit\u00e9\u00a0<strong>sp\u00e9cialis\u00e9e\u00a0<\/strong>pr\u00e9pare \u00e0 la pratique dans diff\u00e9rents champs d\u2019exercice de la psychologie.<\/li>\n<li>La finalit\u00e9\u00a0<strong>approfondie\u00a0<\/strong>a pour objectif principal de pr\u00e9parer \u00e0 la recherche en psychologie et de former des chercheurs.<\/li>\n<\/ul>\n<p>&nbsp;<\/p>\n<h6>Le Master en sciences de l\u2019\u00e9ducation offre <strong>cinq finalit\u00e9s<\/strong> :<\/h6>\n<ul>\n<li>la finalit\u00e9 sp\u00e9cialis\u00e9e en action sociale ;<\/li>\n<li>la finalit\u00e9 sp\u00e9cialis\u00e9e en enseignement et apprentissages scolaires ;<\/li>\n<li>la finalit\u00e9 sp\u00e9cialis\u00e9e en technologie de l\u2019\u00e9ducation ;<\/li>\n<li>la finalit\u00e9 sp\u00e9cialis\u00e9e en adaptation scolaire et p\u00e9dagogies inclusives<\/li>\n<li>la finalit\u00e9 approfondie.<\/li>\n<\/ul>\n<p>Tous les programmes de master totalisent au moins 120 cr\u00e9dits organis\u00e9s en deux blocs d\u2019enseignements annuels de 60 cr\u00e9dits chacun.<\/p>\n<p>&nbsp;<\/p>\n<h6>Le Master en orthop\u00e9dagogie clinique<\/h6>\n<p>Co-organis\u00e9 avec l&rsquo;ULB et l&rsquo;ULi\u00e8ge<\/p>\n","protected":false},"excerpt":{"rendered":"<p>Au deuxi\u00e8me cycle, la Facult\u00e9 organise le Master en sciences psychologiques et le Master en sciences de l\u2019\u00e9ducation. Le Master en sciences psychologiques offre deux finalit\u00e9s : la finalit\u00e9 sp\u00e9cialis\u00e9e et la finalit\u00e9 approfondie. La finalit\u00e9\u00a0sp\u00e9cialis\u00e9e\u00a0pr\u00e9pare \u00e0 la pratique dans diff\u00e9rents champs d\u2019exercice de la psychologie. La finalit\u00e9\u00a0approfondie\u00a0a pour objectif principal de pr\u00e9parer \u00e0 la [&hellip;]<\/p>\n","protected":false},"author":2,"featured_media":0,"parent":70,"menu_order":0,"comment_status":"closed","ping_status":"closed","template":"","meta":{"footnotes":""},"class_list":["post-467","page","type-page","status-publish","hentry"],"yoast_head":"<!-- This site is optimized with the Yoast SEO plugin v27.2 - https:\/\/yoast.com\/product\/yoast-seo-wordpress\/ -->\n<title>2\u00e8me cycle : Master - Facult\u00e9 \/ FPSE<\/title>\n<meta name=\"robots\" content=\"index, follow, max-snippet:-1, max-image-preview:large, max-video-preview:-1\" \/>\n<link rel=\"canonical\" href=\"https:\/\/web.umons.ac.be\/fpse\/fr\/offre-de-formation\/2eme-cycle-master\/\" \/>\n<meta property=\"og:locale\" content=\"fr_FR\" \/>\n<meta property=\"og:type\" content=\"article\" \/>\n<meta property=\"og:title\" content=\"2\u00e8me cycle : Master - Facult\u00e9 \/ FPSE\" \/>\n<meta property=\"og:description\" content=\"Au deuxi\u00e8me cycle, la Facult\u00e9 organise le Master en sciences psychologiques et le Master en sciences de l\u2019\u00e9ducation. Le Master en sciences psychologiques offre deux finalit\u00e9s : la finalit\u00e9 sp\u00e9cialis\u00e9e et la finalit\u00e9 approfondie. La finalit\u00e9\u00a0sp\u00e9cialis\u00e9e\u00a0pr\u00e9pare \u00e0 la pratique dans diff\u00e9rents champs d\u2019exercice de la psychologie. La finalit\u00e9\u00a0approfondie\u00a0a pour objectif principal de pr\u00e9parer \u00e0 la [&hellip;]\" \/>\n<meta property=\"og:url\" content=\"https:\/\/web.umons.ac.be\/fpse\/fr\/offre-de-formation\/2eme-cycle-master\/\" \/>\n<meta property=\"og:site_name\" content=\"Facult\u00e9 \/ FPSE\" \/>\n<meta property=\"article:modified_time\" content=\"2026-01-26T08:52:08+00:00\" \/>\n<meta name=\"twitter:card\" content=\"summary_large_image\" \/>\n<meta name=\"twitter:label1\" content=\"Dur\u00e9e de lecture estim\u00e9e\" \/>\n\t<meta name=\"twitter:data1\" content=\"1 minute\" \/>\n<script type=\"application\/ld+json\" class=\"yoast-schema-graph\">{\"@context\":\"https:\/\/schema.org\",\"@graph\":[{\"@type\":\"WebPage\",\"@id\":\"https:\/\/web.umons.ac.be\/fpse\/fr\/offre-de-formation\/2eme-cycle-master\/\",\"url\":\"https:\/\/web.umons.ac.be\/fpse\/fr\/offre-de-formation\/2eme-cycle-master\/\",\"name\":\"2\u00e8me cycle : Master - Facult\u00e9 \/ FPSE\",\"isPartOf\":{\"@id\":\"https:\/\/web.umons.ac.be\/fpse\/#website\"},\"datePublished\":\"2017-06-27T12:40:28+00:00\",\"dateModified\":\"2026-01-26T08:52:08+00:00\",\"breadcrumb\":{\"@id\":\"https:\/\/web.umons.ac.be\/fpse\/fr\/offre-de-formation\/2eme-cycle-master\/#breadcrumb\"},\"inLanguage\":\"fr-FR\",\"potentialAction\":[{\"@type\":\"ReadAction\",\"target\":[\"https:\/\/web.umons.ac.be\/fpse\/fr\/offre-de-formation\/2eme-cycle-master\/\"]}]},{\"@type\":\"BreadcrumbList\",\"@id\":\"https:\/\/web.umons.ac.be\/fpse\/fr\/offre-de-formation\/2eme-cycle-master\/#breadcrumb\",\"itemListElement\":[{\"@type\":\"ListItem\",\"position\":1,\"name\":\"Accueil\",\"item\":\"https:\/\/web.umons.ac.be\/fpse\/fr\/\"},{\"@type\":\"ListItem\",\"position\":2,\"name\":\"L&rsquo;offre de formation\",\"item\":\"https:\/\/web.umons.ac.be\/fpse\/fr\/offre-de-formation\/\"},{\"@type\":\"ListItem\",\"position\":3,\"name\":\"2\u00e8me cycle : Master\"}]},{\"@type\":\"WebSite\",\"@id\":\"https:\/\/web.umons.ac.be\/fpse\/#website\",\"url\":\"https:\/\/web.umons.ac.be\/fpse\/\",\"name\":\"Facult\u00e9 \/ FPSE\",\"description\":\"\",\"potentialAction\":[{\"@type\":\"SearchAction\",\"target\":{\"@type\":\"EntryPoint\",\"urlTemplate\":\"https:\/\/web.umons.ac.be\/fpse\/?s={search_term_string}\"},\"query-input\":{\"@type\":\"PropertyValueSpecification\",\"valueRequired\":true,\"valueName\":\"search_term_string\"}}],\"inLanguage\":\"fr-FR\"}]}<\/script>\n<!-- \/ Yoast SEO plugin. -->","yoast_head_json":{"title":"2\u00e8me cycle : Master - Facult\u00e9 \/ FPSE","robots":{"index":"index","follow":"follow","max-snippet":"max-snippet:-1","max-image-preview":"max-image-preview:large","max-video-preview":"max-video-preview:-1"},"canonical":"https:\/\/web.umons.ac.be\/fpse\/fr\/offre-de-formation\/2eme-cycle-master\/","og_locale":"fr_FR","og_type":"article","og_title":"2\u00e8me cycle : Master - Facult\u00e9 \/ FPSE","og_description":"Au deuxi\u00e8me cycle, la Facult\u00e9 organise le Master en sciences psychologiques et le Master en sciences de l\u2019\u00e9ducation. Le Master en sciences psychologiques offre deux finalit\u00e9s : la finalit\u00e9 sp\u00e9cialis\u00e9e et la finalit\u00e9 approfondie. La finalit\u00e9\u00a0sp\u00e9cialis\u00e9e\u00a0pr\u00e9pare \u00e0 la pratique dans diff\u00e9rents champs d\u2019exercice de la psychologie. La finalit\u00e9\u00a0approfondie\u00a0a pour objectif principal de pr\u00e9parer \u00e0 la [&hellip;]","og_url":"https:\/\/web.umons.ac.be\/fpse\/fr\/offre-de-formation\/2eme-cycle-master\/","og_site_name":"Facult\u00e9 \/ FPSE","article_modified_time":"2026-01-26T08:52:08+00:00","twitter_card":"summary_large_image","twitter_misc":{"Dur\u00e9e de lecture estim\u00e9e":"1 minute"},"schema":{"@context":"https:\/\/schema.org","@graph":[{"@type":"WebPage","@id":"https:\/\/web.umons.ac.be\/fpse\/fr\/offre-de-formation\/2eme-cycle-master\/","url":"https:\/\/web.umons.ac.be\/fpse\/fr\/offre-de-formation\/2eme-cycle-master\/","name":"2\u00e8me cycle : Master - Facult\u00e9 \/ FPSE","isPartOf":{"@id":"https:\/\/web.umons.ac.be\/fpse\/#website"},"datePublished":"2017-06-27T12:40:28+00:00","dateModified":"2026-01-26T08:52:08+00:00","breadcrumb":{"@id":"https:\/\/web.umons.ac.be\/fpse\/fr\/offre-de-formation\/2eme-cycle-master\/#breadcrumb"},"inLanguage":"fr-FR","potentialAction":[{"@type":"ReadAction","target":["https:\/\/web.umons.ac.be\/fpse\/fr\/offre-de-formation\/2eme-cycle-master\/"]}]},{"@type":"BreadcrumbList","@id":"https:\/\/web.umons.ac.be\/fpse\/fr\/offre-de-formation\/2eme-cycle-master\/#breadcrumb","itemListElement":[{"@type":"ListItem","position":1,"name":"Accueil","item":"https:\/\/web.umons.ac.be\/fpse\/fr\/"},{"@type":"ListItem","position":2,"name":"L&rsquo;offre de formation","item":"https:\/\/web.umons.ac.be\/fpse\/fr\/offre-de-formation\/"},{"@type":"ListItem","position":3,"name":"2\u00e8me cycle : Master"}]},{"@type":"WebSite","@id":"https:\/\/web.umons.ac.be\/fpse\/#website","url":"https:\/\/web.umons.ac.be\/fpse\/","name":"Facult\u00e9 \/ FPSE","description":"","potentialAction":[{"@type":"SearchAction","target":{"@type":"EntryPoint","urlTemplate":"https:\/\/web.umons.ac.be\/fpse\/?s={search_term_string}"},"query-input":{"@type":"PropertyValueSpecification","valueRequired":true,"valueName":"search_term_string"}}],"inLanguage":"fr-FR"}]}},"lang":"fr","translations":{"fr":467,"en":826},"pll_sync_post":[],"_links":{"self":[{"href":"https:\/\/web.umons.ac.be\/fpse\/wp-json\/wp\/v2\/pages\/467","targetHints":{"allow":["GET"]}}],"collection":[{"href":"https:\/\/web.umons.ac.be\/fpse\/wp-json\/wp\/v2\/pages"}],"about":[{"href":"https:\/\/web.umons.ac.be\/fpse\/wp-json\/wp\/v2\/types\/page"}],"author":[{"embeddable":true,"href":"https:\/\/web.umons.ac.be\/fpse\/wp-json\/wp\/v2\/users\/2"}],"replies":[{"embeddable":true,"href":"https:\/\/web.umons.ac.be\/fpse\/wp-json\/wp\/v2\/comments?post=467"}],"version-history":[{"count":4,"href":"https:\/\/web.umons.ac.be\/fpse\/wp-json\/wp\/v2\/pages\/467\/revisions"}],"predecessor-version":[{"id":2624,"href":"https:\/\/web.umons.ac.be\/fpse\/wp-json\/wp\/v2\/pages\/467\/revisions\/2624"}],"up":[{"embeddable":true,"href":"https:\/\/web.umons.ac.be\/fpse\/wp-json\/wp\/v2\/pages\/70"}],"wp:attachment":[{"href":"https:\/\/web.umons.ac.be\/fpse\/wp-json\/wp\/v2\/media?parent=467"}],"curies":[{"name":"wp","href":"https:\/\/api.w.org\/{rel}","templated":true}]}}