{"id":470,"date":"2017-06-27T14:42:17","date_gmt":"2017-06-27T12:42:17","guid":{"rendered":"https:\/\/web.umons.ac.be\/fpse\/?page_id=470"},"modified":"2025-01-22T15:03:59","modified_gmt":"2025-01-22T14:03:59","slug":"3eme-cycle-doctorat","status":"publish","type":"page","link":"https:\/\/web.umons.ac.be\/fpse\/fr\/offre-de-formation\/3eme-cycle-doctorat\/","title":{"rendered":"3\u00e8me cycle : Doctorat"},"content":{"rendered":"<p>Le titre de\u00a0<strong>Docteur<\/strong>\u00a0est octroy\u00e9 \u00e0 l&rsquo;issue de la pr\u00e9paration et de la soutenance d&rsquo;une th\u00e8se.<\/p>\n<p>Les travaux relatifs \u00e0 la pr\u00e9paration de la th\u00e8se correspondent \u00e0 au moins 180 cr\u00e9dits acquis apr\u00e8s une formation initiale d&rsquo;au moins 300 cr\u00e9dits (grade acad\u00e9mique de master). Parmi les 180 cr\u00e9dits du doctorat, 60 cr\u00e9dits doivent \u00eatre acquis au cours d&rsquo;une formation doctorale sanctionn\u00e9e par un certificat de formation \u00e0 la recherche.<\/p>\n<p>L\u2019\u00e9preuve de doctorat consiste en :<\/p>\n<ul>\n<li>la r\u00e9daction d\u2019une dissertation originale dans la discipline sous forme soit d\u2019une th\u00e8se \u00e0 caract\u00e8re personnel, soit d\u2019un essai du candidat faisant appara\u00eetre l\u2019int\u00e9r\u00eat d\u2019un ensemble coh\u00e9rent de publications et de r\u00e9alisations dont le candidat est auteur ou coauteur;<\/li>\n<li>la pr\u00e9sentation publique de ce travail mettant en \u00e9vidence ses qualit\u00e9s, son originalit\u00e9 ainsi que les capacit\u00e9s de vulgarisation scientifique du candidat.<\/li>\n<\/ul>\n<p>L\u2019admission aux \u00e9tudes et travaux relatifs \u00e0 la pr\u00e9paration de la th\u00e8se est d\u00e9cid\u00e9e par la Commission facultaire d&rsquo;admission au doctorat (CAD). Un Comit\u00e9 d&rsquo;accompagnement (CAC) du doctorant est constitu\u00e9 d\u00e8s l&rsquo;admission. Le promoteur, le Comit\u00e9 d&rsquo;accompagnement et le candidat conviennent d&rsquo;un programme de formation doctorale adapt\u00e9 au profil de ce dernier et r\u00e9pondant aux besoins de son projet de recherche. Les travaux relatifs \u00e0 la pr\u00e9paration de la th\u00e8se sont supervis\u00e9s par le promoteur. Un suivi r\u00e9gulier de ceux-ci est assur\u00e9 par le comit\u00e9 d&rsquo;accompagnement. Il en \u00e9value l&rsquo;\u00e9tat d&rsquo;avancement et peut formuler des recommandations, d\u00fbment motiv\u00e9es, quant \u00e0 la r\u00e9inscription du candidat lors de l\u2019ann\u00e9e acad\u00e9mique suivante.<\/p>\n<start-cask-shortcode-wrapper><article class=\"shortcode-training training-small content-block scheme-fpse\">\n\t<a href=\"https:\/\/web.umons.ac.be\/fpse\/fr\/formations\/doc-drpsyc\/\" class=\"training-link scheme-border-hover\">\n\t\t<header class=\"training-small-header\">\n\t\t\t<div class=\"training-small-entity scheme-color\">\n\t\t\t\tFacult\u00e9 \/ FPSE\t\t\t\t\t           \t<img decoding=\"async\" src=\"https:\/\/web.umons.ac.be\/app\/uploads\/sites\/3\/2017\/11\/FPSE.svg\" class=\"training-small-entity-logo\" alt=\"Ic\u00f4ne de Facult\u00e9 \/ FPSE\">\n\t        \t\t\t\t<\/div>\n\t\t\t<div class=\"training-small-degree\">\n\t\t\t\tDoctorat en\t\t\t<\/div>\n\n\t\t\t<h1 class=\"training-small-title\">Sciences psychologiques<\/h1>\n\n\t\t\t\t\t<\/header>\n\t\t\t\t<div class=\"training-small-content\">\n\t\t\t<div class=\"training-small-location\">\n\t\t\t\t<span class=\"icon umons-icon-pin\" aria-hidden=\"true\"><\/span>\n\t\t\t\t<span class=\"location\">Mons<\/span>\n\t\t\t<\/div>\n\n\t\t\t\t\t\t<div class=\"training-small-side-info\">\n\t\t\t\t<ul class=\"training-small-side-info-list\">\n\t\t\t\t\t\t\t\t\t\t<li>\n\t\t\t\t\t\t<div class=\"training-single-schedule\">\n\t\t\t\t\t\t\t<div class=\"label\">Horaire<\/div>\n\t\t\t\t\t\t\t<div class=\"value\">Horaire de jour<\/div>\n\t\t\t\t\t\t<\/div>\n\t\t\t\t\t<\/li>\n\t\t\t\t\t\t\t\t\t\t\t\t\t\t\t<li>\n\t\t\t\t\t\t<div class=\"training-single-credits\">\n\t\t\t\t\t\t\t<div class=\"label\">Cr\u00e9dits ECTS<\/div>\n\t\t\t\t\t\t\t<div class=\"value\">180<\/div>\n\t\t\t\t\t\t<\/div>\n\t\t\t\t\t<\/li>\n\t\t\t\t\t\t\t\t\t\t\t\t\t\t\t<li>\n\t\t\t\t\t\t<div class=\"training-single-languages\">\n\t\t\t\t\t\t\t<div class=\"label\">Langue<\/div>\n\t\t\t\t\t\t\t<div class=\"value\">\n\t\t\t\t\t\t\t\t<span class=\"lang\">Fran\u00e7ais<\/span>\n\t\t\t\t\t\t\t<\/div>\n\t\t\t\t\t\t<\/div>\n\t\t\t\t\t<\/li>\n\t\t\t\t\t\t\t\t\t<\/ul>\n\t\t\t<\/div>\n\t\t\t\t\t<\/div>\n\t\t\t<\/a>\n<\/article>\n<end-cask-shortcode-wrapper>\n<start-cask-shortcode-wrapper><article class=\"shortcode-training training-small content-block scheme-fpse\">\n\t<a href=\"https:\/\/web.umons.ac.be\/fpse\/fr\/formations\/do-dreduc\/\" class=\"training-link scheme-border-hover\">\n\t\t<header class=\"training-small-header\">\n\t\t\t<div class=\"training-small-entity scheme-color\">\n\t\t\t\tFacult\u00e9 \/ FPSE\t\t\t\t\t           \t<img decoding=\"async\" src=\"https:\/\/web.umons.ac.be\/app\/uploads\/sites\/3\/2017\/11\/FPSE.svg\" class=\"training-small-entity-logo\" alt=\"Ic\u00f4ne de Facult\u00e9 \/ FPSE\">\n\t        \t\t\t\t<\/div>\n\t\t\t<div class=\"training-small-degree\">\n\t\t\t\tDoctorat en\t\t\t<\/div>\n\n\t\t\t<h1 class=\"training-small-title\">Sciences de l'\u00e9ducation et enseignement<\/h1>\n\n\t\t\t\t\t<\/header>\n\t\t\t\t<div class=\"training-small-content\">\n\t\t\t<div class=\"training-small-location\">\n\t\t\t\t<span class=\"icon umons-icon-pin\" aria-hidden=\"true\"><\/span>\n\t\t\t\t<span class=\"location\">Mons<\/span>\n\t\t\t<\/div>\n\n\t\t\t\t\t\t<div class=\"training-small-side-info\">\n\t\t\t\t<ul class=\"training-small-side-info-list\">\n\t\t\t\t\t\t\t\t\t\t<li>\n\t\t\t\t\t\t<div class=\"training-single-schedule\">\n\t\t\t\t\t\t\t<div class=\"label\">Horaire<\/div>\n\t\t\t\t\t\t\t<div class=\"value\">Horaire de jour<\/div>\n\t\t\t\t\t\t<\/div>\n\t\t\t\t\t<\/li>\n\t\t\t\t\t\t\t\t\t\t\t\t\t\t\t<li>\n\t\t\t\t\t\t<div class=\"training-single-credits\">\n\t\t\t\t\t\t\t<div class=\"label\">Cr\u00e9dits ECTS<\/div>\n\t\t\t\t\t\t\t<div class=\"value\">180<\/div>\n\t\t\t\t\t\t<\/div>\n\t\t\t\t\t<\/li>\n\t\t\t\t\t\t\t\t\t\t\t\t\t\t\t<li>\n\t\t\t\t\t\t<div class=\"training-single-languages\">\n\t\t\t\t\t\t\t<div class=\"label\">Langue<\/div>\n\t\t\t\t\t\t\t<div class=\"value\">\n\t\t\t\t\t\t\t\t<span class=\"lang\">Fran\u00e7ais<\/span>\n\t\t\t\t\t\t\t<\/div>\n\t\t\t\t\t\t<\/div>\n\t\t\t\t\t<\/li>\n\t\t\t\t\t\t\t\t\t<\/ul>\n\t\t\t<\/div>\n\t\t\t\t\t<\/div>\n\t\t\t<\/a>\n<\/article>\n<end-cask-shortcode-wrapper>\n<div class=\"anchor-h4\">\n<h4 id=\"vous-souhaitez-faire-un-doctorat-ou-souhaitez-encadrer-un-doctorant,-voici-les-\u00e9tapes-importantes-pour-mener-\u00e0-bien-ce-projet.\">Vous souhaitez faire un doctorat, voici les \u00e9tapes importantes pour mener \u00e0 bien ce projet:<\/h4>\n<p>&nbsp;<\/p>\n<\/div>\n<ol class=\"customListStyle\">\n<li>Le candidat doit compl\u00e9ter le Forms ci-dessous et joindre le formulaire de demande d&rsquo;admission au doctorat en vue d&rsquo;une premi\u00e8re inscription d\u00fbment compl\u00e9t\u00e9 (en pdf et en bonne r\u00e9solution).\n<p class=\"noSpacingAbove noSpacingBelow\" data-text-type=\"noSpacing\"><strong>Attention :<\/strong>\u00a0Ce formulaire n&rsquo;est valable que pour l&rsquo;ann\u00e9e acad\u00e9mique en cours et est modifi\u00e9 chaque ann\u00e9e.\u00a0\u200b\u200b\u200b\u200b\u200b\u200b\u200b<\/p>\n<p>Une fois le dossier de candidature accept\u00e9 et le PV d&rsquo;admission \u00e9tabli, le dossier est envoy\u00e9 au Service Inscriptions qui traitera la demande d\u00e8s que possible.<\/li>\n<li><\/li>\n<li>Le candidat recevra du Service Inscriptions les informations pour proc\u00e9der \u00e0 son inscription.<\/li>\n<\/ol>\n<p>&nbsp;<\/p>\n<p><strong>Remarque\u00a0<\/strong>: Il n&rsquo;est pas n\u00e9cessaire d&rsquo;attendre d&rsquo;avoir un financement pour lancer la proc\u00e9dure d&rsquo;admission.<\/p>\n<p>&nbsp;<\/p>\n<p>Formulaire d&rsquo;admission au doctorat: <a href=\"https:\/\/web.umons.ac.be\/fr\/enseignement\/sinscrire\/3e-cycle-phd-doctorat\/\" target=\"_blank\" rel=\"noopener\">3e cycle &#8211; PHD Doctorat &#8211; Universit\u00e9 de Mons<\/a><\/p>\n<p>Forms pour d\u00e9poser le formulaire: <a href=\"https:\/\/forms.office.com\/e\/0dMZud49Bf\" target=\"_blank\" rel=\"noopener\">D\u00e9p\u00f4t du formulaire d&rsquo;inscription FPSE<\/a><\/p>\n<p>&nbsp;<\/p>\n<pre><strong>D\u00e9couvrez\u00a0<a href=\"https:\/\/web.umons.ac.be\/fr\/these\/FPSE\" target=\"_blank\" rel=\"noopener\">ici<\/a>\u00a0une liste non-exhaustive de sujets de recherche disponibles au sein de notre Facult\u00e9<\/strong><\/pre>\n","protected":false},"excerpt":{"rendered":"<p>Le titre de\u00a0Docteur\u00a0est octroy\u00e9 \u00e0 l&rsquo;issue de la pr\u00e9paration et de la soutenance d&rsquo;une th\u00e8se. Les travaux relatifs \u00e0 la pr\u00e9paration de la th\u00e8se correspondent \u00e0 au moins 180 cr\u00e9dits acquis apr\u00e8s une formation initiale d&rsquo;au moins 300 cr\u00e9dits (grade acad\u00e9mique de master). Parmi les 180 cr\u00e9dits du doctorat, 60 cr\u00e9dits doivent \u00eatre acquis au [&hellip;]<\/p>\n","protected":false},"author":2,"featured_media":0,"parent":70,"menu_order":0,"comment_status":"closed","ping_status":"closed","template":"","meta":{"footnotes":""},"class_list":["post-470","page","type-page","status-publish","hentry"],"yoast_head":"<!-- This site is optimized with the Yoast SEO plugin v27.2 - https:\/\/yoast.com\/product\/yoast-seo-wordpress\/ -->\n<title>3\u00e8me cycle : Doctorat - Facult\u00e9 \/ FPSE<\/title>\n<meta name=\"robots\" content=\"index, follow, max-snippet:-1, max-image-preview:large, max-video-preview:-1\" \/>\n<link rel=\"canonical\" href=\"https:\/\/web.umons.ac.be\/fpse\/fr\/offre-de-formation\/3eme-cycle-doctorat\/\" \/>\n<meta property=\"og:locale\" content=\"fr_FR\" \/>\n<meta property=\"og:type\" content=\"article\" \/>\n<meta property=\"og:title\" content=\"3\u00e8me cycle : Doctorat - Facult\u00e9 \/ FPSE\" \/>\n<meta property=\"og:description\" content=\"Le titre de\u00a0Docteur\u00a0est octroy\u00e9 \u00e0 l&rsquo;issue de la pr\u00e9paration et de la soutenance d&rsquo;une th\u00e8se. Les travaux relatifs \u00e0 la pr\u00e9paration de la th\u00e8se correspondent \u00e0 au moins 180 cr\u00e9dits acquis apr\u00e8s une formation initiale d&rsquo;au moins 300 cr\u00e9dits (grade acad\u00e9mique de master). Parmi les 180 cr\u00e9dits du doctorat, 60 cr\u00e9dits doivent \u00eatre acquis au [&hellip;]\" \/>\n<meta property=\"og:url\" content=\"https:\/\/web.umons.ac.be\/fpse\/fr\/offre-de-formation\/3eme-cycle-doctorat\/\" \/>\n<meta property=\"og:site_name\" content=\"Facult\u00e9 \/ FPSE\" \/>\n<meta property=\"article:modified_time\" content=\"2025-01-22T14:03:59+00:00\" \/>\n<meta name=\"twitter:card\" content=\"summary_large_image\" \/>\n<meta name=\"twitter:label1\" content=\"Dur\u00e9e de lecture estim\u00e9e\" \/>\n\t<meta name=\"twitter:data1\" content=\"2 minutes\" \/>\n<script type=\"application\/ld+json\" class=\"yoast-schema-graph\">{\"@context\":\"https:\/\/schema.org\",\"@graph\":[{\"@type\":\"WebPage\",\"@id\":\"https:\/\/web.umons.ac.be\/fpse\/fr\/offre-de-formation\/3eme-cycle-doctorat\/\",\"url\":\"https:\/\/web.umons.ac.be\/fpse\/fr\/offre-de-formation\/3eme-cycle-doctorat\/\",\"name\":\"3\u00e8me cycle : Doctorat - Facult\u00e9 \/ FPSE\",\"isPartOf\":{\"@id\":\"https:\/\/web.umons.ac.be\/fpse\/#website\"},\"datePublished\":\"2017-06-27T12:42:17+00:00\",\"dateModified\":\"2025-01-22T14:03:59+00:00\",\"breadcrumb\":{\"@id\":\"https:\/\/web.umons.ac.be\/fpse\/fr\/offre-de-formation\/3eme-cycle-doctorat\/#breadcrumb\"},\"inLanguage\":\"fr-FR\",\"potentialAction\":[{\"@type\":\"ReadAction\",\"target\":[\"https:\/\/web.umons.ac.be\/fpse\/fr\/offre-de-formation\/3eme-cycle-doctorat\/\"]}]},{\"@type\":\"BreadcrumbList\",\"@id\":\"https:\/\/web.umons.ac.be\/fpse\/fr\/offre-de-formation\/3eme-cycle-doctorat\/#breadcrumb\",\"itemListElement\":[{\"@type\":\"ListItem\",\"position\":1,\"name\":\"Accueil\",\"item\":\"https:\/\/web.umons.ac.be\/fpse\/fr\/\"},{\"@type\":\"ListItem\",\"position\":2,\"name\":\"L&rsquo;offre de formation\",\"item\":\"https:\/\/web.umons.ac.be\/fpse\/fr\/offre-de-formation\/\"},{\"@type\":\"ListItem\",\"position\":3,\"name\":\"3\u00e8me cycle : Doctorat\"}]},{\"@type\":\"WebSite\",\"@id\":\"https:\/\/web.umons.ac.be\/fpse\/#website\",\"url\":\"https:\/\/web.umons.ac.be\/fpse\/\",\"name\":\"Facult\u00e9 \/ FPSE\",\"description\":\"\",\"potentialAction\":[{\"@type\":\"SearchAction\",\"target\":{\"@type\":\"EntryPoint\",\"urlTemplate\":\"https:\/\/web.umons.ac.be\/fpse\/?s={search_term_string}\"},\"query-input\":{\"@type\":\"PropertyValueSpecification\",\"valueRequired\":true,\"valueName\":\"search_term_string\"}}],\"inLanguage\":\"fr-FR\"}]}<\/script>\n<!-- \/ Yoast SEO plugin. -->","yoast_head_json":{"title":"3\u00e8me cycle : Doctorat - Facult\u00e9 \/ FPSE","robots":{"index":"index","follow":"follow","max-snippet":"max-snippet:-1","max-image-preview":"max-image-preview:large","max-video-preview":"max-video-preview:-1"},"canonical":"https:\/\/web.umons.ac.be\/fpse\/fr\/offre-de-formation\/3eme-cycle-doctorat\/","og_locale":"fr_FR","og_type":"article","og_title":"3\u00e8me cycle : Doctorat - Facult\u00e9 \/ FPSE","og_description":"Le titre de\u00a0Docteur\u00a0est octroy\u00e9 \u00e0 l&rsquo;issue de la pr\u00e9paration et de la soutenance d&rsquo;une th\u00e8se. Les travaux relatifs \u00e0 la pr\u00e9paration de la th\u00e8se correspondent \u00e0 au moins 180 cr\u00e9dits acquis apr\u00e8s une formation initiale d&rsquo;au moins 300 cr\u00e9dits (grade acad\u00e9mique de master). Parmi les 180 cr\u00e9dits du doctorat, 60 cr\u00e9dits doivent \u00eatre acquis au [&hellip;]","og_url":"https:\/\/web.umons.ac.be\/fpse\/fr\/offre-de-formation\/3eme-cycle-doctorat\/","og_site_name":"Facult\u00e9 \/ FPSE","article_modified_time":"2025-01-22T14:03:59+00:00","twitter_card":"summary_large_image","twitter_misc":{"Dur\u00e9e de lecture estim\u00e9e":"2 minutes"},"schema":{"@context":"https:\/\/schema.org","@graph":[{"@type":"WebPage","@id":"https:\/\/web.umons.ac.be\/fpse\/fr\/offre-de-formation\/3eme-cycle-doctorat\/","url":"https:\/\/web.umons.ac.be\/fpse\/fr\/offre-de-formation\/3eme-cycle-doctorat\/","name":"3\u00e8me cycle : Doctorat - Facult\u00e9 \/ FPSE","isPartOf":{"@id":"https:\/\/web.umons.ac.be\/fpse\/#website"},"datePublished":"2017-06-27T12:42:17+00:00","dateModified":"2025-01-22T14:03:59+00:00","breadcrumb":{"@id":"https:\/\/web.umons.ac.be\/fpse\/fr\/offre-de-formation\/3eme-cycle-doctorat\/#breadcrumb"},"inLanguage":"fr-FR","potentialAction":[{"@type":"ReadAction","target":["https:\/\/web.umons.ac.be\/fpse\/fr\/offre-de-formation\/3eme-cycle-doctorat\/"]}]},{"@type":"BreadcrumbList","@id":"https:\/\/web.umons.ac.be\/fpse\/fr\/offre-de-formation\/3eme-cycle-doctorat\/#breadcrumb","itemListElement":[{"@type":"ListItem","position":1,"name":"Accueil","item":"https:\/\/web.umons.ac.be\/fpse\/fr\/"},{"@type":"ListItem","position":2,"name":"L&rsquo;offre de formation","item":"https:\/\/web.umons.ac.be\/fpse\/fr\/offre-de-formation\/"},{"@type":"ListItem","position":3,"name":"3\u00e8me cycle : Doctorat"}]},{"@type":"WebSite","@id":"https:\/\/web.umons.ac.be\/fpse\/#website","url":"https:\/\/web.umons.ac.be\/fpse\/","name":"Facult\u00e9 \/ FPSE","description":"","potentialAction":[{"@type":"SearchAction","target":{"@type":"EntryPoint","urlTemplate":"https:\/\/web.umons.ac.be\/fpse\/?s={search_term_string}"},"query-input":{"@type":"PropertyValueSpecification","valueRequired":true,"valueName":"search_term_string"}}],"inLanguage":"fr-FR"}]}},"lang":"fr","translations":{"fr":470,"en":1301},"pll_sync_post":[],"_links":{"self":[{"href":"https:\/\/web.umons.ac.be\/fpse\/wp-json\/wp\/v2\/pages\/470","targetHints":{"allow":["GET"]}}],"collection":[{"href":"https:\/\/web.umons.ac.be\/fpse\/wp-json\/wp\/v2\/pages"}],"about":[{"href":"https:\/\/web.umons.ac.be\/fpse\/wp-json\/wp\/v2\/types\/page"}],"author":[{"embeddable":true,"href":"https:\/\/web.umons.ac.be\/fpse\/wp-json\/wp\/v2\/users\/2"}],"replies":[{"embeddable":true,"href":"https:\/\/web.umons.ac.be\/fpse\/wp-json\/wp\/v2\/comments?post=470"}],"version-history":[{"count":3,"href":"https:\/\/web.umons.ac.be\/fpse\/wp-json\/wp\/v2\/pages\/470\/revisions"}],"predecessor-version":[{"id":2494,"href":"https:\/\/web.umons.ac.be\/fpse\/wp-json\/wp\/v2\/pages\/470\/revisions\/2494"}],"up":[{"embeddable":true,"href":"https:\/\/web.umons.ac.be\/fpse\/wp-json\/wp\/v2\/pages\/70"}],"wp:attachment":[{"href":"https:\/\/web.umons.ac.be\/fpse\/wp-json\/wp\/v2\/media?parent=470"}],"curies":[{"name":"wp","href":"https:\/\/api.w.org\/{rel}","templated":true}]}}