{"id":519,"date":"2017-07-06T14:14:27","date_gmt":"2017-07-06T12:14:27","guid":{"rendered":"https:\/\/web.umons.ac.be\/fpse\/?page_id=519"},"modified":"2024-04-18T13:40:37","modified_gmt":"2024-04-18T11:40:37","slug":"debouches","status":"publish","type":"page","link":"https:\/\/web.umons.ac.be\/fpse\/fr\/etudes\/debouches\/","title":{"rendered":"Les d\u00e9bouch\u00e9s"},"content":{"rendered":"<blockquote><p>De multiples d\u00e9bouch\u00e9s dans des domaines vari\u00e9s !<\/p><\/blockquote>\n<p>Le <span style=\"color: #00abcc;\"><strong>Master en sciences psychologiques<\/strong><\/span>, qui\u00a0donne acc\u00e8s au titre professionnel de psychologue,\u00a0psychologue clinicien et orthop\u00e9dagogue clinicien,\u00a0permet d\u2019exercer la psychologie dans des champs\u00a0aussi vari\u00e9s que ceux de la sant\u00e9 mentale, de la\u00a0neuropsychologie, du travail et de l\u2019emploi, de l\u2019action\u00a0sociale, de l\u2019\u00e9ducation, de la justice\u2026<\/p>\n<p>Le <span style=\"color: #00abcc;\"><strong>Master en orthop\u00e9dagogie clinique<\/strong><\/span> donne acc\u00e8s au titre d&rsquo;orthop\u00e9dagogue clinicien, permettant d&rsquo;exercers dans des domaines tels que l&rsquo;enseignement ordinaire (inclusif) et sp\u00e9cialis\u00e9, les soins de sant\u00e9 mentale et les services de r\u00e9habilitation psychosociale, les services d&rsquo;insertion socioprofessionnelle,&#8230;<\/p>\n<p>Le <span style=\"color: #00abcc;\"><strong>Master en sciences de l\u2019\u00e9ducation<\/strong><\/span> offre l\u2019opportunit\u00e9\u00a0\u00e0 des professionnels de l\u2019\u00e9ducation de\u00a0continuer \u00e0 se former, en am\u00e9liorant leur pratique\u00a0et leur r\u00e9flexion. Il peut aussi d\u00e9boucher sur une insertion\u00a0professionnelle dans des champs tels que\u00a0ceux de l\u2019enseignement, la formation d\u2019adultes, la\u00a0formation de formateurs, l\u2019orthop\u00e9dagogie&#8230;<\/p>\n<p>Le<span style=\"color: #00abcc;\"><strong> Master en logop\u00e9die<\/strong><\/span> (qui n\u2019est pas organis\u00e9\u00a0\u00e0 l\u2019UMONS) permet d\u2019acc\u00e9der au m\u00e9tier de logop\u00e8de\u00a0dans un cadre priv\u00e9 ou dans le cadre d\u2019institutions\u00a0de soins, d\u2019enseignement ou d\u2019\u00e9ducation.<\/p>\n<p>Au terme du Master, l\u2019<span style=\"color: #00abcc;\"><strong>Agr\u00e9gation de l\u2019enseignement\u00a0secondaire sup\u00e9rieur (AESS)<\/strong><\/span> offre la possibilit\u00e9\u00a0de se former \u00e0 la pratique de l\u2019enseignement.<\/p>\n<p>Apr\u00e8s le Master, l\u2019\u00e9tudiant peut \u00e9galement acc\u00e9der\u00a0\u00e0 divers <strong><span style=\"color: #00ccff;\">Masters de sp\u00e9cialisation<\/span><\/strong> ou <strong><span style=\"color: #00ccff;\">autres formations\u00a0continues,<\/span><\/strong> organis\u00e9s par la FPSE ou d\u2019autres\u00a0facult\u00e9s.<\/p>\n<p>Pour ceux qui s\u2019int\u00e9ressent \u00e0 la recherche, le <strong><span style=\"color: #00ccff;\">troisi\u00e8me\u00a0cycle<\/span><\/strong> offre enfin de nombreuses occasions\u00a0de formation scientifique, notamment par le biais\u00a0des \u00e9coles doctorales, d\u00e9bouchant sur le certificat\u00a0de formation \u00e0 la recherche et, in fine, sur l\u2019obtention\u00a0du grade de Docteur en sciences psychologiques\u00a0et de l\u2019\u00e9ducation.<\/p>\n","protected":false},"excerpt":{"rendered":"<p>De multiples d\u00e9bouch\u00e9s dans des domaines vari\u00e9s ! Le Master en sciences psychologiques, qui\u00a0donne acc\u00e8s au titre professionnel de psychologue,\u00a0psychologue clinicien et orthop\u00e9dagogue clinicien,\u00a0permet d\u2019exercer la psychologie dans des champs\u00a0aussi vari\u00e9s que ceux de la sant\u00e9 mentale, de la\u00a0neuropsychologie, du travail et de l\u2019emploi, de l\u2019action\u00a0sociale, de l\u2019\u00e9ducation, de la justice\u2026 Le Master en orthop\u00e9dagogie [&hellip;]<\/p>\n","protected":false},"author":2,"featured_media":0,"parent":700,"menu_order":4,"comment_status":"closed","ping_status":"closed","template":"","meta":{"footnotes":""},"class_list":["post-519","page","type-page","status-publish","hentry"],"yoast_head":"<!-- This site is optimized with the Yoast SEO plugin v27.2 - https:\/\/yoast.com\/product\/yoast-seo-wordpress\/ -->\n<title>Les d\u00e9bouch\u00e9s - Facult\u00e9 \/ FPSE<\/title>\n<meta name=\"robots\" content=\"index, follow, max-snippet:-1, max-image-preview:large, max-video-preview:-1\" \/>\n<link rel=\"canonical\" href=\"https:\/\/web.umons.ac.be\/fpse\/fr\/etudes\/debouches\/\" \/>\n<meta property=\"og:locale\" content=\"fr_FR\" \/>\n<meta property=\"og:type\" content=\"article\" \/>\n<meta property=\"og:title\" content=\"Les d\u00e9bouch\u00e9s - Facult\u00e9 \/ FPSE\" \/>\n<meta property=\"og:description\" content=\"De multiples d\u00e9bouch\u00e9s dans des domaines vari\u00e9s ! Le Master en sciences psychologiques, qui\u00a0donne acc\u00e8s au titre professionnel de psychologue,\u00a0psychologue clinicien et orthop\u00e9dagogue clinicien,\u00a0permet d\u2019exercer la psychologie dans des champs\u00a0aussi vari\u00e9s que ceux de la sant\u00e9 mentale, de la\u00a0neuropsychologie, du travail et de l\u2019emploi, de l\u2019action\u00a0sociale, de l\u2019\u00e9ducation, de la justice\u2026 Le Master en orthop\u00e9dagogie [&hellip;]\" \/>\n<meta property=\"og:url\" content=\"https:\/\/web.umons.ac.be\/fpse\/fr\/etudes\/debouches\/\" \/>\n<meta property=\"og:site_name\" content=\"Facult\u00e9 \/ FPSE\" \/>\n<meta property=\"article:modified_time\" content=\"2024-04-18T11:40:37+00:00\" \/>\n<meta name=\"twitter:card\" content=\"summary_large_image\" \/>\n<meta name=\"twitter:label1\" content=\"Dur\u00e9e de lecture estim\u00e9e\" \/>\n\t<meta name=\"twitter:data1\" content=\"2 minutes\" \/>\n<script type=\"application\/ld+json\" class=\"yoast-schema-graph\">{\"@context\":\"https:\/\/schema.org\",\"@graph\":[{\"@type\":\"WebPage\",\"@id\":\"https:\/\/web.umons.ac.be\/fpse\/fr\/etudes\/debouches\/\",\"url\":\"https:\/\/web.umons.ac.be\/fpse\/fr\/etudes\/debouches\/\",\"name\":\"Les d\u00e9bouch\u00e9s - Facult\u00e9 \/ FPSE\",\"isPartOf\":{\"@id\":\"https:\/\/web.umons.ac.be\/fpse\/#website\"},\"datePublished\":\"2017-07-06T12:14:27+00:00\",\"dateModified\":\"2024-04-18T11:40:37+00:00\",\"breadcrumb\":{\"@id\":\"https:\/\/web.umons.ac.be\/fpse\/fr\/etudes\/debouches\/#breadcrumb\"},\"inLanguage\":\"fr-FR\",\"potentialAction\":[{\"@type\":\"ReadAction\",\"target\":[\"https:\/\/web.umons.ac.be\/fpse\/fr\/etudes\/debouches\/\"]}]},{\"@type\":\"BreadcrumbList\",\"@id\":\"https:\/\/web.umons.ac.be\/fpse\/fr\/etudes\/debouches\/#breadcrumb\",\"itemListElement\":[{\"@type\":\"ListItem\",\"position\":1,\"name\":\"Accueil\",\"item\":\"https:\/\/web.umons.ac.be\/fpse\/fr\/\"},{\"@type\":\"ListItem\",\"position\":2,\"name\":\"Etudes\",\"item\":\"https:\/\/web.umons.ac.be\/fpse\/fr\/etudes\/\"},{\"@type\":\"ListItem\",\"position\":3,\"name\":\"Les d\u00e9bouch\u00e9s\"}]},{\"@type\":\"WebSite\",\"@id\":\"https:\/\/web.umons.ac.be\/fpse\/#website\",\"url\":\"https:\/\/web.umons.ac.be\/fpse\/\",\"name\":\"Facult\u00e9 \/ FPSE\",\"description\":\"\",\"potentialAction\":[{\"@type\":\"SearchAction\",\"target\":{\"@type\":\"EntryPoint\",\"urlTemplate\":\"https:\/\/web.umons.ac.be\/fpse\/?s={search_term_string}\"},\"query-input\":{\"@type\":\"PropertyValueSpecification\",\"valueRequired\":true,\"valueName\":\"search_term_string\"}}],\"inLanguage\":\"fr-FR\"}]}<\/script>\n<!-- \/ Yoast SEO plugin. -->","yoast_head_json":{"title":"Les d\u00e9bouch\u00e9s - Facult\u00e9 \/ FPSE","robots":{"index":"index","follow":"follow","max-snippet":"max-snippet:-1","max-image-preview":"max-image-preview:large","max-video-preview":"max-video-preview:-1"},"canonical":"https:\/\/web.umons.ac.be\/fpse\/fr\/etudes\/debouches\/","og_locale":"fr_FR","og_type":"article","og_title":"Les d\u00e9bouch\u00e9s - Facult\u00e9 \/ FPSE","og_description":"De multiples d\u00e9bouch\u00e9s dans des domaines vari\u00e9s ! Le Master en sciences psychologiques, qui\u00a0donne acc\u00e8s au titre professionnel de psychologue,\u00a0psychologue clinicien et orthop\u00e9dagogue clinicien,\u00a0permet d\u2019exercer la psychologie dans des champs\u00a0aussi vari\u00e9s que ceux de la sant\u00e9 mentale, de la\u00a0neuropsychologie, du travail et de l\u2019emploi, de l\u2019action\u00a0sociale, de l\u2019\u00e9ducation, de la justice\u2026 Le Master en orthop\u00e9dagogie [&hellip;]","og_url":"https:\/\/web.umons.ac.be\/fpse\/fr\/etudes\/debouches\/","og_site_name":"Facult\u00e9 \/ FPSE","article_modified_time":"2024-04-18T11:40:37+00:00","twitter_card":"summary_large_image","twitter_misc":{"Dur\u00e9e de lecture estim\u00e9e":"2 minutes"},"schema":{"@context":"https:\/\/schema.org","@graph":[{"@type":"WebPage","@id":"https:\/\/web.umons.ac.be\/fpse\/fr\/etudes\/debouches\/","url":"https:\/\/web.umons.ac.be\/fpse\/fr\/etudes\/debouches\/","name":"Les d\u00e9bouch\u00e9s - Facult\u00e9 \/ FPSE","isPartOf":{"@id":"https:\/\/web.umons.ac.be\/fpse\/#website"},"datePublished":"2017-07-06T12:14:27+00:00","dateModified":"2024-04-18T11:40:37+00:00","breadcrumb":{"@id":"https:\/\/web.umons.ac.be\/fpse\/fr\/etudes\/debouches\/#breadcrumb"},"inLanguage":"fr-FR","potentialAction":[{"@type":"ReadAction","target":["https:\/\/web.umons.ac.be\/fpse\/fr\/etudes\/debouches\/"]}]},{"@type":"BreadcrumbList","@id":"https:\/\/web.umons.ac.be\/fpse\/fr\/etudes\/debouches\/#breadcrumb","itemListElement":[{"@type":"ListItem","position":1,"name":"Accueil","item":"https:\/\/web.umons.ac.be\/fpse\/fr\/"},{"@type":"ListItem","position":2,"name":"Etudes","item":"https:\/\/web.umons.ac.be\/fpse\/fr\/etudes\/"},{"@type":"ListItem","position":3,"name":"Les d\u00e9bouch\u00e9s"}]},{"@type":"WebSite","@id":"https:\/\/web.umons.ac.be\/fpse\/#website","url":"https:\/\/web.umons.ac.be\/fpse\/","name":"Facult\u00e9 \/ FPSE","description":"","potentialAction":[{"@type":"SearchAction","target":{"@type":"EntryPoint","urlTemplate":"https:\/\/web.umons.ac.be\/fpse\/?s={search_term_string}"},"query-input":{"@type":"PropertyValueSpecification","valueRequired":true,"valueName":"search_term_string"}}],"inLanguage":"fr-FR"}]}},"lang":"fr","translations":{"fr":519,"en":882},"pll_sync_post":[],"_links":{"self":[{"href":"https:\/\/web.umons.ac.be\/fpse\/wp-json\/wp\/v2\/pages\/519","targetHints":{"allow":["GET"]}}],"collection":[{"href":"https:\/\/web.umons.ac.be\/fpse\/wp-json\/wp\/v2\/pages"}],"about":[{"href":"https:\/\/web.umons.ac.be\/fpse\/wp-json\/wp\/v2\/types\/page"}],"author":[{"embeddable":true,"href":"https:\/\/web.umons.ac.be\/fpse\/wp-json\/wp\/v2\/users\/2"}],"replies":[{"embeddable":true,"href":"https:\/\/web.umons.ac.be\/fpse\/wp-json\/wp\/v2\/comments?post=519"}],"version-history":[{"count":2,"href":"https:\/\/web.umons.ac.be\/fpse\/wp-json\/wp\/v2\/pages\/519\/revisions"}],"predecessor-version":[{"id":2355,"href":"https:\/\/web.umons.ac.be\/fpse\/wp-json\/wp\/v2\/pages\/519\/revisions\/2355"}],"up":[{"embeddable":true,"href":"https:\/\/web.umons.ac.be\/fpse\/wp-json\/wp\/v2\/pages\/700"}],"wp:attachment":[{"href":"https:\/\/web.umons.ac.be\/fpse\/wp-json\/wp\/v2\/media?parent=519"}],"curies":[{"name":"wp","href":"https:\/\/api.w.org\/{rel}","templated":true}]}}