{"id":276,"date":"2022-09-23T09:15:16","date_gmt":"2022-09-23T07:15:16","guid":{"rendered":"https:\/\/web.umons.ac.be\/frmh\/?page_id=276"},"modified":"2025-10-15T16:35:53","modified_gmt":"2025-10-15T14:35:53","slug":"objectifs-2","status":"publish","type":"page","link":"https:\/\/web.umons.ac.be\/frw\/fr\/objectifs-2\/","title":{"rendered":"Objectifs"},"content":{"rendered":"<h1><span style=\"color: #35526d;\"><strong><img loading=\"lazy\" decoding=\"async\" class=\"wp-image-251 alignleft\" src=\"https:\/\/web.umons.ac.be\/app\/uploads\/sites\/44\/2022\/09\/Fondation-RW-ok.png\" alt=\"\" width=\"165\" height=\"149\" srcset=\"https:\/\/web.umons.ac.be\/app\/uploads\/sites\/44\/2022\/09\/Fondation-RW-ok.png 850w, https:\/\/web.umons.ac.be\/app\/uploads\/sites\/44\/2022\/09\/Fondation-RW-ok-300x271.png 300w, https:\/\/web.umons.ac.be\/app\/uploads\/sites\/44\/2022\/09\/Fondation-RW-ok-768x693.png 768w, https:\/\/web.umons.ac.be\/app\/uploads\/sites\/44\/2022\/09\/Fondation-RW-ok-731x660.png 731w, https:\/\/web.umons.ac.be\/app\/uploads\/sites\/44\/2022\/09\/Fondation-RW-ok-30x27.png 30w, https:\/\/web.umons.ac.be\/app\/uploads\/sites\/44\/2022\/09\/Fondation-RW-ok-60x54.png 60w, https:\/\/web.umons.ac.be\/app\/uploads\/sites\/44\/2022\/09\/Fondation-RW-ok-360x325.png 360w\" sizes=\"auto, (max-width: 165px) 100vw, 165px\" \/>Une fondation pour \u00ab\u00a0booster\u00a0\u00bb la recherche m\u00e9dicale<\/strong><\/span><\/h1>\n<p>C\u2019est pour relever ce d\u00e9fi sanitaire public que l\u2019UMONS s\u2019est dot\u00e9e d\u2019une nouvelle Fondation pilot\u00e9e par des personnalit\u00e9s reconnues.<\/p>\n<p>Ayant \u00a0acquis sa personnalit\u00e9 juridique le 16 d\u00e9cembre 2024, elle est aux pr\u00e9mices de sa vie en tant qu\u2019entit\u00e9 autonome. <strong>Elle a besoin d\u2019aide pour grandir, \u00e9voluer et rayonner afin de disposer de moyens suffisants. <\/strong>(financiers, mat\u00e9riels et en logistique) permettant de soutenir la recherche m\u00e9dicale et am\u00e9liorer la sant\u00e9 des habitants du Hainaut.<\/p>\n<p>La \u00ab Fondation Raoul Warocqu\u00e9 pour la recherche m\u00e9dicale en Hainaut \u00bb veut renforcer et intensifier dans une perspective pluraliste l\u2019effort de recherche scientifique m\u00e9dicale de haut niveau au b\u00e9n\u00e9fice de la Province de Hainaut et de ses habitants.<\/p>\n<p><strong>Pour ce faire, elle s\u2019engage \u00e0 collecter des financements sous forme de don, leg ou autre qui seront affect\u00e9s sur le terrain \u00e0 des projets visant \u00e0 am\u00e9liorer la qualit\u00e9 des soins de sant\u00e9 et renforcer encore l\u2019expertise de nos praticiens, au service de nos concitoyens.<\/strong><\/p>\n<p>&nbsp;<\/p>\n","protected":false},"excerpt":{"rendered":"<p>Une fondation pour \u00ab\u00a0booster\u00a0\u00bb la recherche m\u00e9dicale C\u2019est pour relever ce d\u00e9fi sanitaire public que l\u2019UMONS s\u2019est dot\u00e9e d\u2019une nouvelle Fondation pilot\u00e9e par des personnalit\u00e9s reconnues. Ayant \u00a0acquis sa personnalit\u00e9 juridique le 16 d\u00e9cembre 2024, elle est aux pr\u00e9mices de sa vie en tant qu\u2019entit\u00e9 autonome. Elle a besoin d\u2019aide pour grandir, \u00e9voluer et rayonner [&hellip;]<\/p>\n","protected":false},"author":4,"featured_media":299,"parent":0,"menu_order":0,"comment_status":"closed","ping_status":"closed","template":"","meta":{"footnotes":""},"class_list":["post-276","page","type-page","status-publish","has-post-thumbnail","hentry"],"yoast_head":"<!-- This site is optimized with the Yoast SEO plugin v27.2 - https:\/\/yoast.com\/product\/yoast-seo-wordpress\/ -->\n<title>Objectifs - FRW<\/title>\n<meta name=\"robots\" content=\"index, follow, max-snippet:-1, max-image-preview:large, max-video-preview:-1\" \/>\n<link rel=\"canonical\" href=\"https:\/\/web.umons.ac.be\/frw\/fr\/objectifs-2\/\" \/>\n<meta property=\"og:locale\" content=\"fr_FR\" \/>\n<meta property=\"og:type\" content=\"article\" \/>\n<meta property=\"og:title\" content=\"Objectifs - FRW\" \/>\n<meta property=\"og:description\" content=\"Une fondation pour \u00ab\u00a0booster\u00a0\u00bb la recherche m\u00e9dicale C\u2019est pour relever ce d\u00e9fi sanitaire public que l\u2019UMONS s\u2019est dot\u00e9e d\u2019une nouvelle Fondation pilot\u00e9e par des personnalit\u00e9s reconnues. Ayant \u00a0acquis sa personnalit\u00e9 juridique le 16 d\u00e9cembre 2024, elle est aux pr\u00e9mices de sa vie en tant qu\u2019entit\u00e9 autonome. Elle a besoin d\u2019aide pour grandir, \u00e9voluer et rayonner [&hellip;]\" \/>\n<meta property=\"og:url\" content=\"https:\/\/web.umons.ac.be\/frw\/fr\/objectifs-2\/\" \/>\n<meta property=\"og:site_name\" content=\"FRW\" \/>\n<meta property=\"article:publisher\" content=\"https:\/\/www.facebook.com\/FRMH.UMONS\/\" \/>\n<meta property=\"article:modified_time\" content=\"2025-10-15T14:35:53+00:00\" \/>\n<meta property=\"og:image\" content=\"https:\/\/web.umons.ac.be\/app\/uploads\/sites\/44\/2022\/09\/dna-1811955_1920.jpg\" \/>\n\t<meta property=\"og:image:width\" content=\"1920\" \/>\n\t<meta property=\"og:image:height\" content=\"960\" \/>\n\t<meta property=\"og:image:type\" content=\"image\/jpeg\" \/>\n<meta name=\"twitter:card\" content=\"summary_large_image\" \/>\n<meta name=\"twitter:label1\" content=\"Dur\u00e9e de lecture estim\u00e9e\" \/>\n\t<meta name=\"twitter:data1\" content=\"2 minutes\" \/>\n<script type=\"application\/ld+json\" class=\"yoast-schema-graph\">{\"@context\":\"https:\/\/schema.org\",\"@graph\":[{\"@type\":\"WebPage\",\"@id\":\"https:\/\/web.umons.ac.be\/frw\/fr\/objectifs-2\/\",\"url\":\"https:\/\/web.umons.ac.be\/frw\/fr\/objectifs-2\/\",\"name\":\"Objectifs - FRW\",\"isPartOf\":{\"@id\":\"https:\/\/web.umons.ac.be\/frw\/#website\"},\"primaryImageOfPage\":{\"@id\":\"https:\/\/web.umons.ac.be\/frw\/fr\/objectifs-2\/#primaryimage\"},\"image\":{\"@id\":\"https:\/\/web.umons.ac.be\/frw\/fr\/objectifs-2\/#primaryimage\"},\"thumbnailUrl\":\"https:\/\/web.umons.ac.be\/app\/uploads\/sites\/44\/2022\/09\/dna-1811955_1920.jpg\",\"datePublished\":\"2022-09-23T07:15:16+00:00\",\"dateModified\":\"2025-10-15T14:35:53+00:00\",\"breadcrumb\":{\"@id\":\"https:\/\/web.umons.ac.be\/frw\/fr\/objectifs-2\/#breadcrumb\"},\"inLanguage\":\"fr-FR\",\"potentialAction\":[{\"@type\":\"ReadAction\",\"target\":[\"https:\/\/web.umons.ac.be\/frw\/fr\/objectifs-2\/\"]}]},{\"@type\":\"ImageObject\",\"inLanguage\":\"fr-FR\",\"@id\":\"https:\/\/web.umons.ac.be\/frw\/fr\/objectifs-2\/#primaryimage\",\"url\":\"https:\/\/web.umons.ac.be\/app\/uploads\/sites\/44\/2022\/09\/dna-1811955_1920.jpg\",\"contentUrl\":\"https:\/\/web.umons.ac.be\/app\/uploads\/sites\/44\/2022\/09\/dna-1811955_1920.jpg\",\"width\":1920,\"height\":960},{\"@type\":\"BreadcrumbList\",\"@id\":\"https:\/\/web.umons.ac.be\/frw\/fr\/objectifs-2\/#breadcrumb\",\"itemListElement\":[{\"@type\":\"ListItem\",\"position\":1,\"name\":\"Accueil\",\"item\":\"https:\/\/web.umons.ac.be\/frw\/fr\/\"},{\"@type\":\"ListItem\",\"position\":2,\"name\":\"Objectifs\"}]},{\"@type\":\"WebSite\",\"@id\":\"https:\/\/web.umons.ac.be\/frw\/#website\",\"url\":\"https:\/\/web.umons.ac.be\/frw\/\",\"name\":\"FRW\",\"description\":\"Fondation Raoul Warocqu\u00e9\",\"publisher\":{\"@id\":\"https:\/\/web.umons.ac.be\/frw\/#organization\"},\"potentialAction\":[{\"@type\":\"SearchAction\",\"target\":{\"@type\":\"EntryPoint\",\"urlTemplate\":\"https:\/\/web.umons.ac.be\/frw\/?s={search_term_string}\"},\"query-input\":{\"@type\":\"PropertyValueSpecification\",\"valueRequired\":true,\"valueName\":\"search_term_string\"}}],\"inLanguage\":\"fr-FR\"},{\"@type\":\"Organization\",\"@id\":\"https:\/\/web.umons.ac.be\/frw\/#organization\",\"name\":\"Fondation Raoul Warocqu\u00e9\",\"url\":\"https:\/\/web.umons.ac.be\/frw\/\",\"logo\":{\"@type\":\"ImageObject\",\"inLanguage\":\"fr-FR\",\"@id\":\"https:\/\/web.umons.ac.be\/frw\/#\/schema\/logo\/image\/\",\"url\":\"https:\/\/web.umons.ac.be\/app\/uploads\/sites\/44\/2023\/09\/FRW-logo-transparent-1.png\",\"contentUrl\":\"https:\/\/web.umons.ac.be\/app\/uploads\/sites\/44\/2023\/09\/FRW-logo-transparent-1.png\",\"width\":500,\"height\":500,\"caption\":\"Fondation Raoul Warocqu\u00e9\"},\"image\":{\"@id\":\"https:\/\/web.umons.ac.be\/frw\/#\/schema\/logo\/image\/\"},\"sameAs\":[\"https:\/\/www.facebook.com\/FRMH.UMONS\/\",\"https:\/\/www.linkedin.com\/company\/frw-umons\/\"]}]}<\/script>\n<!-- \/ Yoast SEO plugin. -->","yoast_head_json":{"title":"Objectifs - FRW","robots":{"index":"index","follow":"follow","max-snippet":"max-snippet:-1","max-image-preview":"max-image-preview:large","max-video-preview":"max-video-preview:-1"},"canonical":"https:\/\/web.umons.ac.be\/frw\/fr\/objectifs-2\/","og_locale":"fr_FR","og_type":"article","og_title":"Objectifs - FRW","og_description":"Une fondation pour \u00ab\u00a0booster\u00a0\u00bb la recherche m\u00e9dicale C\u2019est pour relever ce d\u00e9fi sanitaire public que l\u2019UMONS s\u2019est dot\u00e9e d\u2019une nouvelle Fondation pilot\u00e9e par des personnalit\u00e9s reconnues. Ayant \u00a0acquis sa personnalit\u00e9 juridique le 16 d\u00e9cembre 2024, elle est aux pr\u00e9mices de sa vie en tant qu\u2019entit\u00e9 autonome. Elle a besoin d\u2019aide pour grandir, \u00e9voluer et rayonner [&hellip;]","og_url":"https:\/\/web.umons.ac.be\/frw\/fr\/objectifs-2\/","og_site_name":"FRW","article_publisher":"https:\/\/www.facebook.com\/FRMH.UMONS\/","article_modified_time":"2025-10-15T14:35:53+00:00","og_image":[{"width":1920,"height":960,"url":"https:\/\/web.umons.ac.be\/app\/uploads\/sites\/44\/2022\/09\/dna-1811955_1920.jpg","type":"image\/jpeg"}],"twitter_card":"summary_large_image","twitter_misc":{"Dur\u00e9e de lecture estim\u00e9e":"2 minutes"},"schema":{"@context":"https:\/\/schema.org","@graph":[{"@type":"WebPage","@id":"https:\/\/web.umons.ac.be\/frw\/fr\/objectifs-2\/","url":"https:\/\/web.umons.ac.be\/frw\/fr\/objectifs-2\/","name":"Objectifs - FRW","isPartOf":{"@id":"https:\/\/web.umons.ac.be\/frw\/#website"},"primaryImageOfPage":{"@id":"https:\/\/web.umons.ac.be\/frw\/fr\/objectifs-2\/#primaryimage"},"image":{"@id":"https:\/\/web.umons.ac.be\/frw\/fr\/objectifs-2\/#primaryimage"},"thumbnailUrl":"https:\/\/web.umons.ac.be\/app\/uploads\/sites\/44\/2022\/09\/dna-1811955_1920.jpg","datePublished":"2022-09-23T07:15:16+00:00","dateModified":"2025-10-15T14:35:53+00:00","breadcrumb":{"@id":"https:\/\/web.umons.ac.be\/frw\/fr\/objectifs-2\/#breadcrumb"},"inLanguage":"fr-FR","potentialAction":[{"@type":"ReadAction","target":["https:\/\/web.umons.ac.be\/frw\/fr\/objectifs-2\/"]}]},{"@type":"ImageObject","inLanguage":"fr-FR","@id":"https:\/\/web.umons.ac.be\/frw\/fr\/objectifs-2\/#primaryimage","url":"https:\/\/web.umons.ac.be\/app\/uploads\/sites\/44\/2022\/09\/dna-1811955_1920.jpg","contentUrl":"https:\/\/web.umons.ac.be\/app\/uploads\/sites\/44\/2022\/09\/dna-1811955_1920.jpg","width":1920,"height":960},{"@type":"BreadcrumbList","@id":"https:\/\/web.umons.ac.be\/frw\/fr\/objectifs-2\/#breadcrumb","itemListElement":[{"@type":"ListItem","position":1,"name":"Accueil","item":"https:\/\/web.umons.ac.be\/frw\/fr\/"},{"@type":"ListItem","position":2,"name":"Objectifs"}]},{"@type":"WebSite","@id":"https:\/\/web.umons.ac.be\/frw\/#website","url":"https:\/\/web.umons.ac.be\/frw\/","name":"FRW","description":"Fondation Raoul Warocqu\u00e9","publisher":{"@id":"https:\/\/web.umons.ac.be\/frw\/#organization"},"potentialAction":[{"@type":"SearchAction","target":{"@type":"EntryPoint","urlTemplate":"https:\/\/web.umons.ac.be\/frw\/?s={search_term_string}"},"query-input":{"@type":"PropertyValueSpecification","valueRequired":true,"valueName":"search_term_string"}}],"inLanguage":"fr-FR"},{"@type":"Organization","@id":"https:\/\/web.umons.ac.be\/frw\/#organization","name":"Fondation Raoul Warocqu\u00e9","url":"https:\/\/web.umons.ac.be\/frw\/","logo":{"@type":"ImageObject","inLanguage":"fr-FR","@id":"https:\/\/web.umons.ac.be\/frw\/#\/schema\/logo\/image\/","url":"https:\/\/web.umons.ac.be\/app\/uploads\/sites\/44\/2023\/09\/FRW-logo-transparent-1.png","contentUrl":"https:\/\/web.umons.ac.be\/app\/uploads\/sites\/44\/2023\/09\/FRW-logo-transparent-1.png","width":500,"height":500,"caption":"Fondation Raoul Warocqu\u00e9"},"image":{"@id":"https:\/\/web.umons.ac.be\/frw\/#\/schema\/logo\/image\/"},"sameAs":["https:\/\/www.facebook.com\/FRMH.UMONS\/","https:\/\/www.linkedin.com\/company\/frw-umons\/"]}]}},"lang":"fr","translations":{"fr":276},"pll_sync_post":[],"_links":{"self":[{"href":"https:\/\/web.umons.ac.be\/frw\/wp-json\/wp\/v2\/pages\/276","targetHints":{"allow":["GET"]}}],"collection":[{"href":"https:\/\/web.umons.ac.be\/frw\/wp-json\/wp\/v2\/pages"}],"about":[{"href":"https:\/\/web.umons.ac.be\/frw\/wp-json\/wp\/v2\/types\/page"}],"author":[{"embeddable":true,"href":"https:\/\/web.umons.ac.be\/frw\/wp-json\/wp\/v2\/users\/4"}],"replies":[{"embeddable":true,"href":"https:\/\/web.umons.ac.be\/frw\/wp-json\/wp\/v2\/comments?post=276"}],"version-history":[{"count":3,"href":"https:\/\/web.umons.ac.be\/frw\/wp-json\/wp\/v2\/pages\/276\/revisions"}],"predecessor-version":[{"id":416,"href":"https:\/\/web.umons.ac.be\/frw\/wp-json\/wp\/v2\/pages\/276\/revisions\/416"}],"wp:featuredmedia":[{"embeddable":true,"href":"https:\/\/web.umons.ac.be\/frw\/wp-json\/wp\/v2\/media\/299"}],"wp:attachment":[{"href":"https:\/\/web.umons.ac.be\/frw\/wp-json\/wp\/v2\/media?parent=276"}],"curies":[{"name":"wp","href":"https:\/\/api.w.org\/{rel}","templated":true}]}}

<h1><span style="color: #35526d;"><strong><img loading="lazy" decoding="async" class="wp-image-251 alignleft" src="https://web.umons.ac.be/app/uploads/sites/44/2022/09/Fondation-RW-ok.png" alt="" width="165" height="149" srcset="https://web.umons.ac.be/app/uploads/sites/44/2022/09/Fondation-RW-ok.png 850w, https://web.umons.ac.be/app/uploads/sites/44/2022/09/Fondation-RW-ok-300x271.png 300w, https://web.umons.ac.be/app/uploads/sites/44/2022/09/Fondation-RW-ok-768x693.png 768w, https://web.umons.ac.be/app/uploads/sites/44/2022/09/Fondation-RW-ok-731x660.png 731w, https://web.umons.ac.be/app/uploads/sites/44/2022/09/Fondation-RW-ok-30x27.png 30w, https://web.umons.ac.be/app/uploads/sites/44/2022/09/Fondation-RW-ok-60x54.png 60w, https://web.umons.ac.be/app/uploads/sites/44/2022/09/Fondation-RW-ok-360x325.png 360w" sizes="auto, (max-width: 165px) 100vw, 165px" />Une fondation pour « booster » la recherche médicale</strong></span></h1>
<p>C’est pour relever ce défi sanitaire public que l’UMONS s’est dotée d’une nouvelle Fondation pilotée par des personnalités reconnues.</p>
<p>Ayant  acquis sa personnalité juridique le 16 décembre 2024, elle est aux prémices de sa vie en tant qu’entité autonome. <strong>Elle a besoin d’aide pour grandir, évoluer et rayonner afin de disposer de moyens suffisants. </strong>(financiers, matériels et en logistique) permettant de soutenir la recherche médicale et améliorer la santé des habitants du Hainaut.</p>
<p>La « Fondation Raoul Warocqué pour la recherche médicale en Hainaut » veut renforcer et intensifier dans une perspective pluraliste l’effort de recherche scientifique médicale de haut niveau au bénéfice de la Province de Hainaut et de ses habitants.</p>
<p><strong>Pour ce faire, elle s’engage à collecter des financements sous forme de don, leg ou autre qui seront affectés sur le terrain à des projets visant à améliorer la qualité des soins de santé et renforcer encore l’expertise de nos praticiens, au service de nos concitoyens.</strong></p>
<p>&nbsp;</p>

<p>Une fondation pour « booster » la recherche médicale C’est pour relever ce défi sanitaire public que l’UMONS s’est dotée d’une nouvelle Fondation pilotée par des personnalités reconnues. Ayant  acquis sa personnalité juridique le 16 décembre 2024, elle est aux prémices de sa vie en tant qu’entité autonome. Elle a besoin d’aide pour grandir, évoluer et rayonner [&hellip;]</p>

<!-- This site is optimized with the Yoast SEO plugin v27.2 - https://yoast.com/product/yoast-seo-wordpress/ -->
<title>Objectifs - FRW</title>
<meta name="robots" content="index, follow, max-snippet:-1, max-image-preview:large, max-video-preview:-1" />
<link rel="canonical" href="https://web.umons.ac.be/frw/fr/objectifs-2/" />
<meta property="og:locale" content="fr_FR" />
<meta property="og:type" content="article" />
<meta property="og:title" content="Objectifs - FRW" />
<meta property="og:description" content="Une fondation pour « booster » la recherche médicale C’est pour relever ce défi sanitaire public que l’UMONS s’est dotée d’une nouvelle Fondation pilotée par des personnalités reconnues. Ayant  acquis sa personnalité juridique le 16 décembre 2024, elle est aux prémices de sa vie en tant qu’entité autonome. Elle a besoin d’aide pour grandir, évoluer et rayonner [&hellip;]" />
<meta property="og:url" content="https://web.umons.ac.be/frw/fr/objectifs-2/" />
<meta property="og:site_name" content="FRW" />
<meta property="article:publisher" content="https://www.facebook.com/FRMH.UMONS/" />
<meta property="article:modified_time" content="2025-10-15T14:35:53+00:00" />
<meta property="og:image" content="https://web.umons.ac.be/app/uploads/sites/44/2022/09/dna-1811955_1920.jpg" />
	<meta property="og:image:width" content="1920" />
	<meta property="og:image:height" content="960" />
	<meta property="og:image:type" content="image/jpeg" />
<meta name="twitter:card" content="summary_large_image" />
<meta name="twitter:label1" content="Durée de lecture estimée" />
	<meta name="twitter:data1" content="2 minutes" />
<script type="application/ld+json" class="yoast-schema-graph">{"@context":"https://schema.org","@graph":[{"@type":"WebPage","@id":"https://web.umons.ac.be/frw/fr/objectifs-2/","url":"https://web.umons.ac.be/frw/fr/objectifs-2/","name":"Objectifs - FRW","isPartOf":{"@id":"https://web.umons.ac.be/frw/#website"},"primaryImageOfPage":{"@id":"https://web.umons.ac.be/frw/fr/objectifs-2/#primaryimage"},"image":{"@id":"https://web.umons.ac.be/frw/fr/objectifs-2/#primaryimage"},"thumbnailUrl":"https://web.umons.ac.be/app/uploads/sites/44/2022/09/dna-1811955_1920.jpg","datePublished":"2022-09-23T07:15:16+00:00","dateModified":"2025-10-15T14:35:53+00:00","breadcrumb":{"@id":"https://web.umons.ac.be/frw/fr/objectifs-2/#breadcrumb"},"inLanguage":"fr-FR","potentialAction":[{"@type":"ReadAction","target":["https://web.umons.ac.be/frw/fr/objectifs-2/"]}]},{"@type":"ImageObject","inLanguage":"fr-FR","@id":"https://web.umons.ac.be/frw/fr/objectifs-2/#primaryimage","url":"https://web.umons.ac.be/app/uploads/sites/44/2022/09/dna-1811955_1920.jpg","contentUrl":"https://web.umons.ac.be/app/uploads/sites/44/2022/09/dna-1811955_1920.jpg","width":1920,"height":960},{"@type":"BreadcrumbList","@id":"https://web.umons.ac.be/frw/fr/objectifs-2/#breadcrumb","itemListElement":[{"@type":"ListItem","position":1,"name":"Accueil","item":"https://web.umons.ac.be/frw/fr/"},{"@type":"ListItem","position":2,"name":"Objectifs"}]},{"@type":"WebSite","@id":"https://web.umons.ac.be/frw/#website","url":"https://web.umons.ac.be/frw/","name":"FRW","description":"Fondation Raoul Warocqué","publisher":{"@id":"https://web.umons.ac.be/frw/#organization"},"potentialAction":[{"@type":"SearchAction","target":{"@type":"EntryPoint","urlTemplate":"https://web.umons.ac.be/frw/?s={search_term_string}"},"query-input":{"@type":"PropertyValueSpecification","valueRequired":true,"valueName":"search_term_string"}}],"inLanguage":"fr-FR"},{"@type":"Organization","@id":"https://web.umons.ac.be/frw/#organization","name":"Fondation Raoul Warocqué","url":"https://web.umons.ac.be/frw/","logo":{"@type":"ImageObject","inLanguage":"fr-FR","@id":"https://web.umons.ac.be/frw/#/schema/logo/image/","url":"https://web.umons.ac.be/app/uploads/sites/44/2023/09/FRW-logo-transparent-1.png","contentUrl":"https://web.umons.ac.be/app/uploads/sites/44/2023/09/FRW-logo-transparent-1.png","width":500,"height":500,"caption":"Fondation Raoul Warocqué"},"image":{"@id":"https://web.umons.ac.be/frw/#/schema/logo/image/"},"sameAs":["https://www.facebook.com/FRMH.UMONS/","https://www.linkedin.com/company/frw-umons/"]}]}</script>
<!-- / Yoast SEO plugin. -->

Une fondation pour « booster » la recherche médicale C’est pour relever ce défi sanitaire public que l’UMONS s’est dotée d’une nouvelle Fondation pilotée par des personnalités reconnues. Ayant  acquis sa personnalité juridique le 16 décembre 2024, elle est aux prémices de sa vie en tant qu’entité autonome. Elle a besoin d’aide pour grandir, évoluer et rayonner [&hellip;]

Fondation Raoul Warocqué
