{"id":71,"date":"2024-04-22T12:25:12","date_gmt":"2024-04-22T10:25:12","guid":{"rendered":"https:\/\/web.umons.ac.be\/fs-informatique\/?page_id=71"},"modified":"2024-06-21T07:55:25","modified_gmt":"2024-06-21T05:55:25","slug":"enseignement","status":"publish","type":"page","link":"https:\/\/web.umons.ac.be\/fs-informatique\/enseignement\/","title":{"rendered":"Enseignement"},"content":{"rendered":"<h2 class=\"wp-block-heading\">Enseignement en Sciences Informatiques<\/h2>\n<h3 class=\"wp-block-heading\">Le Master<\/h3>\n<p>Le dipl\u00f4me de Master en Sciences Informatiques s\u2019obtient apr\u00e8s cinq ann\u00e9es d\u2019\u00e9tudes,\u00a0comptant chacune pour 60 cr\u00e9dits. Le premier cycle de trois ann\u00e9es \u2013 dites de\u00a0Bachelier \u2013 assure aux \u00e9tudiants une solide formation pr\u00e9paratoire aux deux derni\u00e8res ann\u00e9es \u2013 le cycle de Master.\u00a0Pendant le\u00a0<a href=\"http:\/\/webcontent.umons.ac.be\/web\/fr\/pde\/2024-2025\/cursus\/BSI1.htm\">premier cycle<\/a>, tous les concepts fondamentaux d\u00e9velopp\u00e9s sont compl\u00e9t\u00e9s par de nombreux exercices et travaux pratiques.<\/p>\n<p>Les deux ann\u00e9es de Master proposent ensuite le choix entre la finalit\u00e9\u00a0<a href=\"http:\/\/webcontent.umons.ac.be\/web\/fr\/pde\/2024-2025\/cursus\/MIF1_S197.htm\">approfondie<\/a>, qui pr\u00e9pare \u00e0 la recherche scientifique et au doctorat, la finalit\u00e9\u00a0<a href=\"http:\/\/webcontent.umons.ac.be\/web\/fr\/pde\/2024-2025\/cursus\/MIF1_S198.htm\">sp\u00e9cialis\u00e9e<\/a>\u00a0qui pr\u00e9pare \u00e0 un m\u00e9tier en entreprise et la finalit\u00e9\u00a0<a href=\"http:\/\/webcontent.umons.ac.be\/web\/fr\/pde\/2024-2025\/cursus\/MIF1_S283.htm\">sp\u00e9cialis\u00e9e en \u00ab\u00a0artificial intelligence and data analytics\u00a0\u00bb<\/a>\u00a0 qui propose une formation pouss\u00e9e en intelligence artificielle et en big data.<\/p>\n<p>Pendant les deux ann\u00e9es de Master, les \u00e9tudiants ont la possibilit\u00e9 de choisir plus de 60 cr\u00e9dits de cours \u00e0 option parmi les th\u00e9matiques suivantes :<\/p>\n<ul>\n<li>Data science and artificial intelligence<\/li>\n<li>Computer networks and security<\/li>\n<li>Software development<\/li>\n<li>Multimedia signal processing<\/li>\n<li>Optimization and decision support<\/li>\n<li>Numerical and statistical analysis<\/li>\n<li>Theoretical computer science<\/li>\n<li>Entrepreneurship and creative technologies<\/li>\n<li>Sciences and society<\/li>\n<li>Foreign languages<\/li>\n<\/ul>\n<p>Outre ces cours de sp\u00e9cialisation, le Master inclut des stages en entreprise ou de recherche \u00e0 l\u2019ext\u00e9rieur de l\u2019Universit\u00e9, ainsi qu\u2019un projet personnel et un m\u00e9moire de fin d\u2019\u00e9tudes \u00e0 pr\u00e9senter devant un jury.<\/p>\n<p>Le Master \u00e0 finalit\u00e9 sp\u00e9cialis\u00e9e\u00a0en \u00ab\u00a0artificial intelligence and data analytics\u00a0\u00bb offre plusieurs cours, un stage en entreprise et des travaux personnels dans le domaine de l\u2019intelligence artificielle et du big data.<\/p>\n<p>Il est \u00e9galement possible d\u2019effectuer un\u00a0<a href=\"http:\/\/webcontent.umons.ac.be\/web\/fr\/pde\/2024-2025\/cursus\/MSI1.htm\">Master court<\/a>, compos\u00e9 d\u2019une seule ann\u00e9e d\u2019\u00e9tudes.<\/p>\n<h2 class=\"wp-block-heading\">Les passerelles vers le Master<\/h2>\n<p>Pour des personnes ayant d\u00e9j\u00e0 un premier dipl\u00f4me li\u00e9 \u00e0 l\u2019informatique ou poss\u00e9dant une certaine exp\u00e9rience en informatique, l\u2019arr\u00eat\u00e9 \u00ab\u00a0Passerelles\u00a0\u00bb et le d\u00e9cret \u00ab\u00a0Paysage\u00a0\u00bb offrent sous certaines conditions, la possibilit\u00e9 d\u2019effectuer une passerelle vers le Master en Sciences Informatiques. Cette passerelle est organis\u00e9e en cours du jour \u00e0 Mons, et \u00e0\u00a0<a href=\"https:\/\/web.umons.ac.be\/charleroi\/\">horaire d\u00e9cal\u00e9 \u00e0 Charleroi<\/a>.<\/p>\n<p>En cours du jour, l\u2019acc\u00e8s est possible vers le Master court en un an (60 cr\u00e9dits), ou vers le Master en deux ans (120 cr\u00e9dits). Des\u00a0unit\u00e9s d\u2019enseignement suppl\u00e9mentaires peuvent \u00eatre impos\u00e9es.<\/p>\n<p>L\u2019acc\u00e8s est \u00e9galement possible \u00e0 horaire d\u00e9cal\u00e9 \u00e0 Charleroi, vers un\u00a0<a href=\"http:\/\/webcontent.umons.ac.be\/web\/fr\/pde\/2024-2025\/cursus\/MIT1.htm\">Master court en un an<\/a>\u00a0(60 cr\u00e9dits) ainsi que vers un\u00a0<a href=\"http:\/\/webcontent.umons.ac.be\/web\/fr\/pde\/2024-2025\/cursus\/MIQ1_S222.htm\">Master en alternance en deux ans<\/a>\u00a0(120 cr\u00e9dits). Ces deux masters sont organis\u00e9s\u00a0en collaboration avec l\u2019ULB. Des unit\u00e9s d\u2019enseignement suppl\u00e9mentaires peuvent \u00eatre impos\u00e9es.<\/p>\n<p>Dans le cadre du Master en alternance, l\u2019\u00e9tudiant est form\u00e9 en immersion en entreprise pendant la journ\u00e9e (deux stages r\u00e9mun\u00e9r\u00e9s de 30 cr\u00e9dits chacun). Pour un \u00e9tudiant qui travaille d\u00e9j\u00e0, l\u2019immersion est envisageable dans son entreprise.<\/p>\n<p>Les\u00a0<a href=\"https:\/\/web.umons.ac.be\/fr\/enseignement\/formation-continue\/portes-dentree\/\">conditions d\u2019admission<\/a>\u00a0autorisent l\u2019acc\u00e8s \u00e0 la passerelle sur base de certains dipl\u00f4mes sup\u00e9rieurs non universitaires li\u00e9s \u00e0 l\u2019informatique ou sur base d\u2019une exp\u00e9rience professionnelle suffisante en informatique. Elles sont identiques pour l\u2019acc\u00e8s en cours du jour ou \u00e0 horaire d\u00e9cal\u00e9.<\/p>\n<h3 class=\"wp-block-heading\">Les \u00e9tudes doctorales<\/h3>\n<p>Des cours de troisi\u00e8me cycle sont propos\u00e9s aux \u00e9tudiants doctorants, dans le cadre de l\u2019\u00e9cole doctorale interuniversitaire\u00a0<a href=\"http:\/\/www.grascomp.be\/\">Graduate School in Computing Science (GRASCOMP)<\/a><\/p>\n<figure class=\"wp-block-image size-full\"><img loading=\"lazy\" decoding=\"async\" class=\"wp-image-135\" src=\"https:\/\/informatique-umons.be\/wp-content\/uploads\/2023\/12\/grascomp.jpg\" alt=\"\" width=\"100\" height=\"50\" \/><\/figure>\n<h3 class=\"wp-block-heading\">Les \u00e9tudiants \u00e9trangers et ERASMUS<\/h3>\n<p>L\u2019UMONS favorise l\u2019accueil d\u2019\u00e9tudiants \u00e9trangers dans ses murs. Elle favorise aussi la mobilit\u00e9 de ses propres \u00e9tudiants notamment au travers de programmes ERASMUS.<\/p>\n<p>Contact :\u00a0<a href=\"https:\/\/web.umons.ac.be\/fr\/nos-missions\/international\/\">Service des Relations Internationales<\/a>\u00a0pour vous aider \u00e0 pr\u00e9parer votre dossier.<\/p>\n<h3 class=\"wp-block-heading\">Formation continue<\/h3>\n<p>En plus du Master en Sciences Informatiques \u00e0 horaire d\u00e9cal\u00e9, l\u2019UMONS propose d\u2019autres\u00a0<a href=\"https:\/\/web.umons.ac.be\/fr\/enseignement\/formation-continue\/\">formations continues<\/a>\u00a0aux adultes en reprise d\u2019\u00e9tudes.<\/p>\n<p>Les\u00a0certificats sont des formations compl\u00e9mentaires destin\u00e9s \u00e0 ceux qui veulent se perfectionner dans certains domaines. Trois certificats sont propos\u00e9s:<\/p>\n<ul>\n<li><a href=\"https:\/\/web.umons.ac.be\/fs\/fr\/formations\/introduction-aux-systemes-logiciels\/\">Introduction aux syst\u00e8mes logiciels (Charleroi \u2013 horaire d\u00e9cal\u00e9)<\/a><\/li>\n<li><a href=\"https:\/\/web.umons.ac.be\/fs\/fr\/formations\/aspects-avances-des-systemes-logiciels-hd\/\">Aspects avanc\u00e9s des syst\u00e8mes logiciels (Charleroi \u2013 horaire d\u00e9cal\u00e9)<\/a><\/li>\n<li><a href=\"https:\/\/web.umons.ac.be\/fpms\/fr\/formations\/intelligence-artificielle-hands-on-ai\/\">Intelligence Artificielle (Mons \u2013 horaire d\u00e9cal\u00e9)<\/a><\/li>\n<\/ul>\n<p>L\u2019UMONS pr\u00e9voit \u00e9galement la possibilit\u00e9 de s\u2019inscrire \u00e0 des\u00a0<a href=\"https:\/\/web.umons.ac.be\/fr\/enseignement\/formation-continue\/loffre-de-formation\/cours-isoles\/\">cours isol\u00e9s<\/a>\u00a0ou d\u2019assister \u00e0 certains de ses enseignements en tant qu\u2019\u00a0<a href=\"https:\/\/web.umons.ac.be\/fr\/enseignement\/sinscrire\/inscription\/cas-particuliers\/\">auditeur libre.<\/a><\/p>\n<hr class=\"wp-block-separator has-alpha-channel-opacity\" \/>\n<h3 class=\"wp-block-heading\">Liens utiles<\/h3>\n<ul>\n<li><a href=\"https:\/\/web.umons.ac.be\/fr\/nos-missions\/enseignement\/\">Informations g\u00e9n\u00e9rales sur l\u2019enseignement<\/a><\/li>\n<li>Notre\u00a0<a href=\"https:\/\/informatique.umons.ac.be\/index.php?p=paysage\">programme d\u2019\u00e9tudes<\/a><\/li>\n<li>Le\u00a0<a href=\"https:\/\/web.umons.ac.be\/fr\/formations\/\">programme d\u00e9taill\u00e9 des formations de l\u2019UMONS<\/a><\/li>\n<li>Nos cours sur la\u00a0<a href=\"https:\/\/moodle.umons.ac.be\/course\/index.php?categoryid=86\">plateforme e-learning Moodle<\/a><\/li>\n<li><a href=\"https:\/\/web.umons.ac.be\/fr\/vous-etes\/futur-etudiant\/\">Information pour futurs \u00e9tudiants<\/a><\/li>\n<li><a href=\"https:\/\/web.umons.ac.be\/fr\/enseignement\/reglements\/\">Le r\u00e8glement des \u00e9tudes<\/a><\/li>\n<li><a href=\"https:\/\/web.umons.ac.be\/fr\/rdv-rhetos\/\">Les journ\u00e9es portes ouvertes<\/a><\/li>\n<\/ul>\n","protected":false},"excerpt":{"rendered":"<p>Enseignement en Sciences Informatiques Le Master Le dipl\u00f4me de Master en Sciences Informatiques s\u2019obtient apr\u00e8s cinq ann\u00e9es d\u2019\u00e9tudes,\u00a0comptant chacune pour 60 cr\u00e9dits. Le premier cycle de trois ann\u00e9es \u2013 dites de\u00a0Bachelier \u2013 assure aux \u00e9tudiants une solide formation pr\u00e9paratoire aux deux derni\u00e8res ann\u00e9es \u2013 le cycle de Master.\u00a0Pendant le\u00a0premier cycle, tous les concepts fondamentaux d\u00e9velopp\u00e9s [&hellip;]<\/p>\n","protected":false},"author":2,"featured_media":0,"parent":0,"menu_order":5,"comment_status":"closed","ping_status":"closed","template":"","meta":{"footnotes":""},"class_list":["post-71","page","type-page","status-publish","hentry"],"yoast_head":"<!-- This site is optimized with the Yoast SEO plugin v27.2 - https:\/\/yoast.com\/product\/yoast-seo-wordpress\/ -->\n<title>Enseignement - FS - D\u00e9partement d&#039;Informatique<\/title>\n<meta name=\"robots\" content=\"index, follow, max-snippet:-1, max-image-preview:large, max-video-preview:-1\" \/>\n<link rel=\"canonical\" href=\"https:\/\/web.umons.ac.be\/fs-informatique\/enseignement\/\" \/>\n<meta property=\"og:locale\" content=\"fr_FR\" \/>\n<meta property=\"og:type\" content=\"article\" \/>\n<meta property=\"og:title\" content=\"Enseignement - FS - D\u00e9partement d&#039;Informatique\" \/>\n<meta property=\"og:description\" content=\"Enseignement en Sciences Informatiques Le Master Le dipl\u00f4me de Master en Sciences Informatiques s\u2019obtient apr\u00e8s cinq ann\u00e9es d\u2019\u00e9tudes,\u00a0comptant chacune pour 60 cr\u00e9dits. Le premier cycle de trois ann\u00e9es \u2013 dites de\u00a0Bachelier \u2013 assure aux \u00e9tudiants une solide formation pr\u00e9paratoire aux deux derni\u00e8res ann\u00e9es \u2013 le cycle de Master.\u00a0Pendant le\u00a0premier cycle, tous les concepts fondamentaux d\u00e9velopp\u00e9s [&hellip;]\" \/>\n<meta property=\"og:url\" content=\"https:\/\/web.umons.ac.be\/fs-informatique\/enseignement\/\" \/>\n<meta property=\"og:site_name\" content=\"FS - D\u00e9partement d&#039;Informatique\" \/>\n<meta property=\"article:modified_time\" content=\"2024-06-21T05:55:25+00:00\" \/>\n<meta property=\"og:image\" content=\"https:\/\/informatique-umons.be\/wp-content\/uploads\/2023\/12\/grascomp.jpg\" \/>\n<meta name=\"twitter:card\" content=\"summary_large_image\" \/>\n<meta name=\"twitter:label1\" content=\"Dur\u00e9e de lecture estim\u00e9e\" \/>\n\t<meta name=\"twitter:data1\" content=\"4 minutes\" \/>\n<script type=\"application\/ld+json\" class=\"yoast-schema-graph\">{\"@context\":\"https:\/\/schema.org\",\"@graph\":[{\"@type\":\"WebPage\",\"@id\":\"https:\/\/web.umons.ac.be\/fs-informatique\/enseignement\/\",\"url\":\"https:\/\/web.umons.ac.be\/fs-informatique\/enseignement\/\",\"name\":\"Enseignement - FS - D\u00e9partement d&#039;Informatique\",\"isPartOf\":{\"@id\":\"https:\/\/web.umons.ac.be\/fs-informatique\/#website\"},\"primaryImageOfPage\":{\"@id\":\"https:\/\/web.umons.ac.be\/fs-informatique\/enseignement\/#primaryimage\"},\"image\":{\"@id\":\"https:\/\/web.umons.ac.be\/fs-informatique\/enseignement\/#primaryimage\"},\"thumbnailUrl\":\"https:\/\/informatique-umons.be\/wp-content\/uploads\/2023\/12\/grascomp.jpg\",\"datePublished\":\"2024-04-22T10:25:12+00:00\",\"dateModified\":\"2024-06-21T05:55:25+00:00\",\"breadcrumb\":{\"@id\":\"https:\/\/web.umons.ac.be\/fs-informatique\/enseignement\/#breadcrumb\"},\"inLanguage\":\"fr-FR\",\"potentialAction\":[{\"@type\":\"ReadAction\",\"target\":[\"https:\/\/web.umons.ac.be\/fs-informatique\/enseignement\/\"]}]},{\"@type\":\"ImageObject\",\"inLanguage\":\"fr-FR\",\"@id\":\"https:\/\/web.umons.ac.be\/fs-informatique\/enseignement\/#primaryimage\",\"url\":\"https:\/\/informatique-umons.be\/wp-content\/uploads\/2023\/12\/grascomp.jpg\",\"contentUrl\":\"https:\/\/informatique-umons.be\/wp-content\/uploads\/2023\/12\/grascomp.jpg\"},{\"@type\":\"BreadcrumbList\",\"@id\":\"https:\/\/web.umons.ac.be\/fs-informatique\/enseignement\/#breadcrumb\",\"itemListElement\":[{\"@type\":\"ListItem\",\"position\":1,\"name\":\"Accueil\",\"item\":\"https:\/\/web.umons.ac.be\/fs-informatique\/\"},{\"@type\":\"ListItem\",\"position\":2,\"name\":\"Enseignement\"}]},{\"@type\":\"WebSite\",\"@id\":\"https:\/\/web.umons.ac.be\/fs-informatique\/#website\",\"url\":\"https:\/\/web.umons.ac.be\/fs-informatique\/\",\"name\":\"FS - D\u00e9partement d&#039;Informatique\",\"description\":\"\",\"potentialAction\":[{\"@type\":\"SearchAction\",\"target\":{\"@type\":\"EntryPoint\",\"urlTemplate\":\"https:\/\/web.umons.ac.be\/fs-informatique\/?s={search_term_string}\"},\"query-input\":{\"@type\":\"PropertyValueSpecification\",\"valueRequired\":true,\"valueName\":\"search_term_string\"}}],\"inLanguage\":\"fr-FR\"}]}<\/script>\n<!-- \/ Yoast SEO plugin. -->","yoast_head_json":{"title":"Enseignement - FS - D\u00e9partement d&#039;Informatique","robots":{"index":"index","follow":"follow","max-snippet":"max-snippet:-1","max-image-preview":"max-image-preview:large","max-video-preview":"max-video-preview:-1"},"canonical":"https:\/\/web.umons.ac.be\/fs-informatique\/enseignement\/","og_locale":"fr_FR","og_type":"article","og_title":"Enseignement - FS - D\u00e9partement d&#039;Informatique","og_description":"Enseignement en Sciences Informatiques Le Master Le dipl\u00f4me de Master en Sciences Informatiques s\u2019obtient apr\u00e8s cinq ann\u00e9es d\u2019\u00e9tudes,\u00a0comptant chacune pour 60 cr\u00e9dits. Le premier cycle de trois ann\u00e9es \u2013 dites de\u00a0Bachelier \u2013 assure aux \u00e9tudiants une solide formation pr\u00e9paratoire aux deux derni\u00e8res ann\u00e9es \u2013 le cycle de Master.\u00a0Pendant le\u00a0premier cycle, tous les concepts fondamentaux d\u00e9velopp\u00e9s [&hellip;]","og_url":"https:\/\/web.umons.ac.be\/fs-informatique\/enseignement\/","og_site_name":"FS - D\u00e9partement d&#039;Informatique","article_modified_time":"2024-06-21T05:55:25+00:00","og_image":[{"url":"https:\/\/informatique-umons.be\/wp-content\/uploads\/2023\/12\/grascomp.jpg","type":"","width":"","height":""}],"twitter_card":"summary_large_image","twitter_misc":{"Dur\u00e9e de lecture estim\u00e9e":"4 minutes"},"schema":{"@context":"https:\/\/schema.org","@graph":[{"@type":"WebPage","@id":"https:\/\/web.umons.ac.be\/fs-informatique\/enseignement\/","url":"https:\/\/web.umons.ac.be\/fs-informatique\/enseignement\/","name":"Enseignement - FS - D\u00e9partement d&#039;Informatique","isPartOf":{"@id":"https:\/\/web.umons.ac.be\/fs-informatique\/#website"},"primaryImageOfPage":{"@id":"https:\/\/web.umons.ac.be\/fs-informatique\/enseignement\/#primaryimage"},"image":{"@id":"https:\/\/web.umons.ac.be\/fs-informatique\/enseignement\/#primaryimage"},"thumbnailUrl":"https:\/\/informatique-umons.be\/wp-content\/uploads\/2023\/12\/grascomp.jpg","datePublished":"2024-04-22T10:25:12+00:00","dateModified":"2024-06-21T05:55:25+00:00","breadcrumb":{"@id":"https:\/\/web.umons.ac.be\/fs-informatique\/enseignement\/#breadcrumb"},"inLanguage":"fr-FR","potentialAction":[{"@type":"ReadAction","target":["https:\/\/web.umons.ac.be\/fs-informatique\/enseignement\/"]}]},{"@type":"ImageObject","inLanguage":"fr-FR","@id":"https:\/\/web.umons.ac.be\/fs-informatique\/enseignement\/#primaryimage","url":"https:\/\/informatique-umons.be\/wp-content\/uploads\/2023\/12\/grascomp.jpg","contentUrl":"https:\/\/informatique-umons.be\/wp-content\/uploads\/2023\/12\/grascomp.jpg"},{"@type":"BreadcrumbList","@id":"https:\/\/web.umons.ac.be\/fs-informatique\/enseignement\/#breadcrumb","itemListElement":[{"@type":"ListItem","position":1,"name":"Accueil","item":"https:\/\/web.umons.ac.be\/fs-informatique\/"},{"@type":"ListItem","position":2,"name":"Enseignement"}]},{"@type":"WebSite","@id":"https:\/\/web.umons.ac.be\/fs-informatique\/#website","url":"https:\/\/web.umons.ac.be\/fs-informatique\/","name":"FS - D\u00e9partement d&#039;Informatique","description":"","potentialAction":[{"@type":"SearchAction","target":{"@type":"EntryPoint","urlTemplate":"https:\/\/web.umons.ac.be\/fs-informatique\/?s={search_term_string}"},"query-input":{"@type":"PropertyValueSpecification","valueRequired":true,"valueName":"search_term_string"}}],"inLanguage":"fr-FR"}]}},"lang":"fr","translations":{"fr":71},"pll_sync_post":[],"_links":{"self":[{"href":"https:\/\/web.umons.ac.be\/fs-informatique\/wp-json\/wp\/v2\/pages\/71","targetHints":{"allow":["GET"]}}],"collection":[{"href":"https:\/\/web.umons.ac.be\/fs-informatique\/wp-json\/wp\/v2\/pages"}],"about":[{"href":"https:\/\/web.umons.ac.be\/fs-informatique\/wp-json\/wp\/v2\/types\/page"}],"author":[{"embeddable":true,"href":"https:\/\/web.umons.ac.be\/fs-informatique\/wp-json\/wp\/v2\/users\/2"}],"replies":[{"embeddable":true,"href":"https:\/\/web.umons.ac.be\/fs-informatique\/wp-json\/wp\/v2\/comments?post=71"}],"version-history":[{"count":3,"href":"https:\/\/web.umons.ac.be\/fs-informatique\/wp-json\/wp\/v2\/pages\/71\/revisions"}],"predecessor-version":[{"id":163,"href":"https:\/\/web.umons.ac.be\/fs-informatique\/wp-json\/wp\/v2\/pages\/71\/revisions\/163"}],"wp:attachment":[{"href":"https:\/\/web.umons.ac.be\/fs-informatique\/wp-json\/wp\/v2\/media?parent=71"}],"curies":[{"name":"wp","href":"https:\/\/api.w.org\/{rel}","templated":true}]}}