{"id":23,"date":"2024-05-17T09:46:19","date_gmt":"2024-05-17T07:46:19","guid":{"rendered":"https:\/\/web.umons.ac.be\/fs-mathematique\/?page_id=23"},"modified":"2024-08-02T16:59:42","modified_gmt":"2024-08-02T14:59:42","slug":"enseignement","status":"publish","type":"page","link":"https:\/\/web.umons.ac.be\/fs-mathematique\/enseignement\/","title":{"rendered":"Enseignement"},"content":{"rendered":"<h2>\u00c9tudier les Maths \u00e0 Mons<\/h2>\n<p>&nbsp;<\/p>\n<h2 style=\"text-align: center;\"><em><span style=\"font-size: 10pt;\">\u00ab\u00a0On utilise chaque jour les math\u00e9matiques pour pr\u00e9dire le temps qu&rsquo;il fera, savoir l&rsquo;heure qu&rsquo;il est, pour g\u00e9rer l&rsquo;argent. Les maths c&rsquo;est bien plus que des formules, des \u00e9quations. C&rsquo;est de la logique, c&rsquo;est de la rationalit\u00e9, c&rsquo;est se servir de son esprit pour r\u00e9soudre les plus grands myst\u00e8res qui soient.\u00a0\u00bb<\/span><\/em><\/h2>\n<p style=\"text-align: center;\"><span style=\"color: #000000;\"><strong><span style=\"font-family: book antiqua, palatino, serif;\"><em><span style=\"font-size: 10pt;\">Charles \u00ab\u00a0Charlie\u00a0\u00bb Eppes<\/span><\/em><\/span><\/strong><\/span><\/p>\n<p>La citation ci-dessus, issue du g\u00e9n\u00e9rique de la s\u00e9rie TV Numb3rs, est bien plus proche de la r\u00e9alit\u00e9 qu&rsquo;on ne l&rsquo;imagine. En effet, peu de nos jeunes dipl\u00f4m\u00e9s en\u00adsei\u00adgnent. Que font les autres? Du trai\u00adte\u00adment de donn\u00e9es dans les com\u00adpa\u00adgnies d&rsquo;as\u00adsu\u00adran\u00adces au d\u00e9\u00adve\u00adlop\u00adpe\u00adment des r\u00e9seaux in\u00adfor\u00adma\u00adti\u00adques, en passant par la gestion des ordres d&rsquo;atterrissage et de d\u00e9collage des avions, tout cela est du ressort des math\u00e9\u00adma\u00adti\u00adciens! (La brochure \u00ab\u00a0<a href=\"https:\/\/smf.emath.fr\/smf-dossiers-et-ressources\/mathematiques-lexplosion-continue-presentation-brochure\" target=\"_blank\" rel=\"noopener\">L&rsquo;explosion des math\u00e9matiques<\/a>\u00a0\u00bb de la soci\u00e9t\u00e9 ma\u00adth\u00e9\u00adma\u00adti\u00adque de France donne de nom\u00adbreux exem\u00adples.) Dans le but d&rsquo;offrir un \u00e9ventail de d\u00e9bouch\u00e9s en ad\u00e9quation avec le monde r\u00e9el, le D\u00e9partement offre une formation d&rsquo;ex\u00adcel\u00adlen\u00adce en\u00a0ma\u00adth\u00e9\u00adma\u00adti\u00adque,\u00a0in\u00adfor\u00adma\u00adti\u00adque\u00a0et\u00a0ma\u00adth\u00e9\u00adma\u00adti\u00adques pour la finance. Tout au long de vos \u00e9tudes, vous serez soutenus et guid\u00e9s par une \u00e9quipe de chercheurs passionn\u00e9s, reconnus in\u00adter\u00adna\u00adtio\u00adna\u00adle\u00adment, et qui ont une r\u00e9elle pr\u00e9oc\u00adcu\u00adpa\u00adtion p\u00e9dagogique. La qualit\u00e9 du dipl\u00f4me que vous obtiendrez est tr\u00e8s appr\u00e9ci\u00e9e tant par le secteur public que priv\u00e9.<\/p>\n<p>Le D\u00e9partement propose trois cycles d&rsquo;enseignement.<\/p>\n<ul>\n<li>Vous acquerrez, lors de votre formation conduisant au\u00a0<a href=\"https:\/\/web.umons.ac.be\/fs-mathematique\/enseignement\/1er-cycle-bachelier-en-sciences-mathematiques\/\">grade de bachelier<\/a>, des ba\u00adses so\u00adli\u00addes dans les domaines fon\u00adda\u00adteurs des math\u00e9matiques modernes, por\u00adteurs d&rsquo;id\u00e9es que l&rsquo;on retrouve dans toutes les branches. De plus, vous choi\u00adsi\u00adrez une discipline annexe parmi la physique, l&rsquo;in\u00adfor\u00adma\u00adti\u00adque, ou les pro\u00adba\u00adbi\u00adli\u00adt\u00e9s ap\u00adpli\u00adqu\u00e9es.\u00a0 Par ailleurs, un dispositif ambitieux d&rsquo;<a href=\"https:\/\/web.umons.ac.be\/fs-mathematique\/enseignement\/aide-a-la-reussite\/\">aide \u00e0 la r\u00e9ussite<\/a> \u00e0 \u00e9t\u00e9 mis en place depuis plusieurs ann\u00e9es au sein du d\u00e9partement afin faciliter la transition secondaire-sup\u00e9rieur.<\/li>\n<li>Lors du second cycle menant au\u00a0<a href=\"https:\/\/web.umons.ac.be\/fs-mathematique\/enseignement\/2eme-cycle-master\/\">grade de Master,<\/a> les acquis des trois premi\u00e8res ann\u00e9es vous permettront d&rsquo;approfondir vos connaissances dans la sp\u00e9cialit\u00e9 que vous aurez choisie et de vous initier aux math\u00e9matiques contemporaines. Avec les conseils des membres du D\u00e9partement, vous construirez votre programme en ad\u00e9quation avec vos int\u00e9r\u00eats et\/ou vos objectifs professionnels. Un stage vous permettra d&rsquo;avoir une premi\u00e8re exp\u00e9rience dans le monde du travail.<\/li>\n<li>Vous pourrez enfin poursuivre une th\u00e8se de\u00a0<a href=\"https:\/\/web.umons.ac.be\/fs-mathematique\/enseignement\/3eme-cycle-doctorat\/\">doctorat<\/a>\u00a0dans l&rsquo;une des nos\u00a0<a href=\"https:\/\/web.umons.ac.be\/fs-mathematique\/activites-de-recherche\/\">\u00e9quipes de recherche<\/a>.<\/li>\n<\/ul>\n<p>Notez que pour les \u00e9tudiants \u00e0 besoins sp\u00e9cifiques (sportifs, artistes, ou personnes atteintes d&rsquo;un handicap), l&rsquo;Universit\u00e9 de Mons offre des\u00a0<a href=\"https:\/\/web.umons.ac.be\/fr\/vie-campus\/etudiants-a-besoins-specifiques\/\">am\u00e9nagements<\/a>\u00a0pour rencontrer au mieux les exigences de leur situation.<\/p>\n<p>Si, apr\u00e8s vous consult\u00e9 les liens pr\u00e9c\u00e9dents, vous souhaitez plus d&rsquo;informations, n&rsquo;h\u00e9sitez pas \u00e0 <a href=\"mailto:math@umons.ac.be\">nous contacter<\/a> ou \u00e0\u00a0<a href=\"https:\/\/maps.app.goo.gl\/VB9e9bxbL7oYXuT28\">nous rencontrer.<\/a><\/p>\n<div id=\"maincol\">\n<div id=\"main\">\n<start-cask-shortcode-wrapper>\n<blockquote class=\"shortcode-testimonial scheme-fs\">\n    <div class=\"testimonial-quote\">\n        <div>Les maths me plaisaient bien \u00e0 l\u2019\u00e9cole secondaire. Je me suis donc inscrite en bachelier en sciences\r\nmath\u00e9matiques sans pr\u00e9cis\u00e9ment savoir vers quel m\u00e9tier j\u2019allais m\u2019orienter ensuite. Contrairement &hellip;<\/div>\n                <a href=\"#testimonial-modal-228\" class=\"button-secondary open-testimonial scheme-border scheme-color-hover-important\">\n            Poursuivre la lecture <span class=\"icon umons-icon-tail-right\" aria-hidden=\"true\"><\/span>\n        <\/a>\n            <\/div>\n    <div class=\"testimonial-author\">\n                <div class=\"testimonial-picture\">\n            <img decoding=\"async\" src=\"https:\/\/web.umons.ac.be\/app\/uploads\/sites\/210\/2024\/08\/VanilleZilmia-80x80.png\" alt=\"\" \/>\n        <\/div>\n                <div class=\"testimonial-text\">\n            <div class=\"testimonial-identity\">\n                <span class=\"testimonial-author-name\">Vanille Zilmia<\/span>\n                            <\/div>\n            <div class=\"testimonial-meta\">\n                                                <span class=\"testimonial-group\">\u00c9tudiante en troisi\u00e8me ann\u00e9e de bachelier en sciences math\u00e9matiques<\/span>\n                            <\/div>\n        <\/div>\n    <\/div>\n<\/blockquote>\n<div id=\"testimonial-modal-228\" class=\"testimonial-modal-wrap normal\" style=\"display: none;\">\n    <div class=\"shortcode-testimonial-modal\">\n        <blockquote class=\"shortcode-testimonial\">\n            <div class=\"testimonial-quote editor-front\">\n                                <blockquote class=\"highlighted-quote\">Contrairement \u00e0 l\u2019image qu\u2019on se fait parfois de l\u2019universit\u00e9 en tant qu\u2019\u00e9l\u00e8ve du secondaire, j\u2019ai trouv\u00e9 qu\u2019il \u00e9tait assez facile d\u2019aller poser des questions aux assistants et aux professeurs.<\/blockquote>\n                                                <div class=\"testimonial-full-quote\"><p>Les maths me plaisaient bien \u00e0 l\u2019\u00e9cole secondaire. Je me suis donc inscrite en bachelier en sciences<br \/>\nmath\u00e9matiques sans pr\u00e9cis\u00e9ment savoir vers quel m\u00e9tier j\u2019allais m\u2019orienter ensuite. Contrairement \u00e0<br \/>\nl\u2019image qu\u2019on se fait parfois de l\u2019universit\u00e9 en tant qu\u2019\u00e9l\u00e8ve du secondaire, j\u2019ai trouv\u00e9 qu\u2019il \u00e9tait<br \/>\nassez facile d\u2019aller poser des questions aux assistants et aux professeurs. La pr\u00e9sence des \u00e9l\u00e8ves-<br \/>\nassistants dans les cours de Math\u00e9matiques \u00c9l\u00e9mentaires et d\u2019Analyse facilite \u00e9galement la<br \/>\ntransition entre le secondaire et l\u2019universit\u00e9. Il est aussi agr\u00e9able de se retrouver entre \u00e9tudiants au<br \/>\n\u00ab salon bleu \u00bb (le local r\u00e9serv\u00e9 aux \u00e9tudiants au sein du d\u00e9partement de math\u00e9matique) pour<br \/>\ntravailler ensemble. D\u00e8s ma premi\u00e8re ann\u00e9e de bachelier, j\u2019ai pu int\u00e9grer le kot \u00e0 projet<br \/>\nCPUMONS. Nous nous y retrouvons entre passionn\u00e9s de programmation. Parmi nos diverses<br \/>\nactivit\u00e9s, nous avons notamment une \u00e9quipe participant \u00e0 des concours internationaux<br \/>\nd\u2019algorithmique tels que le BAPC et le NWERC. Plus g\u00e9n\u00e9ralement, j\u2019appr\u00e9cie beaucoup d\u2019\u00eatre en<br \/>\noption \u00ab math-info \u00bb : cela \u00e9largit mes perspectives d\u2019avenir. Par exemple, j\u2019aime beaucoup le cours<br \/>\nde fonctionnement des ordinateurs. C\u2019est super de pouvoir apprendre ce genre de domaines<br \/>\ntechniques tout en suivant une formation en math\u00e9matiques<\/p>\n<\/div>\n                            <\/div>\n            <div class=\"testimonial-author\">\n                                <div class=\"testimonial-picture\">\n                    <img decoding=\"async\" src=\"https:\/\/web.umons.ac.be\/app\/uploads\/sites\/210\/2024\/08\/VanilleZilmia-80x80.png\" alt=\"\" \/>\n                <\/div>\n                                <div class=\"testimonial-text\">\n                    <div class=\"testimonial-identity\">\n                        <span class=\"testimonial-author-name\">Vanille Zilmia<\/span>\n                                            <\/div>\n                    <div class=\"testimonial-meta\">\n                                                                        <span class=\"testimonial-group\">(\u00c9tudiante en troisi\u00e8me ann\u00e9e de bachelier en sciences math\u00e9matiques)<\/span>\n                                            <\/div>\n                <\/div>\n            <\/div>\n        <\/blockquote>\n    <\/div>\n<\/div>\n<end-cask-shortcode-wrapper>\n<\/div>\n<start-cask-shortcode-wrapper>\n<blockquote class=\"shortcode-testimonial scheme-fs\">\n    <div class=\"testimonial-quote\">\n        <div>\u00c0 l\u2019\u00e9cole secondaire, j\u2019appr\u00e9ciais beaucoup les maths. J\u2019ai eu l\u2019occasion de participer aux\r\nOlympiades de math et \u00e9galement au stage de recherche PROMYS. C\u2019est donc en passionn\u00e9 que\r\nj\u2019ai d\u00e9cid\u00e9 d\u2019en&hellip;<\/div>\n                <a href=\"#testimonial-modal-235\" class=\"button-secondary open-testimonial scheme-border scheme-color-hover-important\">\n            Poursuivre la lecture <span class=\"icon umons-icon-tail-right\" aria-hidden=\"true\"><\/span>\n        <\/a>\n            <\/div>\n    <div class=\"testimonial-author\">\n                <div class=\"testimonial-picture\">\n            <img decoding=\"async\" src=\"https:\/\/web.umons.ac.be\/app\/uploads\/sites\/210\/2024\/08\/CedricPilatte-80x80.png\" alt=\"\" \/>\n        <\/div>\n                <div class=\"testimonial-text\">\n            <div class=\"testimonial-identity\">\n                <span class=\"testimonial-author-name\">C\u00e9dric  Pilatte<\/span>\n                            <\/div>\n            <div class=\"testimonial-meta\">\n                                                <span class=\"testimonial-group\">Doctorant \u00e0 l'Universit\u00e9 d'Oxford<\/span>\n                            <\/div>\n        <\/div>\n    <\/div>\n<\/blockquote>\n<div id=\"testimonial-modal-235\" class=\"testimonial-modal-wrap normal\" style=\"display: none;\">\n    <div class=\"shortcode-testimonial-modal\">\n        <blockquote class=\"shortcode-testimonial\">\n            <div class=\"testimonial-quote editor-front\">\n                                <blockquote class=\"highlighted-quote\">Si c\u2019\u00e9tait \u00e0 refaire, je m\u2019inscrirais \u00e0 nouveau en bachelier \u00e0 l\u2019UMONS sans h\u00e9sitation !<\/blockquote>\n                                                <div class=\"testimonial-full-quote\"><p>\u00c0 l\u2019\u00e9cole secondaire, j\u2019appr\u00e9ciais beaucoup les maths. J\u2019ai eu l\u2019occasion de participer aux<br \/>\nOlympiades de math et \u00e9galement au stage de recherche PROMYS. C\u2019est donc en passionn\u00e9 que<br \/>\nj\u2019ai d\u00e9cid\u00e9 d\u2019entamer mes \u00e9tudes \u00e0 l\u2019UMONS.<br \/>\nJ\u2019ai beaucoup appr\u00e9ci\u00e9 le rythme des cours, o\u00f9 l\u2019accent est mis sur la compr\u00e9hension en profondeur<br \/>\ndes concepts. Il y avait une tr\u00e8s bonne ambiance au sein de notre classe : les \u00e9tudiants se<br \/>\nconnaissent et il est facile d\u2019\u00e9changer avec les professeurs.<br \/>\nD\u00e8s la fin de mon bachelier, j\u2019ai pu m\u2019initier \u00e0 la recherche. Les professeurs m\u2019ont apport\u00e9 leur<br \/>\nsoutien et leur encouragement dans ces d\u00e9marches.<br \/>\n\u00c9tant passionn\u00e9 de th\u00e9orie des nombres, il \u00e9tait important pour moi de pouvoir acc\u00e9der \u00e0 cette<br \/>\nth\u00e9matique de recherche. Les professeurs ont soutenu ma pr\u00e9paration afin de passer le concours<br \/>\nd\u2019entr\u00e9e de l\u2019\u00c9cole Normale Sup\u00e9rieure (Ulm) \u00e0 Paris, o\u00f9 j\u2019ai \u00e9t\u00e9 re\u00e7u dans la S\u00e9lection<br \/>\ninternationale. \u00c0 l\u2019heure actuelle, je suis doctorant \u00e0 l\u2019universit\u00e9 d\u2019Oxford sous la direction de<br \/>\nJames Maynard (m\u00e9daill\u00e9 Fields en 2022) et Ben Green. J\u2019y travaille sur des questions de th\u00e9orie<br \/>\ndes nombres, dont une application \u00e0 l\u2019informatique quantique, et de combinatoire additive. Si c\u2019\u00e9tait<br \/>\n\u00e0 refaire, je m\u2019inscrirais \u00e0 nouveau en bachelier \u00e0 l\u2019UMONS sans h\u00e9sitation !<\/p>\n<\/div>\n                            <\/div>\n            <div class=\"testimonial-author\">\n                                <div class=\"testimonial-picture\">\n                    <img decoding=\"async\" src=\"https:\/\/web.umons.ac.be\/app\/uploads\/sites\/210\/2024\/08\/CedricPilatte-80x80.png\" alt=\"\" \/>\n                <\/div>\n                                <div class=\"testimonial-text\">\n                    <div class=\"testimonial-identity\">\n                        <span class=\"testimonial-author-name\">C\u00e9dric  Pilatte<\/span>\n                                            <\/div>\n                    <div class=\"testimonial-meta\">\n                                                                        <span class=\"testimonial-group\">(Doctorant \u00e0 l'Universit\u00e9 d'Oxford)<\/span>\n                                            <\/div>\n                <\/div>\n            <\/div>\n        <\/blockquote>\n    <\/div>\n<\/div>\n<end-cask-shortcode-wrapper>\n<div id=\"main\">\n<p>&nbsp;<\/p>\n<\/div>\n<\/div>\n","protected":false},"excerpt":{"rendered":"<p>\u00c9tudier les Maths \u00e0 Mons &nbsp; \u00ab\u00a0On utilise chaque jour les math\u00e9matiques pour pr\u00e9dire le temps qu&rsquo;il fera, savoir l&rsquo;heure qu&rsquo;il est, pour g\u00e9rer l&rsquo;argent. Les maths c&rsquo;est bien plus que des formules, des \u00e9quations. C&rsquo;est de la logique, c&rsquo;est de la rationalit\u00e9, c&rsquo;est se servir de son esprit pour r\u00e9soudre les plus grands myst\u00e8res [&hellip;]<\/p>\n","protected":false},"author":2,"featured_media":0,"parent":0,"menu_order":0,"comment_status":"closed","ping_status":"closed","template":"","meta":{"footnotes":""},"class_list":["post-23","page","type-page","status-publish","hentry"],"yoast_head":"<!-- This site is optimized with the Yoast SEO plugin v27.2 - https:\/\/yoast.com\/product\/yoast-seo-wordpress\/ -->\n<title>Enseignement - FS - D\u00e9partement de math\u00e9matique<\/title>\n<meta name=\"robots\" content=\"index, follow, max-snippet:-1, max-image-preview:large, max-video-preview:-1\" \/>\n<link rel=\"canonical\" href=\"https:\/\/web.umons.ac.be\/fs-mathematique\/enseignement\/\" \/>\n<meta property=\"og:locale\" content=\"fr_FR\" \/>\n<meta property=\"og:type\" content=\"article\" \/>\n<meta property=\"og:title\" content=\"Enseignement - FS - D\u00e9partement de math\u00e9matique\" \/>\n<meta property=\"og:description\" content=\"\u00c9tudier les Maths \u00e0 Mons &nbsp; \u00ab\u00a0On utilise chaque jour les math\u00e9matiques pour pr\u00e9dire le temps qu&rsquo;il fera, savoir l&rsquo;heure qu&rsquo;il est, pour g\u00e9rer l&rsquo;argent. Les maths c&rsquo;est bien plus que des formules, des \u00e9quations. C&rsquo;est de la logique, c&rsquo;est de la rationalit\u00e9, c&rsquo;est se servir de son esprit pour r\u00e9soudre les plus grands myst\u00e8res [&hellip;]\" \/>\n<meta property=\"og:url\" content=\"https:\/\/web.umons.ac.be\/fs-mathematique\/enseignement\/\" \/>\n<meta property=\"og:site_name\" content=\"FS - D\u00e9partement de math\u00e9matique\" \/>\n<meta property=\"article:modified_time\" content=\"2024-08-02T14:59:42+00:00\" \/>\n<meta name=\"twitter:card\" content=\"summary_large_image\" \/>\n<meta name=\"twitter:label1\" content=\"Dur\u00e9e de lecture estim\u00e9e\" \/>\n\t<meta name=\"twitter:data1\" content=\"3 minutes\" \/>\n<script type=\"application\/ld+json\" class=\"yoast-schema-graph\">{\"@context\":\"https:\/\/schema.org\",\"@graph\":[{\"@type\":\"WebPage\",\"@id\":\"https:\/\/web.umons.ac.be\/fs-mathematique\/enseignement\/\",\"url\":\"https:\/\/web.umons.ac.be\/fs-mathematique\/enseignement\/\",\"name\":\"Enseignement - FS - D\u00e9partement de math\u00e9matique\",\"isPartOf\":{\"@id\":\"https:\/\/web.umons.ac.be\/fs-mathematique\/#website\"},\"datePublished\":\"2024-05-17T07:46:19+00:00\",\"dateModified\":\"2024-08-02T14:59:42+00:00\",\"breadcrumb\":{\"@id\":\"https:\/\/web.umons.ac.be\/fs-mathematique\/enseignement\/#breadcrumb\"},\"inLanguage\":\"fr-FR\",\"potentialAction\":[{\"@type\":\"ReadAction\",\"target\":[\"https:\/\/web.umons.ac.be\/fs-mathematique\/enseignement\/\"]}]},{\"@type\":\"BreadcrumbList\",\"@id\":\"https:\/\/web.umons.ac.be\/fs-mathematique\/enseignement\/#breadcrumb\",\"itemListElement\":[{\"@type\":\"ListItem\",\"position\":1,\"name\":\"Accueil\",\"item\":\"https:\/\/web.umons.ac.be\/fs-mathematique\/\"},{\"@type\":\"ListItem\",\"position\":2,\"name\":\"Enseignement\"}]},{\"@type\":\"WebSite\",\"@id\":\"https:\/\/web.umons.ac.be\/fs-mathematique\/#website\",\"url\":\"https:\/\/web.umons.ac.be\/fs-mathematique\/\",\"name\":\"FS - D\u00e9partement de math\u00e9matique\",\"description\":\"\",\"potentialAction\":[{\"@type\":\"SearchAction\",\"target\":{\"@type\":\"EntryPoint\",\"urlTemplate\":\"https:\/\/web.umons.ac.be\/fs-mathematique\/?s={search_term_string}\"},\"query-input\":{\"@type\":\"PropertyValueSpecification\",\"valueRequired\":true,\"valueName\":\"search_term_string\"}}],\"inLanguage\":\"fr-FR\"}]}<\/script>\n<!-- \/ Yoast SEO plugin. -->","yoast_head_json":{"title":"Enseignement - FS - D\u00e9partement de math\u00e9matique","robots":{"index":"index","follow":"follow","max-snippet":"max-snippet:-1","max-image-preview":"max-image-preview:large","max-video-preview":"max-video-preview:-1"},"canonical":"https:\/\/web.umons.ac.be\/fs-mathematique\/enseignement\/","og_locale":"fr_FR","og_type":"article","og_title":"Enseignement - FS - D\u00e9partement de math\u00e9matique","og_description":"\u00c9tudier les Maths \u00e0 Mons &nbsp; \u00ab\u00a0On utilise chaque jour les math\u00e9matiques pour pr\u00e9dire le temps qu&rsquo;il fera, savoir l&rsquo;heure qu&rsquo;il est, pour g\u00e9rer l&rsquo;argent. Les maths c&rsquo;est bien plus que des formules, des \u00e9quations. C&rsquo;est de la logique, c&rsquo;est de la rationalit\u00e9, c&rsquo;est se servir de son esprit pour r\u00e9soudre les plus grands myst\u00e8res [&hellip;]","og_url":"https:\/\/web.umons.ac.be\/fs-mathematique\/enseignement\/","og_site_name":"FS - D\u00e9partement de math\u00e9matique","article_modified_time":"2024-08-02T14:59:42+00:00","twitter_card":"summary_large_image","twitter_misc":{"Dur\u00e9e de lecture estim\u00e9e":"3 minutes"},"schema":{"@context":"https:\/\/schema.org","@graph":[{"@type":"WebPage","@id":"https:\/\/web.umons.ac.be\/fs-mathematique\/enseignement\/","url":"https:\/\/web.umons.ac.be\/fs-mathematique\/enseignement\/","name":"Enseignement - FS - D\u00e9partement de math\u00e9matique","isPartOf":{"@id":"https:\/\/web.umons.ac.be\/fs-mathematique\/#website"},"datePublished":"2024-05-17T07:46:19+00:00","dateModified":"2024-08-02T14:59:42+00:00","breadcrumb":{"@id":"https:\/\/web.umons.ac.be\/fs-mathematique\/enseignement\/#breadcrumb"},"inLanguage":"fr-FR","potentialAction":[{"@type":"ReadAction","target":["https:\/\/web.umons.ac.be\/fs-mathematique\/enseignement\/"]}]},{"@type":"BreadcrumbList","@id":"https:\/\/web.umons.ac.be\/fs-mathematique\/enseignement\/#breadcrumb","itemListElement":[{"@type":"ListItem","position":1,"name":"Accueil","item":"https:\/\/web.umons.ac.be\/fs-mathematique\/"},{"@type":"ListItem","position":2,"name":"Enseignement"}]},{"@type":"WebSite","@id":"https:\/\/web.umons.ac.be\/fs-mathematique\/#website","url":"https:\/\/web.umons.ac.be\/fs-mathematique\/","name":"FS - D\u00e9partement de math\u00e9matique","description":"","potentialAction":[{"@type":"SearchAction","target":{"@type":"EntryPoint","urlTemplate":"https:\/\/web.umons.ac.be\/fs-mathematique\/?s={search_term_string}"},"query-input":{"@type":"PropertyValueSpecification","valueRequired":true,"valueName":"search_term_string"}}],"inLanguage":"fr-FR"}]}},"lang":"fr","translations":{"fr":23},"pll_sync_post":[],"_links":{"self":[{"href":"https:\/\/web.umons.ac.be\/fs-mathematique\/wp-json\/wp\/v2\/pages\/23","targetHints":{"allow":["GET"]}}],"collection":[{"href":"https:\/\/web.umons.ac.be\/fs-mathematique\/wp-json\/wp\/v2\/pages"}],"about":[{"href":"https:\/\/web.umons.ac.be\/fs-mathematique\/wp-json\/wp\/v2\/types\/page"}],"author":[{"embeddable":true,"href":"https:\/\/web.umons.ac.be\/fs-mathematique\/wp-json\/wp\/v2\/users\/2"}],"replies":[{"embeddable":true,"href":"https:\/\/web.umons.ac.be\/fs-mathematique\/wp-json\/wp\/v2\/comments?post=23"}],"version-history":[{"count":3,"href":"https:\/\/web.umons.ac.be\/fs-mathematique\/wp-json\/wp\/v2\/pages\/23\/revisions"}],"predecessor-version":[{"id":243,"href":"https:\/\/web.umons.ac.be\/fs-mathematique\/wp-json\/wp\/v2\/pages\/23\/revisions\/243"}],"wp:attachment":[{"href":"https:\/\/web.umons.ac.be\/fs-mathematique\/wp-json\/wp\/v2\/media?parent=23"}],"curies":[{"name":"wp","href":"https:\/\/api.w.org\/{rel}","templated":true}]}}