{"id":29,"date":"2024-05-17T10:07:33","date_gmt":"2024-05-17T08:07:33","guid":{"rendered":"https:\/\/web.umons.ac.be\/fs-mathematique\/?page_id=29"},"modified":"2025-07-18T14:43:28","modified_gmt":"2025-07-18T12:43:28","slug":"2eme-cycle-master","status":"publish","type":"page","link":"https:\/\/web.umons.ac.be\/fs-mathematique\/enseignement\/2eme-cycle-master\/","title":{"rendered":"2\u00e8me cycle : Master"},"content":{"rendered":"<p>Le programme de Master est con\u00e7u comme un tout coh\u00e9rent sur les deux ann\u00e9es. Il est l\u2019occasion de vous projeter dans l\u2019avenir et de d\u00e9finir un ou plusieurs m\u00e9tiers que vous souhaiteriez exercer. Vous choisissez un directeur de programme au sein des membres du d\u00e9partement de math\u00e9matique. Celui-ci vous guidera dans le grand nombre de possibilit\u00e9s offertes afin d\u2019op\u00e9rer des choix qui vous pr\u00e9parent au mieux aux <a href=\"https:\/\/web.umons.ac.be\/fs-mathematique\/enseignement\/debouches\/\">carri\u00e8res qui vous int\u00e9ressent<\/a>.<\/p>\n<p><strong>Plusieurs finalit\u00e9s<\/strong> vous sont propos\u00e9es. Quelle que\u00a0soit celle que vous choisirez, vous aurez l\u2019occasion\u00a0d\u2019approfondir, \u00e0 travers un stage, un projet,\u00a0et un m\u00e9moire, des sujets des math\u00e9matiques\u00a0qui vous int\u00e9ressent et dans lesquels vous pourrez\u00a0vous investir tout en b\u00e9n\u00e9ficiant d\u2019un encadrement\u00a0personnalis\u00e9.<\/p>\n<p>Les finalit\u00e9s sont les suivantes :<\/p>\n<ul>\n<li><a href=\"https:\/\/web.umons.ac.be\/fs\/fr\/formations\/m2-mathfa\/\"><strong>Finalit\u00e9 approfondie, m\u00e9tiers de la recherche<\/strong><\/a> : Encadr\u00e9s par une \u00e9quipe de chercheurs dynamiques et reconnus internationalement, vous entrerez dans le monde de la recherche actuelle.<\/li>\n<li><a href=\"https:\/\/web.umons.ac.be\/fs\/fr\/formations\/m2-matfsi\/\"><strong>Finalit\u00e9 sp\u00e9cialis\u00e9e, m\u00e9tiers de l\u2019informatique et de l&rsquo;intelligence artificielle<\/strong><\/a> : Vos capacit\u00e9s de rigueur et de raisonnement et votre habilet\u00e9 \u00e0 manipuler des langages formels vous permettront d\u2019apprendre des concepts avanc\u00e9s d\u2019informatique et d\u2019aborder des projets qui demandent un haut niveau d\u2019abstraction.<\/li>\n<li><a href=\"https:\/\/web.umons.ac.be\/fs\/fr\/formations\/m2-matfsf\/\"><strong>Finalit\u00e9 sp\u00e9cialis\u00e9e, m\u00e9tiers de la finance<\/strong><\/a> :\u00a0Vous apprendrez les outils math\u00e9matiques fondamentaux\u00a0de la finance ainsi que les mod\u00e9lisations\u00a0de base des produits financiers.<\/li>\n<li>Les \u00e9tudiants d\u00e9sireux de terminer leurs \u00e9tudes dans les d\u00e9lais les plus courts peuvent opter pour un programme de <a href=\"https:\/\/web.umons.ac.be\/fs\/fr\/formations\/m1-math60\/\"><strong>Master en un an (60 cr\u00e9dits)<\/strong><\/a>. Celui-ci n\u2019autorise pas certaines \u00e9tudes compl\u00e9mentaires (doctorat), et ne permet pas l\u2019acc\u00e8s \u00e0 certains emplois. Il est possible d\u2019entamer les \u00e9tudes d\u2019agr\u00e9g\u00e9 \u00e0 l\u2019issue de ce Master en un an.<\/li>\n<li class=\"primary editor-front scheme-efe\"><strong>Si vous envisagez une carri\u00e8re d\u2019<span style=\"text-decoration: underline;\">enseignant dans le secondaire sup\u00e9rieur<\/span>, deux grandes possibilit\u00e9s s\u2019offrent \u00e0 vous\u00a0\u00e0 l\u2019issue du Bachelier en Sciences Math\u00e9matiques.<\/strong><\/li>\n<\/ul>\n<div class=\"primary editor-front scheme-efe\">\n<ul>\n<li>Le <a href=\"https:\/\/web.umons.ac.be\/efe\/fr\/training\/m2-memat4\/\"><strong>Master en enseignement Section 4<\/strong><\/a> (120 cr\u00e9dits) qui <strong>remplacera le Master \u00e0 finalit\u00e9 didactique. <\/strong>Ce master pluridisciplinaire et p\u00e9dagogique, organis\u00e9 en partenariat avec les Hautes Ecoles du consortium GoProf, propose une formation didactique g\u00e9n\u00e9raliste en lien avec l\u2019enseignement des math\u00e9matiques. Ce master vous permettra d\u2019entrer directement dans le monde de l\u2019enseignement. Il n\u2019est n\u00e9anmoins pas un Master en Sciences Math\u00e9matiques, et donc n\u2019ouvre pas aux m\u00eames d\u00e9bouch\u00e9s dans le secteur priv\u00e9 ou la recherche.<\/li>\n<li><strong>Apr\u00e8s avoir poursuivi le Master en Sciences Math\u00e9matiques dans l\u2019une des trois finalit\u00e9s reprises ci-dessus<\/strong>, le <a href=\"https:\/\/web.umons.ac.be\/efe\/fr\/loffre-de-formation\/2eme-cycle-master\/master-section-5\/\"><strong>Master en enseignement Section 5<\/strong><\/a> (un an, 60 cr\u00e9dits) qui <strong>remplace l\u2019AESS<\/strong>.\u00a0Celui-ci vous permettra d\u2019obtenir le titre requis (comme pour la \u00ab\u00a0Section 4\u00a0\u00bb). Cette formation est souvent suivie en parall\u00e8le \u00e0 un d\u00e9but de carri\u00e8re dans l\u2019enseignement, de nombreux cours \u00e9tant organis\u00e9s en horaire d\u00e9cal\u00e9 pour le permettre. <strong>Cette formule permet \u00e0 l\u2019\u00e9tudiant d\u2019avoir \u00e0 la fois un Master en Sciences Math\u00e9matiques et un Master en Enseignement, et ainsi de garder ouverts tous les d\u00e9bouch\u00e9s classiques d\u2019un math\u00e9maticien, tant dans l\u2019industrie que dans la recherche.<\/strong><\/li>\n<\/ul>\n<\/div>\n<div class=\"primary editor-front scheme-efe\">\n<p>Plus d\u2019informations sur ces formations <a href=\"https:\/\/web.umons.ac.be\/efe\/fr\/devenir-enseignant-dans-lobligatoire\/\">ici<\/a>. La personne de contact pour le D\u00e9partement de Math\u00e9matique est Mme <a href=\"https:\/\/annuaire.umons.ac.be\/profilpersonnel\/2650\">St\u00e9phanie Bridoux<\/a>.<\/p>\n<p>&nbsp;<\/p>\n<p>&nbsp;<\/p>\n<p>&nbsp;<\/p>\n<p>&nbsp;<\/p>\n<\/div>\n","protected":false},"excerpt":{"rendered":"<p>Le programme de Master est con\u00e7u comme un tout coh\u00e9rent sur les deux ann\u00e9es. Il est l\u2019occasion de vous projeter dans l\u2019avenir et de d\u00e9finir un ou plusieurs m\u00e9tiers que vous souhaiteriez exercer. Vous choisissez un directeur de programme au sein des membres du d\u00e9partement de math\u00e9matique. Celui-ci vous guidera dans le grand nombre de [&hellip;]<\/p>\n","protected":false},"author":2,"featured_media":0,"parent":23,"menu_order":0,"comment_status":"closed","ping_status":"closed","template":"","meta":{"footnotes":""},"class_list":["post-29","page","type-page","status-publish","hentry"],"yoast_head":"<!-- This site is optimized with the Yoast SEO plugin v27.2 - https:\/\/yoast.com\/product\/yoast-seo-wordpress\/ -->\n<title>2\u00e8me cycle : Master - FS - D\u00e9partement de math\u00e9matique<\/title>\n<meta name=\"robots\" content=\"index, follow, max-snippet:-1, max-image-preview:large, max-video-preview:-1\" \/>\n<link rel=\"canonical\" href=\"https:\/\/web.umons.ac.be\/fs-mathematique\/enseignement\/2eme-cycle-master\/\" \/>\n<meta property=\"og:locale\" content=\"fr_FR\" \/>\n<meta property=\"og:type\" content=\"article\" \/>\n<meta property=\"og:title\" content=\"2\u00e8me cycle : Master - FS - D\u00e9partement de math\u00e9matique\" \/>\n<meta property=\"og:description\" content=\"Le programme de Master est con\u00e7u comme un tout coh\u00e9rent sur les deux ann\u00e9es. Il est l\u2019occasion de vous projeter dans l\u2019avenir et de d\u00e9finir un ou plusieurs m\u00e9tiers que vous souhaiteriez exercer. Vous choisissez un directeur de programme au sein des membres du d\u00e9partement de math\u00e9matique. Celui-ci vous guidera dans le grand nombre de [&hellip;]\" \/>\n<meta property=\"og:url\" content=\"https:\/\/web.umons.ac.be\/fs-mathematique\/enseignement\/2eme-cycle-master\/\" \/>\n<meta property=\"og:site_name\" content=\"FS - D\u00e9partement de math\u00e9matique\" \/>\n<meta property=\"article:modified_time\" content=\"2025-07-18T12:43:28+00:00\" \/>\n<meta name=\"twitter:card\" content=\"summary_large_image\" \/>\n<meta name=\"twitter:label1\" content=\"Dur\u00e9e de lecture estim\u00e9e\" \/>\n\t<meta name=\"twitter:data1\" content=\"3 minutes\" \/>\n<script type=\"application\/ld+json\" class=\"yoast-schema-graph\">{\"@context\":\"https:\/\/schema.org\",\"@graph\":[{\"@type\":\"WebPage\",\"@id\":\"https:\/\/web.umons.ac.be\/fs-mathematique\/enseignement\/2eme-cycle-master\/\",\"url\":\"https:\/\/web.umons.ac.be\/fs-mathematique\/enseignement\/2eme-cycle-master\/\",\"name\":\"2\u00e8me cycle : Master - FS - D\u00e9partement de math\u00e9matique\",\"isPartOf\":{\"@id\":\"https:\/\/web.umons.ac.be\/fs-mathematique\/#website\"},\"datePublished\":\"2024-05-17T08:07:33+00:00\",\"dateModified\":\"2025-07-18T12:43:28+00:00\",\"breadcrumb\":{\"@id\":\"https:\/\/web.umons.ac.be\/fs-mathematique\/enseignement\/2eme-cycle-master\/#breadcrumb\"},\"inLanguage\":\"fr-FR\",\"potentialAction\":[{\"@type\":\"ReadAction\",\"target\":[\"https:\/\/web.umons.ac.be\/fs-mathematique\/enseignement\/2eme-cycle-master\/\"]}]},{\"@type\":\"BreadcrumbList\",\"@id\":\"https:\/\/web.umons.ac.be\/fs-mathematique\/enseignement\/2eme-cycle-master\/#breadcrumb\",\"itemListElement\":[{\"@type\":\"ListItem\",\"position\":1,\"name\":\"Accueil\",\"item\":\"https:\/\/web.umons.ac.be\/fs-mathematique\/\"},{\"@type\":\"ListItem\",\"position\":2,\"name\":\"Enseignement\",\"item\":\"https:\/\/web.umons.ac.be\/fs-mathematique\/enseignement\/\"},{\"@type\":\"ListItem\",\"position\":3,\"name\":\"2\u00e8me cycle : Master\"}]},{\"@type\":\"WebSite\",\"@id\":\"https:\/\/web.umons.ac.be\/fs-mathematique\/#website\",\"url\":\"https:\/\/web.umons.ac.be\/fs-mathematique\/\",\"name\":\"FS - D\u00e9partement de math\u00e9matique\",\"description\":\"\",\"potentialAction\":[{\"@type\":\"SearchAction\",\"target\":{\"@type\":\"EntryPoint\",\"urlTemplate\":\"https:\/\/web.umons.ac.be\/fs-mathematique\/?s={search_term_string}\"},\"query-input\":{\"@type\":\"PropertyValueSpecification\",\"valueRequired\":true,\"valueName\":\"search_term_string\"}}],\"inLanguage\":\"fr-FR\"}]}<\/script>\n<!-- \/ Yoast SEO plugin. -->","yoast_head_json":{"title":"2\u00e8me cycle : Master - FS - D\u00e9partement de math\u00e9matique","robots":{"index":"index","follow":"follow","max-snippet":"max-snippet:-1","max-image-preview":"max-image-preview:large","max-video-preview":"max-video-preview:-1"},"canonical":"https:\/\/web.umons.ac.be\/fs-mathematique\/enseignement\/2eme-cycle-master\/","og_locale":"fr_FR","og_type":"article","og_title":"2\u00e8me cycle : Master - FS - D\u00e9partement de math\u00e9matique","og_description":"Le programme de Master est con\u00e7u comme un tout coh\u00e9rent sur les deux ann\u00e9es. Il est l\u2019occasion de vous projeter dans l\u2019avenir et de d\u00e9finir un ou plusieurs m\u00e9tiers que vous souhaiteriez exercer. Vous choisissez un directeur de programme au sein des membres du d\u00e9partement de math\u00e9matique. Celui-ci vous guidera dans le grand nombre de [&hellip;]","og_url":"https:\/\/web.umons.ac.be\/fs-mathematique\/enseignement\/2eme-cycle-master\/","og_site_name":"FS - D\u00e9partement de math\u00e9matique","article_modified_time":"2025-07-18T12:43:28+00:00","twitter_card":"summary_large_image","twitter_misc":{"Dur\u00e9e de lecture estim\u00e9e":"3 minutes"},"schema":{"@context":"https:\/\/schema.org","@graph":[{"@type":"WebPage","@id":"https:\/\/web.umons.ac.be\/fs-mathematique\/enseignement\/2eme-cycle-master\/","url":"https:\/\/web.umons.ac.be\/fs-mathematique\/enseignement\/2eme-cycle-master\/","name":"2\u00e8me cycle : Master - FS - D\u00e9partement de math\u00e9matique","isPartOf":{"@id":"https:\/\/web.umons.ac.be\/fs-mathematique\/#website"},"datePublished":"2024-05-17T08:07:33+00:00","dateModified":"2025-07-18T12:43:28+00:00","breadcrumb":{"@id":"https:\/\/web.umons.ac.be\/fs-mathematique\/enseignement\/2eme-cycle-master\/#breadcrumb"},"inLanguage":"fr-FR","potentialAction":[{"@type":"ReadAction","target":["https:\/\/web.umons.ac.be\/fs-mathematique\/enseignement\/2eme-cycle-master\/"]}]},{"@type":"BreadcrumbList","@id":"https:\/\/web.umons.ac.be\/fs-mathematique\/enseignement\/2eme-cycle-master\/#breadcrumb","itemListElement":[{"@type":"ListItem","position":1,"name":"Accueil","item":"https:\/\/web.umons.ac.be\/fs-mathematique\/"},{"@type":"ListItem","position":2,"name":"Enseignement","item":"https:\/\/web.umons.ac.be\/fs-mathematique\/enseignement\/"},{"@type":"ListItem","position":3,"name":"2\u00e8me cycle : Master"}]},{"@type":"WebSite","@id":"https:\/\/web.umons.ac.be\/fs-mathematique\/#website","url":"https:\/\/web.umons.ac.be\/fs-mathematique\/","name":"FS - D\u00e9partement de math\u00e9matique","description":"","potentialAction":[{"@type":"SearchAction","target":{"@type":"EntryPoint","urlTemplate":"https:\/\/web.umons.ac.be\/fs-mathematique\/?s={search_term_string}"},"query-input":{"@type":"PropertyValueSpecification","valueRequired":true,"valueName":"search_term_string"}}],"inLanguage":"fr-FR"}]}},"lang":"fr","translations":{"fr":29},"pll_sync_post":[],"_links":{"self":[{"href":"https:\/\/web.umons.ac.be\/fs-mathematique\/wp-json\/wp\/v2\/pages\/29","targetHints":{"allow":["GET"]}}],"collection":[{"href":"https:\/\/web.umons.ac.be\/fs-mathematique\/wp-json\/wp\/v2\/pages"}],"about":[{"href":"https:\/\/web.umons.ac.be\/fs-mathematique\/wp-json\/wp\/v2\/types\/page"}],"author":[{"embeddable":true,"href":"https:\/\/web.umons.ac.be\/fs-mathematique\/wp-json\/wp\/v2\/users\/2"}],"replies":[{"embeddable":true,"href":"https:\/\/web.umons.ac.be\/fs-mathematique\/wp-json\/wp\/v2\/comments?post=29"}],"version-history":[{"count":3,"href":"https:\/\/web.umons.ac.be\/fs-mathematique\/wp-json\/wp\/v2\/pages\/29\/revisions"}],"predecessor-version":[{"id":369,"href":"https:\/\/web.umons.ac.be\/fs-mathematique\/wp-json\/wp\/v2\/pages\/29\/revisions\/369"}],"up":[{"embeddable":true,"href":"https:\/\/web.umons.ac.be\/fs-mathematique\/wp-json\/wp\/v2\/pages\/23"}],"wp:attachment":[{"href":"https:\/\/web.umons.ac.be\/fs-mathematique\/wp-json\/wp\/v2\/media?parent=29"}],"curies":[{"name":"wp","href":"https:\/\/api.w.org\/{rel}","templated":true}]}}

2ème cycle : Master

<p>Le programme de Master est conçu comme un tout cohérent sur les deux années. Il est l’occasion de vous projeter dans l’avenir et de définir un ou plusieurs métiers que vous souhaiteriez exercer. Vous choisissez un directeur de programme au sein des membres du département de mathématique. Celui-ci vous guidera dans le grand nombre de possibilités offertes afin d’opérer des choix qui vous préparent au mieux aux <a href="https://web.umons.ac.be/fs-mathematique/enseignement/debouches/">carrières qui vous intéressent</a>.</p>
<p><strong>Plusieurs finalités</strong> vous sont proposées. Quelle que soit celle que vous choisirez, vous aurez l’occasion d’approfondir, à travers un stage, un projet, et un mémoire, des sujets des mathématiques qui vous intéressent et dans lesquels vous pourrez vous investir tout en bénéficiant d’un encadrement personnalisé.</p>
<p>Les finalités sont les suivantes :</p>
<ul>
<li><a href="https://web.umons.ac.be/fs/fr/formations/m2-mathfa/"><strong>Finalité approfondie, métiers de la recherche</strong></a> : Encadrés par une équipe de chercheurs dynamiques et reconnus internationalement, vous entrerez dans le monde de la recherche actuelle.</li>
<li><a href="https://web.umons.ac.be/fs/fr/formations/m2-matfsi/"><strong>Finalité spécialisée, métiers de l’informatique et de l&rsquo;intelligence artificielle</strong></a> : Vos capacités de rigueur et de raisonnement et votre habileté à manipuler des langages formels vous permettront d’apprendre des concepts avancés d’informatique et d’aborder des projets qui demandent un haut niveau d’abstraction.</li>
<li><a href="https://web.umons.ac.be/fs/fr/formations/m2-matfsf/"><strong>Finalité spécialisée, métiers de la finance</strong></a> : Vous apprendrez les outils mathématiques fondamentaux de la finance ainsi que les modélisations de base des produits financiers.</li>
<li>Les étudiants désireux de terminer leurs études dans les délais les plus courts peuvent opter pour un programme de <a href="https://web.umons.ac.be/fs/fr/formations/m1-math60/"><strong>Master en un an (60 crédits)</strong></a>. Celui-ci n’autorise pas certaines études complémentaires (doctorat), et ne permet pas l’accès à certains emplois. Il est possible d’entamer les études d’agrégé à l’issue de ce Master en un an.</li>
<li class="primary editor-front scheme-efe"><strong>Si vous envisagez une carrière d’<span style="text-decoration: underline;">enseignant dans le secondaire supérieur</span>, deux grandes possibilités s’offrent à vous à l’issue du Bachelier en Sciences Mathématiques.</strong></li>
</ul>
<div class="primary editor-front scheme-efe">
<ul>
<li>Le <a href="https://web.umons.ac.be/efe/fr/training/m2-memat4/"><strong>Master en enseignement Section 4</strong></a> (120 crédits) qui <strong>remplacera le Master à finalité didactique. </strong>Ce master pluridisciplinaire et pédagogique, organisé en partenariat avec les Hautes Ecoles du consortium GoProf, propose une formation didactique généraliste en lien avec l’enseignement des mathématiques. Ce master vous permettra d’entrer directement dans le monde de l’enseignement. Il n’est néanmoins pas un Master en Sciences Mathématiques, et donc n’ouvre pas aux mêmes débouchés dans le secteur privé ou la recherche.</li>
<li><strong>Après avoir poursuivi le Master en Sciences Mathématiques dans l’une des trois finalités reprises ci-dessus</strong>, le <a href="https://web.umons.ac.be/efe/fr/loffre-de-formation/2eme-cycle-master/master-section-5/"><strong>Master en enseignement Section 5</strong></a> (un an, 60 crédits) qui <strong>remplace l’AESS</strong>. Celui-ci vous permettra d’obtenir le titre requis (comme pour la « Section 4 »). Cette formation est souvent suivie en parallèle à un début de carrière dans l’enseignement, de nombreux cours étant organisés en horaire décalé pour le permettre. <strong>Cette formule permet à l’étudiant d’avoir à la fois un Master en Sciences Mathématiques et un Master en Enseignement, et ainsi de garder ouverts tous les débouchés classiques d’un mathématicien, tant dans l’industrie que dans la recherche.</strong></li>
</ul>
</div>
<div class="primary editor-front scheme-efe">
<p>Plus d’informations sur ces formations <a href="https://web.umons.ac.be/efe/fr/devenir-enseignant-dans-lobligatoire/">ici</a>. La personne de contact pour le Département de Mathématique est Mme <a href="https://annuaire.umons.ac.be/profilpersonnel/2650">Stéphanie Bridoux</a>.</p>
<p>&nbsp;</p>
<p>&nbsp;</p>
<p>&nbsp;</p>
<p>&nbsp;</p>
</div>

<p>Le programme de Master est conçu comme un tout cohérent sur les deux années. Il est l’occasion de vous projeter dans l’avenir et de définir un ou plusieurs métiers que vous souhaiteriez exercer. Vous choisissez un directeur de programme au sein des membres du département de mathématique. Celui-ci vous guidera dans le grand nombre de [&hellip;]</p>

<!-- This site is optimized with the Yoast SEO plugin v27.2 - https://yoast.com/product/yoast-seo-wordpress/ -->
<title>2ème cycle : Master - FS - Département de mathématique</title>
<meta name="robots" content="index, follow, max-snippet:-1, max-image-preview:large, max-video-preview:-1" />
<link rel="canonical" href="https://web.umons.ac.be/fs-mathematique/enseignement/2eme-cycle-master/" />
<meta property="og:locale" content="fr_FR" />
<meta property="og:type" content="article" />
<meta property="og:title" content="2ème cycle : Master - FS - Département de mathématique" />
<meta property="og:description" content="Le programme de Master est conçu comme un tout cohérent sur les deux années. Il est l’occasion de vous projeter dans l’avenir et de définir un ou plusieurs métiers que vous souhaiteriez exercer. Vous choisissez un directeur de programme au sein des membres du département de mathématique. Celui-ci vous guidera dans le grand nombre de [&hellip;]" />
<meta property="og:url" content="https://web.umons.ac.be/fs-mathematique/enseignement/2eme-cycle-master/" />
<meta property="og:site_name" content="FS - Département de mathématique" />
<meta property="article:modified_time" content="2025-07-18T12:43:28+00:00" />
<meta name="twitter:card" content="summary_large_image" />
<meta name="twitter:label1" content="Durée de lecture estimée" />
	<meta name="twitter:data1" content="3 minutes" />
<script type="application/ld+json" class="yoast-schema-graph">{"@context":"https://schema.org","@graph":[{"@type":"WebPage","@id":"https://web.umons.ac.be/fs-mathematique/enseignement/2eme-cycle-master/","url":"https://web.umons.ac.be/fs-mathematique/enseignement/2eme-cycle-master/","name":"2ème cycle : Master - FS - Département de mathématique","isPartOf":{"@id":"https://web.umons.ac.be/fs-mathematique/#website"},"datePublished":"2024-05-17T08:07:33+00:00","dateModified":"2025-07-18T12:43:28+00:00","breadcrumb":{"@id":"https://web.umons.ac.be/fs-mathematique/enseignement/2eme-cycle-master/#breadcrumb"},"inLanguage":"fr-FR","potentialAction":[{"@type":"ReadAction","target":["https://web.umons.ac.be/fs-mathematique/enseignement/2eme-cycle-master/"]}]},{"@type":"BreadcrumbList","@id":"https://web.umons.ac.be/fs-mathematique/enseignement/2eme-cycle-master/#breadcrumb","itemListElement":[{"@type":"ListItem","position":1,"name":"Accueil","item":"https://web.umons.ac.be/fs-mathematique/"},{"@type":"ListItem","position":2,"name":"Enseignement","item":"https://web.umons.ac.be/fs-mathematique/enseignement/"},{"@type":"ListItem","position":3,"name":"2ème cycle : Master"}]},{"@type":"WebSite","@id":"https://web.umons.ac.be/fs-mathematique/#website","url":"https://web.umons.ac.be/fs-mathematique/","name":"FS - Département de mathématique","description":"","potentialAction":[{"@type":"SearchAction","target":{"@type":"EntryPoint","urlTemplate":"https://web.umons.ac.be/fs-mathematique/?s={search_term_string}"},"query-input":{"@type":"PropertyValueSpecification","valueRequired":true,"valueName":"search_term_string"}}],"inLanguage":"fr-FR"}]}</script>
<!-- / Yoast SEO plugin. -->

2ème cycle : Master - FS - Département de mathématique

Le programme de Master est conçu comme un tout cohérent sur les deux années. Il est l’occasion de vous projeter dans l’avenir et de définir un ou plusieurs métiers que vous souhaiteriez exercer. Vous choisissez un directeur de programme au sein des membres du département de mathématique. Celui-ci vous guidera dans le grand nombre de [&hellip;]

FS - Département de mathématique
