{"id":74,"date":"2017-07-07T16:22:15","date_gmt":"2017-07-07T14:22:15","guid":{"rendered":"https:\/\/web.umons.ac.be\/eii\/?page_id=74"},"modified":"2017-11-20T15:43:53","modified_gmt":"2017-11-20T14:43:53","slug":"reprise-detudes","status":"publish","type":"page","link":"https:\/\/web.umons.ac.be\/fti-eii\/fr\/loffre-de-formations\/reprise-detudes\/","title":{"rendered":"Reprise d\u2019\u00e9tudes"},"content":{"rendered":"<p>La formation continue s\u2019adresse plus particuli\u00e8rement aux personnes qui souhaitent continuer \u00e0 <span class=\"ms-rteCustom-Gras\">se former tout au long de la vie<\/span>, notamment dans l\u2019objectif du d\u00e9veloppement de leur carri\u00e8re professionnelle.<\/p>\n<p>La Facult\u00e9 de Traduction et d&rsquo;Interpr\u00e9tation\u00a0propose plusieurs types de formations continues, notamment:<\/p>\n<ul>\n<li>Des programmes menant \u00e0 un dipl\u00f4me reconnu par la Communaut\u00e9 fran\u00e7aise de Belgique (<strong>Master<\/strong>;\u00a0<strong>Master de Sp\u00e9cialisation)<\/strong><\/li>\n<li>Des formations menant \u00e0 un titre p\u00e9dagogique (<strong>AESS<\/strong>,\u00a0<strong>CAPAES<\/strong>)<\/li>\n<li>Des <strong>programmes certifiants<\/strong> conduisant \u00e0 un certificat d\u2019universit\u00e9.<\/li>\n<\/ul>\n<p>Ces programmes sont am\u00e9nag\u00e9s afin de faciliter la conciliation entre la formation et la vie professionnelle et personnelle : <span class=\"ms-rteCustom-Gras\">horaire adapt\u00e9 <\/span>(regroupement de cours sur certains jours de la semaine), <span class=\"ms-rteCustom-Gras\">horaire d\u00e9cal\u00e9 <\/span>(cours dispens\u00e9s le soir et\/ou le week-end), possibilit\u00e9 d\u2019\u00e9talement d\u2019une ann\u00e9e acad\u00e9mique\u2026<\/p>\n<h3><span class=\"ms-rteCustom-TexteBleu\">A qui s&rsquo;adresser ?<\/span><\/h3>\n<p>Le Service des Formations Continues est votre premier contact, il vous dirige vers le Service g\u00e9rant la formation que vous souhaitez suivre.<\/p>\n<h5>D\u00e9partement Administration des \u00e9tudes &#8211; Service de la Formation continue<\/h5>\n<p><span class=\"ms-rteCustom-TexteRouge\"><span class=\"ms-rteCustom-Gras\">Mme Patricia LORENT<\/span><\/span><br \/>\nRuelle du cerf blans, 1 &#8211; 7000 Mons<br \/>\nT\u00e9l.: +32 (0)65 37.37.14<br \/>\n<a href=\"mailto:patricia.lorent@umons.ac.be\">patricia.lorent@umons.ac.be<\/a><\/p>\n","protected":false},"excerpt":{"rendered":"<p>La formation continue s\u2019adresse plus particuli\u00e8rement aux personnes qui souhaitent continuer \u00e0 se former tout au long de la vie, notamment dans l\u2019objectif du d\u00e9veloppement de leur carri\u00e8re professionnelle. La Facult\u00e9 de Traduction et d&rsquo;Interpr\u00e9tation\u00a0propose plusieurs types de formations continues, notamment: Des programmes menant \u00e0 un dipl\u00f4me reconnu par la Communaut\u00e9 fran\u00e7aise de Belgique (Master;\u00a0Master [&hellip;]<\/p>\n","protected":false},"author":2,"featured_media":0,"parent":174,"menu_order":4,"comment_status":"closed","ping_status":"closed","template":"","meta":{"footnotes":""},"class_list":["post-74","page","type-page","status-publish","hentry"],"yoast_head":"<!-- This site is optimized with the Yoast SEO plugin v27.2 - https:\/\/yoast.com\/product\/yoast-seo-wordpress\/ -->\n<title>Reprise d\u2019\u00e9tudes - Facult\u00e9 \/ FTI-EII<\/title>\n<meta name=\"robots\" content=\"index, follow, max-snippet:-1, max-image-preview:large, max-video-preview:-1\" \/>\n<link rel=\"canonical\" href=\"https:\/\/web.umons.ac.be\/fti-eii\/fr\/loffre-de-formations\/reprise-detudes\/\" \/>\n<meta property=\"og:locale\" content=\"fr_FR\" \/>\n<meta property=\"og:type\" content=\"article\" \/>\n<meta property=\"og:title\" content=\"Reprise d\u2019\u00e9tudes - Facult\u00e9 \/ FTI-EII\" \/>\n<meta property=\"og:description\" content=\"La formation continue s\u2019adresse plus particuli\u00e8rement aux personnes qui souhaitent continuer \u00e0 se former tout au long de la vie, notamment dans l\u2019objectif du d\u00e9veloppement de leur carri\u00e8re professionnelle. La Facult\u00e9 de Traduction et d&rsquo;Interpr\u00e9tation\u00a0propose plusieurs types de formations continues, notamment: Des programmes menant \u00e0 un dipl\u00f4me reconnu par la Communaut\u00e9 fran\u00e7aise de Belgique (Master;\u00a0Master [&hellip;]\" \/>\n<meta property=\"og:url\" content=\"https:\/\/web.umons.ac.be\/fti-eii\/fr\/loffre-de-formations\/reprise-detudes\/\" \/>\n<meta property=\"og:site_name\" content=\"Facult\u00e9 \/ FTI-EII\" \/>\n<meta property=\"article:modified_time\" content=\"2017-11-20T14:43:53+00:00\" \/>\n<meta name=\"twitter:card\" content=\"summary_large_image\" \/>\n<meta name=\"twitter:label1\" content=\"Dur\u00e9e de lecture estim\u00e9e\" \/>\n\t<meta name=\"twitter:data1\" content=\"1 minute\" \/>\n<script type=\"application\/ld+json\" class=\"yoast-schema-graph\">{\"@context\":\"https:\/\/schema.org\",\"@graph\":[{\"@type\":\"WebPage\",\"@id\":\"https:\/\/web.umons.ac.be\/fti-eii\/fr\/loffre-de-formations\/reprise-detudes\/\",\"url\":\"https:\/\/web.umons.ac.be\/fti-eii\/fr\/loffre-de-formations\/reprise-detudes\/\",\"name\":\"Reprise d\u2019\u00e9tudes - Facult\u00e9 \/ FTI-EII\",\"isPartOf\":{\"@id\":\"https:\/\/web.umons.ac.be\/fti-eii\/#website\"},\"datePublished\":\"2017-07-07T14:22:15+00:00\",\"dateModified\":\"2017-11-20T14:43:53+00:00\",\"breadcrumb\":{\"@id\":\"https:\/\/web.umons.ac.be\/fti-eii\/fr\/loffre-de-formations\/reprise-detudes\/#breadcrumb\"},\"inLanguage\":\"fr-FR\",\"potentialAction\":[{\"@type\":\"ReadAction\",\"target\":[\"https:\/\/web.umons.ac.be\/fti-eii\/fr\/loffre-de-formations\/reprise-detudes\/\"]}]},{\"@type\":\"BreadcrumbList\",\"@id\":\"https:\/\/web.umons.ac.be\/fti-eii\/fr\/loffre-de-formations\/reprise-detudes\/#breadcrumb\",\"itemListElement\":[{\"@type\":\"ListItem\",\"position\":1,\"name\":\"Accueil\",\"item\":\"https:\/\/web.umons.ac.be\/fti-eii\/fr\/\"},{\"@type\":\"ListItem\",\"position\":2,\"name\":\"L&rsquo;offre de formations\",\"item\":\"https:\/\/web.umons.ac.be\/fti-eii\/fr\/loffre-de-formations\/\"},{\"@type\":\"ListItem\",\"position\":3,\"name\":\"Reprise d\u2019\u00e9tudes\"}]},{\"@type\":\"WebSite\",\"@id\":\"https:\/\/web.umons.ac.be\/fti-eii\/#website\",\"url\":\"https:\/\/web.umons.ac.be\/fti-eii\/\",\"name\":\"Facult\u00e9 \/ FTI-EII\",\"description\":\"\",\"potentialAction\":[{\"@type\":\"SearchAction\",\"target\":{\"@type\":\"EntryPoint\",\"urlTemplate\":\"https:\/\/web.umons.ac.be\/fti-eii\/?s={search_term_string}\"},\"query-input\":{\"@type\":\"PropertyValueSpecification\",\"valueRequired\":true,\"valueName\":\"search_term_string\"}}],\"inLanguage\":\"fr-FR\"}]}<\/script>\n<!-- \/ Yoast SEO plugin. -->","yoast_head_json":{"title":"Reprise d\u2019\u00e9tudes - Facult\u00e9 \/ FTI-EII","robots":{"index":"index","follow":"follow","max-snippet":"max-snippet:-1","max-image-preview":"max-image-preview:large","max-video-preview":"max-video-preview:-1"},"canonical":"https:\/\/web.umons.ac.be\/fti-eii\/fr\/loffre-de-formations\/reprise-detudes\/","og_locale":"fr_FR","og_type":"article","og_title":"Reprise d\u2019\u00e9tudes - Facult\u00e9 \/ FTI-EII","og_description":"La formation continue s\u2019adresse plus particuli\u00e8rement aux personnes qui souhaitent continuer \u00e0 se former tout au long de la vie, notamment dans l\u2019objectif du d\u00e9veloppement de leur carri\u00e8re professionnelle. La Facult\u00e9 de Traduction et d&rsquo;Interpr\u00e9tation\u00a0propose plusieurs types de formations continues, notamment: Des programmes menant \u00e0 un dipl\u00f4me reconnu par la Communaut\u00e9 fran\u00e7aise de Belgique (Master;\u00a0Master [&hellip;]","og_url":"https:\/\/web.umons.ac.be\/fti-eii\/fr\/loffre-de-formations\/reprise-detudes\/","og_site_name":"Facult\u00e9 \/ FTI-EII","article_modified_time":"2017-11-20T14:43:53+00:00","twitter_card":"summary_large_image","twitter_misc":{"Dur\u00e9e de lecture estim\u00e9e":"1 minute"},"schema":{"@context":"https:\/\/schema.org","@graph":[{"@type":"WebPage","@id":"https:\/\/web.umons.ac.be\/fti-eii\/fr\/loffre-de-formations\/reprise-detudes\/","url":"https:\/\/web.umons.ac.be\/fti-eii\/fr\/loffre-de-formations\/reprise-detudes\/","name":"Reprise d\u2019\u00e9tudes - Facult\u00e9 \/ FTI-EII","isPartOf":{"@id":"https:\/\/web.umons.ac.be\/fti-eii\/#website"},"datePublished":"2017-07-07T14:22:15+00:00","dateModified":"2017-11-20T14:43:53+00:00","breadcrumb":{"@id":"https:\/\/web.umons.ac.be\/fti-eii\/fr\/loffre-de-formations\/reprise-detudes\/#breadcrumb"},"inLanguage":"fr-FR","potentialAction":[{"@type":"ReadAction","target":["https:\/\/web.umons.ac.be\/fti-eii\/fr\/loffre-de-formations\/reprise-detudes\/"]}]},{"@type":"BreadcrumbList","@id":"https:\/\/web.umons.ac.be\/fti-eii\/fr\/loffre-de-formations\/reprise-detudes\/#breadcrumb","itemListElement":[{"@type":"ListItem","position":1,"name":"Accueil","item":"https:\/\/web.umons.ac.be\/fti-eii\/fr\/"},{"@type":"ListItem","position":2,"name":"L&rsquo;offre de formations","item":"https:\/\/web.umons.ac.be\/fti-eii\/fr\/loffre-de-formations\/"},{"@type":"ListItem","position":3,"name":"Reprise d\u2019\u00e9tudes"}]},{"@type":"WebSite","@id":"https:\/\/web.umons.ac.be\/fti-eii\/#website","url":"https:\/\/web.umons.ac.be\/fti-eii\/","name":"Facult\u00e9 \/ FTI-EII","description":"","potentialAction":[{"@type":"SearchAction","target":{"@type":"EntryPoint","urlTemplate":"https:\/\/web.umons.ac.be\/fti-eii\/?s={search_term_string}"},"query-input":{"@type":"PropertyValueSpecification","valueRequired":true,"valueName":"search_term_string"}}],"inLanguage":"fr-FR"}]}},"lang":"fr","translations":{"fr":74,"en":223},"pll_sync_post":[],"_links":{"self":[{"href":"https:\/\/web.umons.ac.be\/fti-eii\/wp-json\/wp\/v2\/pages\/74","targetHints":{"allow":["GET"]}}],"collection":[{"href":"https:\/\/web.umons.ac.be\/fti-eii\/wp-json\/wp\/v2\/pages"}],"about":[{"href":"https:\/\/web.umons.ac.be\/fti-eii\/wp-json\/wp\/v2\/types\/page"}],"author":[{"embeddable":true,"href":"https:\/\/web.umons.ac.be\/fti-eii\/wp-json\/wp\/v2\/users\/2"}],"replies":[{"embeddable":true,"href":"https:\/\/web.umons.ac.be\/fti-eii\/wp-json\/wp\/v2\/comments?post=74"}],"version-history":[{"count":3,"href":"https:\/\/web.umons.ac.be\/fti-eii\/wp-json\/wp\/v2\/pages\/74\/revisions"}],"predecessor-version":[{"id":302,"href":"https:\/\/web.umons.ac.be\/fti-eii\/wp-json\/wp\/v2\/pages\/74\/revisions\/302"}],"up":[{"embeddable":true,"href":"https:\/\/web.umons.ac.be\/fti-eii\/wp-json\/wp\/v2\/pages\/174"}],"wp:attachment":[{"href":"https:\/\/web.umons.ac.be\/fti-eii\/wp-json\/wp\/v2\/media?parent=74"}],"curies":[{"name":"wp","href":"https:\/\/api.w.org\/{rel}","templated":true}]}}