{"id":1025,"date":"2018-01-17T17:40:33","date_gmt":"2018-01-17T16:40:33","guid":{"rendered":"https:\/\/web.umons.ac.be\/fweg\/?page_id=1025"},"modified":"2018-01-18T16:18:00","modified_gmt":"2018-01-18T15:18:00","slug":"partir-mobilite-out","status":"publish","type":"page","link":"https:\/\/web.umons.ac.be\/fweg\/en\/mobilite-etudiante-international\/partir-mobilite-out\/","title":{"rendered":"Outgoing mobility (OUT)"},"content":{"rendered":"<p>As part of its quality policy, the FWEG has defined targets with a respect to international awareness. The FWEG is committed to fostering student contacts with other countries, other cultures, other languages, other learning methods, and other traditions in the field of management. It is particularly committed to facilitating its students\u2019 stays in foreign universities.<\/p>\n<p>Studying abroad for a semester or an entire academic year is possible in both EU and non-EU countries<\/p>\n<p>Besides improving foreign language skills, a mobility placement is the opportunity for students to discover new cultures, learn new things, and make friends with people from across the globe. A mobility placement is an enriching academic and personal experience valued by future employers. It can really make a difference to a CV!<\/p>\n<p>Mobility grants are awarded to students so that they can carry out their stay in the best possible conditions.<\/p>\n<h5><em>Example destinations in Europe :<\/em><\/h5>\n<p>Germany, Italy, the Netherlands, Sweden, Spain, the UK, and many others. In addition, with the Erasmus Belgica programme, students can complete part of their studies at a university in the Flemish Community of Belgium, and study in Dutch or English at the University of Hasselt or the University of Ghent.<\/p>\n<h5><em>Example destinations around the world :<\/em><\/h5>\n<p>USA, Quebec, Brazil, China and Malaysia.<\/p>\n<start-cask-shortcode-wrapper>\n<blockquote class=\"shortcode-testimonial scheme-fweg\">\n    <div class=\"testimonial-quote\">\n        <div>J\u2019ai eu la chance de pouvoir b\u00e9n\u00e9ficier\u00a0du programme Erasmus\u00a0et de pouvoir partir quelques\u00a0mois en Angleterre. C\u2019\u00e9tait pour\u00a0moi, une opportunit\u00e9 \u00e0 saisir.\r\nJ\u2019avais envie de savoir si je pouvais m\u2019adap&hellip;<\/div>\n                <a href=\"#testimonial-modal-97\" class=\"button-secondary open-testimonial scheme-border scheme-color-hover-important\">\n            Poursuivre la lecture <span class=\"icon umons-icon-tail-right\" aria-hidden=\"true\"><\/span>\n        <\/a>\n            <\/div>\n    <div class=\"testimonial-author\">\n                <div class=\"testimonial-picture\">\n            <img decoding=\"async\" src=\"https:\/\/web.umons.ac.be\/app\/uploads\/sites\/9\/2017\/06\/12FWEG-2016.pdf-Adobe-Acrobat-Pro-DC-23-80x80.jpg\" alt=\"\" \/>\n        <\/div>\n                <div class=\"testimonial-text\">\n            <div class=\"testimonial-identity\">\n                <span class=\"testimonial-author-name\">Anne-Sophie Izzo<\/span>\n                            <\/div>\n            <div class=\"testimonial-meta\">\n                                                <span class=\"testimonial-group\">Dipl\u00f4m\u00e9e du Master en Sciences de Gestion en 120 cr\u00e9dits (2017)<\/span>\n                            <\/div>\n        <\/div>\n    <\/div>\n<\/blockquote>\n<div id=\"testimonial-modal-97\" class=\"testimonial-modal-wrap normal\" style=\"display: none;\">\n    <div class=\"shortcode-testimonial-modal\">\n        <blockquote class=\"shortcode-testimonial\">\n            <div class=\"testimonial-quote editor-front\">\n                                <blockquote class=\"highlighted-quote\">J\u2019ai eu la chance de pouvoir b\u00e9n\u00e9ficier\u00a0du programme Erasmus\u00a0et de pouvoir partir quelques\u00a0mois en Angleterre.<\/blockquote>\n                                                <div class=\"testimonial-full-quote\"><p>J\u2019ai eu la chance de pouvoir b\u00e9n\u00e9ficier\u00a0du programme Erasmus\u00a0et de pouvoir partir quelques\u00a0mois en Angleterre. C\u2019\u00e9tait pour\u00a0moi, une opportunit\u00e9 \u00e0 saisir.<br \/>\nJ\u2019avais envie de savoir si je pouvais m\u2019adapter \u00e0\u00a0un environnement inconnu avec des mentalit\u00e9s et\u00a0un pays diff\u00e9rent du mien. Mais aussi de savoir si\u00a0j\u2019\u00e9tais capable de communiquer et \u00e9tudier dans\u00a0une langue qui n\u2019\u00e9tait pas la mienne. Cela peut\u00a0en effrayer certains, mais je pense que c\u2019est une\u00a0exp\u00e9rience \u00e0 faire. Le fait de sortir de sa zone de\u00a0confort permet d\u2019apprendre beaucoup de choses\u00a0sur soi-m\u00eame, sur ses forces et ses faiblesses et\u00a0au final on en ressort grandit. L\u2019Erasmus permet,\u00a0donc, une ouverture d\u2019esprit sur le monde qui\u00a0nous entoure, mais aussi nous enrichit \u00e9motionnellement\u00a0comme professionnellement.<\/p>\n<\/div>\n                            <\/div>\n            <div class=\"testimonial-author\">\n                                <div class=\"testimonial-picture\">\n                    <img decoding=\"async\" src=\"https:\/\/web.umons.ac.be\/app\/uploads\/sites\/9\/2017\/06\/12FWEG-2016.pdf-Adobe-Acrobat-Pro-DC-23-80x80.jpg\" alt=\"\" \/>\n                <\/div>\n                                <div class=\"testimonial-text\">\n                    <div class=\"testimonial-identity\">\n                        <span class=\"testimonial-author-name\">Anne-Sophie Izzo<\/span>\n                                            <\/div>\n                    <div class=\"testimonial-meta\">\n                                                                        <span class=\"testimonial-group\">(Dipl\u00f4m\u00e9e du Master en Sciences de Gestion en 120 cr\u00e9dits (2017))<\/span>\n                                            <\/div>\n                <\/div>\n            <\/div>\n        <\/blockquote>\n    <\/div>\n<\/div>\n<end-cask-shortcode-wrapper>\n<p><iframe loading=\"lazy\" title=\"Cindy Coolens @ Universit\u00e9 du Qu\u00e9bec \u00e0 Trois Rivi\u00e8res\" width=\"500\" height=\"281\" src=\"https:\/\/www.youtube.com\/embed\/a_ThiQ4vIxk?feature=oembed\" frameborder=\"0\" allow=\"accelerometer; autoplay; clipboard-write; encrypted-media; gyroscope; picture-in-picture; web-share\" referrerpolicy=\"strict-origin-when-cross-origin\" allowfullscreen><\/iframe><\/p>\n<h4 style=\"text-align: left\">Contact<\/h4>\n<p><strong>Laetitia Pozniak, PhD.<br \/>\n<\/strong>International Exchange Coordinator<strong><br \/>\n<\/strong><\/p>\n<p><a href=\"mailto:exchange.business@umons.ac.be\">exchange.business@umons.ac.be<\/a><\/p>\n","protected":false},"excerpt":{"rendered":"<p>As part of its quality policy, the FWEG has defined targets with a respect to international awareness. The FWEG is committed to fostering student contacts with other countries, other cultures, other languages, other learning methods, and other traditions in the field of management. It is particularly committed to facilitating its students\u2019 stays in foreign universities. [&hellip;]<\/p>\n","protected":false},"author":2,"featured_media":0,"parent":1021,"menu_order":0,"comment_status":"closed","ping_status":"closed","template":"","meta":{"footnotes":""},"class_list":["post-1025","page","type-page","status-publish","hentry"],"yoast_head":"<!-- This site is optimized with the Yoast SEO plugin v27.2 - https:\/\/yoast.com\/product\/yoast-seo-wordpress\/ -->\n<title>Outgoing mobility (OUT) - Facult\u00e9 \/ FWEG<\/title>\n<meta name=\"robots\" content=\"index, follow, max-snippet:-1, max-image-preview:large, max-video-preview:-1\" \/>\n<link rel=\"canonical\" href=\"https:\/\/web.umons.ac.be\/fweg\/en\/mobilite-etudiante-international\/partir-mobilite-out\/\" \/>\n<meta property=\"og:locale\" content=\"fr_FR\" \/>\n<meta property=\"og:type\" content=\"article\" \/>\n<meta property=\"og:title\" content=\"Outgoing mobility (OUT) - Facult\u00e9 \/ FWEG\" \/>\n<meta property=\"og:description\" content=\"As part of its quality policy, the FWEG has defined targets with a respect to international awareness. The FWEG is committed to fostering student contacts with other countries, other cultures, other languages, other learning methods, and other traditions in the field of management. It is particularly committed to facilitating its students\u2019 stays in foreign universities. [&hellip;]\" \/>\n<meta property=\"og:url\" content=\"https:\/\/web.umons.ac.be\/fweg\/en\/mobilite-etudiante-international\/partir-mobilite-out\/\" \/>\n<meta property=\"og:site_name\" content=\"Facult\u00e9 \/ FWEG\" \/>\n<meta property=\"article:modified_time\" content=\"2018-01-18T15:18:00+00:00\" \/>\n<meta name=\"twitter:card\" content=\"summary_large_image\" \/>\n<meta name=\"twitter:label1\" content=\"Dur\u00e9e de lecture estim\u00e9e\" \/>\n\t<meta name=\"twitter:data1\" content=\"1 minute\" \/>\n<script type=\"application\/ld+json\" class=\"yoast-schema-graph\">{\"@context\":\"https:\/\/schema.org\",\"@graph\":[{\"@type\":\"WebPage\",\"@id\":\"https:\/\/web.umons.ac.be\/fweg\/en\/mobilite-etudiante-international\/partir-mobilite-out\/\",\"url\":\"https:\/\/web.umons.ac.be\/fweg\/en\/mobilite-etudiante-international\/partir-mobilite-out\/\",\"name\":\"Outgoing mobility (OUT) - Facult\u00e9 \/ FWEG\",\"isPartOf\":{\"@id\":\"https:\/\/web.umons.ac.be\/fweg\/#website\"},\"datePublished\":\"2018-01-17T16:40:33+00:00\",\"dateModified\":\"2018-01-18T15:18:00+00:00\",\"breadcrumb\":{\"@id\":\"https:\/\/web.umons.ac.be\/fweg\/en\/mobilite-etudiante-international\/partir-mobilite-out\/#breadcrumb\"},\"inLanguage\":\"fr-FR\",\"potentialAction\":[{\"@type\":\"ReadAction\",\"target\":[\"https:\/\/web.umons.ac.be\/fweg\/en\/mobilite-etudiante-international\/partir-mobilite-out\/\"]}]},{\"@type\":\"BreadcrumbList\",\"@id\":\"https:\/\/web.umons.ac.be\/fweg\/en\/mobilite-etudiante-international\/partir-mobilite-out\/#breadcrumb\",\"itemListElement\":[{\"@type\":\"ListItem\",\"position\":1,\"name\":\"Accueil\",\"item\":\"https:\/\/web.umons.ac.be\/fweg\/fr\/\"},{\"@type\":\"ListItem\",\"position\":2,\"name\":\"International Student Mobility\",\"item\":\"https:\/\/web.umons.ac.be\/fweg\/en\/mobilite-etudiante-international\/\"},{\"@type\":\"ListItem\",\"position\":3,\"name\":\"Outgoing mobility (OUT)\"}]},{\"@type\":\"WebSite\",\"@id\":\"https:\/\/web.umons.ac.be\/fweg\/#website\",\"url\":\"https:\/\/web.umons.ac.be\/fweg\/\",\"name\":\"Facult\u00e9 \/ FWEG\",\"description\":\"\",\"potentialAction\":[{\"@type\":\"SearchAction\",\"target\":{\"@type\":\"EntryPoint\",\"urlTemplate\":\"https:\/\/web.umons.ac.be\/fweg\/?s={search_term_string}\"},\"query-input\":{\"@type\":\"PropertyValueSpecification\",\"valueRequired\":true,\"valueName\":\"search_term_string\"}}],\"inLanguage\":\"fr-FR\"}]}<\/script>\n<!-- \/ Yoast SEO plugin. -->","yoast_head_json":{"title":"Outgoing mobility (OUT) - Facult\u00e9 \/ FWEG","robots":{"index":"index","follow":"follow","max-snippet":"max-snippet:-1","max-image-preview":"max-image-preview:large","max-video-preview":"max-video-preview:-1"},"canonical":"https:\/\/web.umons.ac.be\/fweg\/en\/mobilite-etudiante-international\/partir-mobilite-out\/","og_locale":"fr_FR","og_type":"article","og_title":"Outgoing mobility (OUT) - Facult\u00e9 \/ FWEG","og_description":"As part of its quality policy, the FWEG has defined targets with a respect to international awareness. The FWEG is committed to fostering student contacts with other countries, other cultures, other languages, other learning methods, and other traditions in the field of management. It is particularly committed to facilitating its students\u2019 stays in foreign universities. [&hellip;]","og_url":"https:\/\/web.umons.ac.be\/fweg\/en\/mobilite-etudiante-international\/partir-mobilite-out\/","og_site_name":"Facult\u00e9 \/ FWEG","article_modified_time":"2018-01-18T15:18:00+00:00","twitter_card":"summary_large_image","twitter_misc":{"Dur\u00e9e de lecture estim\u00e9e":"1 minute"},"schema":{"@context":"https:\/\/schema.org","@graph":[{"@type":"WebPage","@id":"https:\/\/web.umons.ac.be\/fweg\/en\/mobilite-etudiante-international\/partir-mobilite-out\/","url":"https:\/\/web.umons.ac.be\/fweg\/en\/mobilite-etudiante-international\/partir-mobilite-out\/","name":"Outgoing mobility (OUT) - Facult\u00e9 \/ FWEG","isPartOf":{"@id":"https:\/\/web.umons.ac.be\/fweg\/#website"},"datePublished":"2018-01-17T16:40:33+00:00","dateModified":"2018-01-18T15:18:00+00:00","breadcrumb":{"@id":"https:\/\/web.umons.ac.be\/fweg\/en\/mobilite-etudiante-international\/partir-mobilite-out\/#breadcrumb"},"inLanguage":"fr-FR","potentialAction":[{"@type":"ReadAction","target":["https:\/\/web.umons.ac.be\/fweg\/en\/mobilite-etudiante-international\/partir-mobilite-out\/"]}]},{"@type":"BreadcrumbList","@id":"https:\/\/web.umons.ac.be\/fweg\/en\/mobilite-etudiante-international\/partir-mobilite-out\/#breadcrumb","itemListElement":[{"@type":"ListItem","position":1,"name":"Accueil","item":"https:\/\/web.umons.ac.be\/fweg\/fr\/"},{"@type":"ListItem","position":2,"name":"International Student Mobility","item":"https:\/\/web.umons.ac.be\/fweg\/en\/mobilite-etudiante-international\/"},{"@type":"ListItem","position":3,"name":"Outgoing mobility (OUT)"}]},{"@type":"WebSite","@id":"https:\/\/web.umons.ac.be\/fweg\/#website","url":"https:\/\/web.umons.ac.be\/fweg\/","name":"Facult\u00e9 \/ FWEG","description":"","potentialAction":[{"@type":"SearchAction","target":{"@type":"EntryPoint","urlTemplate":"https:\/\/web.umons.ac.be\/fweg\/?s={search_term_string}"},"query-input":{"@type":"PropertyValueSpecification","valueRequired":true,"valueName":"search_term_string"}}],"inLanguage":"fr-FR"}]}},"lang":"en","translations":{"en":1025,"fr":438},"pll_sync_post":[],"_links":{"self":[{"href":"https:\/\/web.umons.ac.be\/fweg\/wp-json\/wp\/v2\/pages\/1025","targetHints":{"allow":["GET"]}}],"collection":[{"href":"https:\/\/web.umons.ac.be\/fweg\/wp-json\/wp\/v2\/pages"}],"about":[{"href":"https:\/\/web.umons.ac.be\/fweg\/wp-json\/wp\/v2\/types\/page"}],"author":[{"embeddable":true,"href":"https:\/\/web.umons.ac.be\/fweg\/wp-json\/wp\/v2\/users\/2"}],"replies":[{"embeddable":true,"href":"https:\/\/web.umons.ac.be\/fweg\/wp-json\/wp\/v2\/comments?post=1025"}],"version-history":[{"count":5,"href":"https:\/\/web.umons.ac.be\/fweg\/wp-json\/wp\/v2\/pages\/1025\/revisions"}],"predecessor-version":[{"id":1096,"href":"https:\/\/web.umons.ac.be\/fweg\/wp-json\/wp\/v2\/pages\/1025\/revisions\/1096"}],"up":[{"embeddable":true,"href":"https:\/\/web.umons.ac.be\/fweg\/wp-json\/wp\/v2\/pages\/1021"}],"wp:attachment":[{"href":"https:\/\/web.umons.ac.be\/fweg\/wp-json\/wp\/v2\/media?parent=1025"}],"curies":[{"name":"wp","href":"https:\/\/api.w.org\/{rel}","templated":true}]}}